{"id":1667,"date":"2025-06-03T11:45:00","date_gmt":"2025-06-03T09:45:00","guid":{"rendered":"https:\/\/agora.xtec.cat\/ifeb\/?page_id=1667"},"modified":"2025-06-03T11:45:01","modified_gmt":"2025-06-03T09:45:01","slug":"publicacio-de-la-llista-provisional-de-sollicituds-formacio-professional-de-grau-basic-2025-2026","status":"publish","type":"page","link":"https:\/\/agora.xtec.cat\/ifeb\/llistats-provisionals-dacces\/publicacio-de-la-llista-provisional-de-sollicituds-formacio-professional-de-grau-basic-2025-2026\/","title":{"rendered":"Publicaci\u00f3 de la Llista Provisional de Sol\u00b7licituds \u2013 Formaci\u00f3 Professional de Grau B\u00e0sic 2025-2026"},"content":{"rendered":"\n<p>L\u2019Institut de Formaci\u00f3 Empresarial de Barcelona informa que ja est\u00e0 publicada la\u00a0<strong>llista provisional de sol\u00b7licituds admeses<\/strong>\u00a0per al curs 2025-2026 de la Formaci\u00f3 Professional de Grau B\u00e0sic. <\/p>\n\n\n\n<p>Aquesta llista provisional inclou les sol\u00b7licituds presentades amb el nostre centre com a primera opci\u00f3, aix\u00ed com la&nbsp;<strong>puntuaci\u00f3 obtinguda segons els criteris establert<\/strong>. En el seg\u00fcent document es poden consultar el llistat d\u2019admesos:<\/p>\n\n\n\n<div data-wp-interactive=\"core\/file\" class=\"wp-block-file\"><object data-wp-bind--hidden=\"!state.hasPdfPreview\" hidden class=\"wp-block-file__embed\" data=\"https:\/\/agora.xtec.cat\/ifeb\/wp-content\/uploads\/usu3035\/2025\/06\/0_CFGB_25-26_Expedients_calcul_puntuacio_1.pdf\" type=\"application\/pdf\" style=\"width:100%;height:600px\" aria-label=\"Incrustaci\u00f3 del fitxer 0_CFGB_25-26_Expedients_calcul_puntuacio_1.\"><\/object><a id=\"wp-block-file--media-e272396f-cedf-4497-86b6-b720c89f3eb9\" href=\"https:\/\/agora.xtec.cat\/ifeb\/wp-content\/uploads\/usu3035\/2025\/06\/0_CFGB_25-26_Expedients_calcul_puntuacio_1.pdf\">0_CFGB_25-26_Expedients_calcul_puntuacio_1<\/a><a href=\"https:\/\/agora.xtec.cat\/ifeb\/wp-content\/uploads\/usu3035\/2025\/06\/0_CFGB_25-26_Expedients_calcul_puntuacio_1.pdf\" class=\"wp-block-file__button wp-element-button\" download aria-describedby=\"wp-block-file--media-e272396f-cedf-4497-86b6-b720c89f3eb9\">Baixa<\/a><\/div>\n\n\n\n<p>Per m\u00e9s informaci\u00f3 podeu consultar la web del consorci: <\/p>\n\n\n\n<p><a href=\"https:\/\/www.edubcn.cat\/ca\/alumnat_i_familia\/informacio_general_matriculacio\/postobligatoris\/formacio_professional_de_grau_basic\">https:\/\/www.edubcn.cat\/ca\/alumnat_i_familia\/informacio_general_matriculacio\/postobligatoris\/formacio_professional_de_grau_basic<\/a><\/p>\n","protected":false},"excerpt":{"rendered":"<p>L\u2019Institut de Formaci\u00f3 Empresarial de Barcelona informa que ja est\u00e0 publicada la\u00a0llista provisional de sol\u00b7licituds admeses\u00a0per al curs 2025-2026 de la Formaci\u00f3 Professional de Grau B\u00e0sic. Aquesta llista provisional inclou les sol\u00b7licituds presentades amb el nostre centre com a primera opci\u00f3, aix\u00ed com la&nbsp;puntuaci\u00f3 obtinguda segons els criteris establert. En el seg\u00fcent document es poden [&hellip;]<\/p>\n","protected":false},"author":5,"featured_media":0,"parent":1654,"menu_order":0,"comment_status":"closed","ping_status":"close","template":"","meta":{"site-sidebar-layout":"default","site-content-layout":"","ast-site-content-layout":"","site-content-style":"default","site-sidebar-style":"default","ast-global-header-display":"","ast-banner-title-visibility":"","ast-main-header-display":"","ast-hfb-above-header-display":"","ast-hfb-below-header-display":"","ast-hfb-mobile-header-display":"","site-post-title":"","ast-breadcrumbs-content":"","ast-featured-img":"","footer-sml-layout":"","theme-transparent-header-meta":"","adv-header-id-meta":"","stick-header-meta":"","header-above-stick-meta":"","header-main-stick-meta":"","header-below-stick-meta":"","astra-migrate-meta-layouts":"default","ast-page-background-enabled":"default","ast-page-background-meta":{"desktop":{"background-color":"var(--ast-global-color-4)","background-image":"","background-repeat":"repeat","background-position":"center center","background-size":"auto","background-attachment":"scroll","background-type":"","background-media":"","overlay-type":"","overlay-color":"","overlay-opacity":"","overlay-gradient":""},"tablet":{"background-color":"","background-image":"","background-repeat":"repeat","background-position":"center center","background-size":"auto","background-attachment":"scroll","background-type":"","background-media":"","overlay-type":"","overlay-color":"","overlay-opacity":"","overlay-gradient":""},"mobile":{"background-color":"","background-image":"","background-repeat":"repeat","background-position":"center center","background-size":"auto","background-attachment":"scroll","background-type":"","background-media":"","overlay-type":"","overlay-color":"","overlay-opacity":"","overlay-gradient":""}},"ast-content-background-meta":{"desktop":{"background-color":"var(--ast-global-color-5)","background-image":"","background-repeat":"repeat","background-position":"center center","background-size":"auto","background-attachment":"scroll","background-type":"","background-media":"","overlay-type":"","overlay-color":"","overlay-opacity":"","overlay-gradient":""},"tablet":{"background-color":"var(--ast-global-color-5)","background-image":"","background-repeat":"repeat","background-position":"center center","background-size":"auto","background-attachment":"scroll","background-type":"","background-media":"","overlay-type":"","overlay-color":"","overlay-opacity":"","overlay-gradient":""},"mobile":{"background-color":"var(--ast-global-color-5)","background-image":"","background-repeat":"repeat","background-position":"center center","background-size":"auto","background-attachment":"scroll","background-type":"","background-media":"","overlay-type":"","overlay-color":"","overlay-opacity":"","overlay-gradient":""}},"footnotes":""},"class_list":["post-1667","page","type-page","status-publish","hentry"],"post_mailing_queue_ids":[],"_links":{"self":[{"href":"https:\/\/agora.xtec.cat\/ifeb\/wp-json\/wp\/v2\/pages\/1667","targetHints":{"allow":["GET"]}}],"collection":[{"href":"https:\/\/agora.xtec.cat\/ifeb\/wp-json\/wp\/v2\/pages"}],"about":[{"href":"https:\/\/agora.xtec.cat\/ifeb\/wp-json\/wp\/v2\/types\/page"}],"author":[{"embeddable":true,"href":"https:\/\/agora.xtec.cat\/ifeb\/wp-json\/wp\/v2\/users\/5"}],"replies":[{"embeddable":true,"href":"https:\/\/agora.xtec.cat\/ifeb\/wp-json\/wp\/v2\/comments?post=1667"}],"version-history":[{"count":1,"href":"https:\/\/agora.xtec.cat\/ifeb\/wp-json\/wp\/v2\/pages\/1667\/revisions"}],"predecessor-version":[{"id":1671,"href":"https:\/\/agora.xtec.cat\/ifeb\/wp-json\/wp\/v2\/pages\/1667\/revisions\/1671"}],"up":[{"embeddable":true,"href":"https:\/\/agora.xtec.cat\/ifeb\/wp-json\/wp\/v2\/pages\/1654"}],"wp:attachment":[{"href":"https:\/\/agora.xtec.cat\/ifeb\/wp-json\/wp\/v2\/media?parent=1667"}],"curies":[{"name":"wp","href":"https:\/\/api.w.org\/{rel}","templated":true}]}}