{"id":1218,"date":"2025-01-31T13:19:33","date_gmt":"2025-01-31T12:19:33","guid":{"rendered":"https:\/\/agora.xtec.cat\/ifeb\/?page_id=1218"},"modified":"2025-03-21T09:26:04","modified_gmt":"2025-03-21T08:26:04","slug":"certificats-de-professionalitat","status":"publish","type":"page","link":"https:\/\/agora.xtec.cat\/ifeb\/estudis-a-lifeb\/certificats-de-professionalitat\/","title":{"rendered":"Certificats de Professionalitat"},"content":{"rendered":"\n<p>Els <strong><mark style=\"background-color:rgba(0, 0, 0, 0);color:#d3045e\" class=\"has-inline-color\">certificats professionals<\/mark><\/strong> s\u00f3n acreditacions oficials que validen les teves compet\u00e8ncies i et preparen per afrontar els reptes del mercat laboral. Amb ells, podr\u00e0s demostrar els teus coneixements, habilitats i aptituds en una \u00e0rea espec\u00edfica, augmentant les teves oportunitats d&#8217;ocupaci\u00f3 i creixement professional.<\/p>\n\n\n\n<p><strong><mark style=\"background-color:rgba(0, 0, 0, 0);color:#d3045e\" class=\"has-inline-color\">HORARI<\/mark><\/strong><\/p>\n\n\n\n<p>Horari de tarda<\/p>\n\n\n\n<p><strong>Qu\u00e8 t\u2019ofereix un Certificat Professional?<\/strong><\/p>\n\n\n\n<ul class=\"wp-block-list\">\n<li><strong>Formaci\u00f3 reconeguda<\/strong>: Cada certificat acredita una qualificaci\u00f3 professional del <em><a href=\"https:\/\/incual.educacion.gob.es\/bdc\" data-type=\"link\" data-id=\"https:\/\/incual.educacion.gob.es\/bdc\">Cat\u00e0leg Nacional de Qualificacions Professionals<\/a><\/em>.<\/li>\n\n\n\n<li><strong>Aprenentatge pr\u00e0ctic<\/strong>: Inclou un m\u00f2dul de pr\u00e0ctiques en empreses per garantir una experi\u00e8ncia real en el sector.<\/li>\n\n\n\n<li><strong>Formaci\u00f3 adaptada<\/strong>: Tant si vols iniciar-te en un nou \u00e0mbit com si vols especialitzar-te, hi ha un certificat per a tu.<\/li>\n\n\n\n<li><strong>Millors oportunitats laborals<\/strong>: Tant si est\u00e0s en situaci\u00f3 d\u2019atur com si vols cr\u00e9ixer professionalment, aquest \u00e9s el cam\u00ed per destacar.<\/li>\n<\/ul>\n\n\n\n<p><strong>Per qu\u00e8 escollir l\u2019IFEB?<\/strong><\/p>\n\n\n\n<p>A l&#8217;<strong>Institut de Formaci\u00f3 Empresarial de Barcelona (IFEB)<\/strong> som molt m\u00e9s que un centre de formaci\u00f3 acreditat pel <em>Servei P\u00fablic d&#8217;Ocupaci\u00f3 de Catalunya (SOC)<\/em>. La nostra especialitzaci\u00f3 en <strong>formaci\u00f3 empresarial<\/strong> ens permet oferir un enfocament pr\u00e0ctic i alineat amb les necessitats reals del mercat.<\/p>\n\n\n\n<ul class=\"wp-block-list\">\n<li><strong>Experi\u00e8ncia en el sector empresarial<\/strong>: Comptem amb docents i professionals amb una \u00e0mplia traject\u00f2ria en el m\u00f3n de l\u2019empresa.<\/li>\n\n\n\n<li><strong>Formaci\u00f3 aplicada a la realitat laboral<\/strong>: Els nostres programes s\u2019adapten a les demandes del teixit empresarial per garantir una millor ocupabilitat.<\/li>\n<\/ul>\n\n\n\n<p><strong><mark style=\"background-color:rgba(0, 0, 0, 0);color:#d3045e\" class=\"has-inline-color\">OFERTA FORMATIVA<\/mark><\/strong><\/p>\n\n\n\n<p>A l\u2019IFEB, posem a la teva disposici\u00f3 una oferta formativa de qualitat. Actualment, oferim el seg\u00fcent certificat:<\/p>\n\n\n\n<ul class=\"wp-block-list\">\n<li><strong><a href=\"https:\/\/www.sepe.es\/SiteSepe\/contenidos\/personas\/formacion\/certificados_de_profesionalidad\/pdf\/fichasCertificados\/ADGD0108_ficha.pdf\" data-type=\"link\" data-id=\"https:\/\/www.sepe.es\/SiteSepe\/contenidos\/personas\/formacion\/certificados_de_profesionalidad\/pdf\/fichasCertificados\/ADGD0108_ficha.pdf\">ADGD108<\/a> &#8211; Gesti\u00f3 comptable i gesti\u00f3 administrativa per a auditories<\/strong> (Administraci\u00f3 i gesti\u00f3) \u2013 <em>Nivell 3<\/em>.<\/li>\n<\/ul>\n\n\n\n<p>Si vols inscriure\u2019t, fes-ho a trav\u00e9s del seg\u00fcent enlla\u00e7:<\/p>\n\n\n\n<p class=\"has-medium-font-size\"><mark style=\"background-color:rgba(0, 0, 0, 0)\" class=\"has-inline-color has-pale-pink-color\">\ud83d\udd17 <a href=\"https:\/\/treball.barcelonactiva.cat\/porta22\/cat\/assetsocupacio\/interessos\/pagina53677\/format-i-fesho-oficial.do\">Inscripci\u00f3<\/a><\/mark><\/p>\n\n\n\n<p><\/p>\n\n\n\n<p><\/p>\n\n\n\n<p><\/p>\n\n\n\n<p><\/p>\n\n\n\n<p><\/p>\n\n\n\n<p><\/p>\n\n\n\n<p><\/p>\n","protected":false},"excerpt":{"rendered":"<p>Els certificats professionals s\u00f3n acreditacions oficials que validen les teves compet\u00e8ncies i et preparen per afrontar els reptes del mercat laboral. Amb ells, podr\u00e0s demostrar els teus coneixements, habilitats i aptituds en una \u00e0rea espec\u00edfica, augmentant les teves oportunitats d&#8217;ocupaci\u00f3 i creixement professional. HORARI Horari de tarda Qu\u00e8 t\u2019ofereix un Certificat Professional? Per qu\u00e8 escollir [&hellip;]<\/p>\n","protected":false},"author":5,"featured_media":0,"parent":973,"menu_order":60,"comment_status":"closed","ping_status":"close","template":"","meta":{"site-sidebar-layout":"default","site-content-layout":"","ast-site-content-layout":"","site-content-style":"default","site-sidebar-style":"default","ast-global-header-display":"","ast-banner-title-visibility":"","ast-main-header-display":"","ast-hfb-above-header-display":"","ast-hfb-below-header-display":"","ast-hfb-mobile-header-display":"","site-post-title":"","ast-breadcrumbs-content":"","ast-featured-img":"","footer-sml-layout":"","theme-transparent-header-meta":"","adv-header-id-meta":"","stick-header-meta":"","header-above-stick-meta":"","header-main-stick-meta":"","header-below-stick-meta":"","astra-migrate-meta-layouts":"default","ast-page-background-enabled":"default","ast-page-background-meta":{"desktop":{"background-color":"var(--ast-global-color-4)","background-image":"","background-repeat":"repeat","background-position":"center center","background-size":"auto","background-attachment":"scroll","background-type":"","background-media":"","overlay-type":"","overlay-color":"","overlay-opacity":"","overlay-gradient":""},"tablet":{"background-color":"","background-image":"","background-repeat":"repeat","background-position":"center center","background-size":"auto","background-attachment":"scroll","background-type":"","background-media":"","overlay-type":"","overlay-color":"","overlay-opacity":"","overlay-gradient":""},"mobile":{"background-color":"","background-image":"","background-repeat":"repeat","background-position":"center center","background-size":"auto","background-attachment":"scroll","background-type":"","background-media":"","overlay-type":"","overlay-color":"","overlay-opacity":"","overlay-gradient":""}},"ast-content-background-meta":{"desktop":{"background-color":"var(--ast-global-color-5)","background-image":"","background-repeat":"repeat","background-position":"center center","background-size":"auto","background-attachment":"scroll","background-type":"","background-media":"","overlay-type":"","overlay-color":"","overlay-opacity":"","overlay-gradient":""},"tablet":{"background-color":"var(--ast-global-color-5)","background-image":"","background-repeat":"repeat","background-position":"center center","background-size":"auto","background-attachment":"scroll","background-type":"","background-media":"","overlay-type":"","overlay-color":"","overlay-opacity":"","overlay-gradient":""},"mobile":{"background-color":"var(--ast-global-color-5)","background-image":"","background-repeat":"repeat","background-position":"center center","background-size":"auto","background-attachment":"scroll","background-type":"","background-media":"","overlay-type":"","overlay-color":"","overlay-opacity":"","overlay-gradient":""}},"footnotes":""},"class_list":["post-1218","page","type-page","status-publish","hentry"],"post_mailing_queue_ids":[],"_links":{"self":[{"href":"https:\/\/agora.xtec.cat\/ifeb\/wp-json\/wp\/v2\/pages\/1218","targetHints":{"allow":["GET"]}}],"collection":[{"href":"https:\/\/agora.xtec.cat\/ifeb\/wp-json\/wp\/v2\/pages"}],"about":[{"href":"https:\/\/agora.xtec.cat\/ifeb\/wp-json\/wp\/v2\/types\/page"}],"author":[{"embeddable":true,"href":"https:\/\/agora.xtec.cat\/ifeb\/wp-json\/wp\/v2\/users\/5"}],"replies":[{"embeddable":true,"href":"https:\/\/agora.xtec.cat\/ifeb\/wp-json\/wp\/v2\/comments?post=1218"}],"version-history":[{"count":6,"href":"https:\/\/agora.xtec.cat\/ifeb\/wp-json\/wp\/v2\/pages\/1218\/revisions"}],"predecessor-version":[{"id":1440,"href":"https:\/\/agora.xtec.cat\/ifeb\/wp-json\/wp\/v2\/pages\/1218\/revisions\/1440"}],"up":[{"embeddable":true,"href":"https:\/\/agora.xtec.cat\/ifeb\/wp-json\/wp\/v2\/pages\/973"}],"wp:attachment":[{"href":"https:\/\/agora.xtec.cat\/ifeb\/wp-json\/wp\/v2\/media?parent=1218"}],"curies":[{"name":"wp","href":"https:\/\/api.w.org\/{rel}","templated":true}]}}

<p>Els <strong><mark style="background-color:rgba(0, 0, 0, 0);color:#d3045e" class="has-inline-color">certificats professionals</mark></strong> són acreditacions oficials que validen les teves competències i et preparen per afrontar els reptes del mercat laboral. Amb ells, podràs demostrar els teus coneixements, habilitats i aptituds en una àrea específica, augmentant les teves oportunitats d&#8217;ocupació i creixement professional.</p>



<p><strong><mark style="background-color:rgba(0, 0, 0, 0);color:#d3045e" class="has-inline-color">HORARI</mark></strong></p>



<p>Horari de tarda</p>



<p><strong>Què t’ofereix un Certificat Professional?</strong></p>



<ul class="wp-block-list">
<li><strong>Formació reconeguda</strong>: Cada certificat acredita una qualificació professional del <em><a href="https://incual.educacion.gob.es/bdc" data-type="link" data-id="https://incual.educacion.gob.es/bdc">Catàleg Nacional de Qualificacions Professionals</a></em>.</li>



<li><strong>Aprenentatge pràctic</strong>: Inclou un mòdul de pràctiques en empreses per garantir una experiència real en el sector.</li>



<li><strong>Formació adaptada</strong>: Tant si vols iniciar-te en un nou àmbit com si vols especialitzar-te, hi ha un certificat per a tu.</li>



<li><strong>Millors oportunitats laborals</strong>: Tant si estàs en situació d’atur com si vols créixer professionalment, aquest és el camí per destacar.</li>
</ul>



<p><strong>Per què escollir l’IFEB?</strong></p>



<p>A l&#8217;<strong>Institut de Formació Empresarial de Barcelona (IFEB)</strong> som molt més que un centre de formació acreditat pel <em>Servei Públic d&#8217;Ocupació de Catalunya (SOC)</em>. La nostra especialització en <strong>formació empresarial</strong> ens permet oferir un enfocament pràctic i alineat amb les necessitats reals del mercat.</p>



<ul class="wp-block-list">
<li><strong>Experiència en el sector empresarial</strong>: Comptem amb docents i professionals amb una àmplia trajectòria en el món de l’empresa.</li>



<li><strong>Formació aplicada a la realitat laboral</strong>: Els nostres programes s’adapten a les demandes del teixit empresarial per garantir una millor ocupabilitat.</li>
</ul>



<p><strong><mark style="background-color:rgba(0, 0, 0, 0);color:#d3045e" class="has-inline-color">OFERTA FORMATIVA</mark></strong></p>



<p>A l’IFEB, posem a la teva disposició una oferta formativa de qualitat. Actualment, oferim el següent certificat:</p>



<ul class="wp-block-list">
<li><strong><a href="https://www.sepe.es/SiteSepe/contenidos/personas/formacion/certificados_de_profesionalidad/pdf/fichasCertificados/ADGD0108_ficha.pdf" data-type="link" data-id="https://www.sepe.es/SiteSepe/contenidos/personas/formacion/certificados_de_profesionalidad/pdf/fichasCertificados/ADGD0108_ficha.pdf">ADGD108</a> &#8211; Gestió comptable i gestió administrativa per a auditories</strong> (Administració i gestió) – <em>Nivell 3</em>.</li>
</ul>



<p>Si vols inscriure’t, fes-ho a través del següent enllaç:</p>



<p class="has-medium-font-size"><mark style="background-color:rgba(0, 0, 0, 0)" class="has-inline-color has-pale-pink-color">🔗 <a href="https://treball.barcelonactiva.cat/porta22/cat/assetsocupacio/interessos/pagina53677/format-i-fesho-oficial.do">Inscripció</a></mark></p>



<p></p>



<p></p>



<p></p>



<p></p>



<p></p>



<p></p>



<p></p>

<p>Els certificats professionals són acreditacions oficials que validen les teves competències i et preparen per afrontar els reptes del mercat laboral. Amb ells, podràs demostrar els teus coneixements, habilitats i aptituds en una àrea específica, augmentant les teves oportunitats d&#8217;ocupació i creixement professional. HORARI Horari de tarda Què t’ofereix un Certificat Professional? Per què escollir [&hellip;]</p>
