{"id":715,"date":"2026-01-23T12:28:40","date_gmt":"2026-01-23T11:28:40","guid":{"rendered":"https:\/\/agora.xtec.cat\/iexirinacs\/?page_id=715"},"modified":"2026-03-14T18:03:42","modified_gmt":"2026-03-14T17:03:42","slug":"jornada-de-portes-obertes","status":"publish","type":"page","link":"https:\/\/agora.xtec.cat\/iexirinacs\/jornada-de-portes-obertes\/","title":{"rendered":"Jornada de Portes Obertes"},"content":{"rendered":"\n<h4 class=\"wp-block-heading\" id=\"block-75a080e5-80ff-47c2-8057-5f0a72216f07\">Esteu buscant escola per al vostre fill o filla per al curs 2026-2027?<\/h4>\n\n\n\n<p id=\"block-01a16c5e-43fe-47f4-8734-89b205ef5d06\">Us esperem el proper&nbsp;<strong>dilluns 23 de febrer de 2026<\/strong> a les 16h o a les 17:15h<\/p>\n\n\n\n<p id=\"block-4397e18a-eb87-48ee-b406-8e8457d950eb\">La jornada inclou una&nbsp;<strong>presentaci\u00f3<\/strong>&nbsp;del projecte educatiu per part de l\u2019Equip Directiu i una&nbsp;<strong>visita<\/strong>&nbsp;als espais de l\u2019escola on podreu con\u00e8ixer mestres i fam\u00edlies.<\/p>\n\n\n\n<p>Durant aquesta presentaci\u00f3, es reservar\u00e0 un petit espai al final per parlar de com despleguem l&#8217;etapa de <strong>secund\u00e0ria<\/strong>, que comencem al curs 26-27.<\/p>\n\n\n\n<p id=\"block-06b0a1e0-347c-4f42-a382-20e4af4b6d5d\"><strong>Cal reservar pla\u00e7a<\/strong>&nbsp;a un dels torns (16 h o 17.15h), omplint <strong>un formulari&nbsp;per persona<\/strong>.<\/p>\n\n\n\n<p id=\"block-23dc8f63-a64d-4372-9b11-37728c9b4e52\"><a href=\"https:\/\/docs.google.com\/forms\/d\/e\/1FAIpQLSfctXRa3P0ix3XC4TbtVYFXUkJBM5uUFNAMYQ1ez9B80D_3zg\/viewform?usp=publish-editor\">INSCRIPCI\u00d3<\/a><\/p>\n\n\n\n<p id=\"block-210821b4-2b14-4a05-ac86-c3da14334d6c\">La&nbsp;<strong>jornada est\u00e0 pensada per adults<\/strong>&nbsp;\u00e9s per aix\u00f2 que us demanem que vingueu sense infants.<\/p>\n\n\n\n<p id=\"block-8245c5a3-ccee-43f8-b72a-3be2343a8875\">Si necessiteu informaci\u00f3 addicional podeu trucar al tel\u00e8fon de l\u2019escola 93 7062007 o enviar un mail a iexirinacs@xtec.cat<\/p>\n\n\n\n<p id=\"block-960a483c-8aff-4301-8915-a7955987725b\">Moltes gr\u00e0cies pel vostre inter\u00e8s i col\u00b7laboraci\u00f3!<\/p>\n\n\n\n<p id=\"block-a2ce1645-236e-42f2-b607-4c0033dff966\">Us hi esperem!<\/p>\n\n\n\n<p>Aix\u00ed mateix us convidem a con\u00e8ixer les altres escoles p\u00fabliques del districte.<\/p>\n\n\n\n<figure class=\"wp-block-image size-large\"><a href=\"https:\/\/agora.xtec.cat\/iexirinacs\/wp-content\/uploads\/usu2472\/2026\/01\/Cartell-PPOO-Eixample-2026-V.-def-1.jpg\"><img loading=\"lazy\" decoding=\"async\" width=\"1024\" height=\"709\" src=\"https:\/\/agora.xtec.cat\/iexirinacs\/wp-content\/uploads\/usu2472\/2026\/01\/Cartell-PPOO-Eixample-2026-V.-def-1-1024x709.jpg\" alt=\"\" class=\"wp-image-716\" srcset=\"https:\/\/agora.xtec.cat\/iexirinacs\/wp-content\/uploads\/usu2472\/2026\/01\/Cartell-PPOO-Eixample-2026-V.-def-1-1024x709.jpg 1024w, https:\/\/agora.xtec.cat\/iexirinacs\/wp-content\/uploads\/usu2472\/2026\/01\/Cartell-PPOO-Eixample-2026-V.-def-1-300x208.jpg 300w, https:\/\/agora.xtec.cat\/iexirinacs\/wp-content\/uploads\/usu2472\/2026\/01\/Cartell-PPOO-Eixample-2026-V.-def-1-768x532.jpg 768w, https:\/\/agora.xtec.cat\/iexirinacs\/wp-content\/uploads\/usu2472\/2026\/01\/Cartell-PPOO-Eixample-2026-V.-def-1.jpg 1040w\" sizes=\"auto, (max-width: 1024px) 100vw, 1024px\" \/><\/a><\/figure>\n\n\n\n<p><\/p>\n","protected":false},"excerpt":{"rendered":"<p>Esteu buscant escola per al vostre fill o filla per al curs 2026-2027? Us esperem el proper&nbsp;dilluns 23 de febrer de 2026 a les 16h o a les 17:15h La jornada inclou una&nbsp;presentaci\u00f3&nbsp;del projecte educatiu per part de l\u2019Equip Directiu i una&nbsp;visita&nbsp;als espais de l\u2019escola on podreu con\u00e8ixer mestres i fam\u00edlies. Durant aquesta presentaci\u00f3, es [&hellip;]<\/p>\n","protected":false},"author":1,"featured_media":0,"parent":0,"menu_order":0,"comment_status":"closed","ping_status":"close","template":"","meta":{"site-sidebar-layout":"default","site-content-layout":"","ast-site-content-layout":"default","site-content-style":"default","site-sidebar-style":"default","ast-global-header-display":"","ast-banner-title-visibility":"","ast-main-header-display":"","ast-hfb-above-header-display":"","ast-hfb-below-header-display":"","ast-hfb-mobile-header-display":"","site-post-title":"","ast-breadcrumbs-content":"","ast-featured-img":"","footer-sml-layout":"","theme-transparent-header-meta":"","adv-header-id-meta":"","stick-header-meta":"","header-above-stick-meta":"","header-main-stick-meta":"","header-below-stick-meta":"","astra-migrate-meta-layouts":"set","ast-page-background-enabled":"default","ast-page-background-meta":{"desktop":{"background-color":"var(--ast-global-color-4)","background-image":"","background-repeat":"repeat","background-position":"center center","background-size":"auto","background-attachment":"scroll","background-type":"","background-media":"","overlay-type":"","overlay-color":"","overlay-opacity":"","overlay-gradient":""},"tablet":{"background-color":"","background-image":"","background-repeat":"repeat","background-position":"center center","background-size":"auto","background-attachment":"scroll","background-type":"","background-media":"","overlay-type":"","overlay-color":"","overlay-opacity":"","overlay-gradient":""},"mobile":{"background-color":"","background-image":"","background-repeat":"repeat","background-position":"center center","background-size":"auto","background-attachment":"scroll","background-type":"","background-media":"","overlay-type":"","overlay-color":"","overlay-opacity":"","overlay-gradient":""}},"ast-content-background-meta":{"desktop":{"background-color":"var(--ast-global-color-5)","background-image":"","background-repeat":"repeat","background-position":"center center","background-size":"auto","background-attachment":"scroll","background-type":"","background-media":"","overlay-type":"","overlay-color":"","overlay-opacity":"","overlay-gradient":""},"tablet":{"background-color":"var(--ast-global-color-5)","background-image":"","background-repeat":"repeat","background-position":"center center","background-size":"auto","background-attachment":"scroll","background-type":"","background-media":"","overlay-type":"","overlay-color":"","overlay-opacity":"","overlay-gradient":""},"mobile":{"background-color":"var(--ast-global-color-5)","background-image":"","background-repeat":"repeat","background-position":"center center","background-size":"auto","background-attachment":"scroll","background-type":"","background-media":"","overlay-type":"","overlay-color":"","overlay-opacity":"","overlay-gradient":""}},"footnotes":""},"class_list":["post-715","page","type-page","status-publish","hentry"],"post_mailing_queue_ids":[],"_links":{"self":[{"href":"https:\/\/agora.xtec.cat\/iexirinacs\/wp-json\/wp\/v2\/pages\/715","targetHints":{"allow":["GET"]}}],"collection":[{"href":"https:\/\/agora.xtec.cat\/iexirinacs\/wp-json\/wp\/v2\/pages"}],"about":[{"href":"https:\/\/agora.xtec.cat\/iexirinacs\/wp-json\/wp\/v2\/types\/page"}],"author":[{"embeddable":true,"href":"https:\/\/agora.xtec.cat\/iexirinacs\/wp-json\/wp\/v2\/users\/1"}],"replies":[{"embeddable":true,"href":"https:\/\/agora.xtec.cat\/iexirinacs\/wp-json\/wp\/v2\/comments?post=715"}],"version-history":[{"count":6,"href":"https:\/\/agora.xtec.cat\/iexirinacs\/wp-json\/wp\/v2\/pages\/715\/revisions"}],"predecessor-version":[{"id":806,"href":"https:\/\/agora.xtec.cat\/iexirinacs\/wp-json\/wp\/v2\/pages\/715\/revisions\/806"}],"wp:attachment":[{"href":"https:\/\/agora.xtec.cat\/iexirinacs\/wp-json\/wp\/v2\/media?parent=715"}],"curies":[{"name":"wp","href":"https:\/\/api.w.org\/{rel}","templated":true}]}}

<h4 class="wp-block-heading" id="block-75a080e5-80ff-47c2-8057-5f0a72216f07">Esteu buscant escola per al vostre fill o filla per al curs 2026-2027?</h4>



<p id="block-01a16c5e-43fe-47f4-8734-89b205ef5d06">Us esperem el proper&nbsp;<strong>dilluns 23 de febrer de 2026</strong> a les 16h o a les 17:15h</p>



<p id="block-4397e18a-eb87-48ee-b406-8e8457d950eb">La jornada inclou una&nbsp;<strong>presentació</strong>&nbsp;del projecte educatiu per part de l’Equip Directiu i una&nbsp;<strong>visita</strong>&nbsp;als espais de l’escola on podreu conèixer mestres i famílies.</p>



<p>Durant aquesta presentació, es reservarà un petit espai al final per parlar de com despleguem l&#8217;etapa de <strong>secundària</strong>, que comencem al curs 26-27.</p>



<p id="block-06b0a1e0-347c-4f42-a382-20e4af4b6d5d"><strong>Cal reservar plaça</strong>&nbsp;a un dels torns (16 h o 17.15h), omplint <strong>un formulari&nbsp;per persona</strong>.</p>



<p id="block-23dc8f63-a64d-4372-9b11-37728c9b4e52"><a href="https://docs.google.com/forms/d/e/1FAIpQLSfctXRa3P0ix3XC4TbtVYFXUkJBM5uUFNAMYQ1ez9B80D_3zg/viewform?usp=publish-editor">INSCRIPCIÓ</a></p>



<p id="block-210821b4-2b14-4a05-ac86-c3da14334d6c">La&nbsp;<strong>jornada està pensada per adults</strong>&nbsp;és per això que us demanem que vingueu sense infants.</p>



<p id="block-8245c5a3-ccee-43f8-b72a-3be2343a8875">Si necessiteu informació addicional podeu trucar al telèfon de l’escola 93 7062007 o enviar un mail a iexirinacs@xtec.cat</p>



<p id="block-960a483c-8aff-4301-8915-a7955987725b">Moltes gràcies pel vostre interès i col·laboració!</p>



<p id="block-a2ce1645-236e-42f2-b607-4c0033dff966">Us hi esperem!</p>



<p>Així mateix us convidem a conèixer les altres escoles públiques del districte.</p>



<figure class="wp-block-image size-large"><a href="https://agora.xtec.cat/iexirinacs/wp-content/uploads/usu2472/2026/01/Cartell-PPOO-Eixample-2026-V.-def-1.jpg"><img loading="lazy" decoding="async" width="1024" height="709" src="https://agora.xtec.cat/iexirinacs/wp-content/uploads/usu2472/2026/01/Cartell-PPOO-Eixample-2026-V.-def-1-1024x709.jpg" alt="" class="wp-image-716" srcset="https://agora.xtec.cat/iexirinacs/wp-content/uploads/usu2472/2026/01/Cartell-PPOO-Eixample-2026-V.-def-1-1024x709.jpg 1024w, https://agora.xtec.cat/iexirinacs/wp-content/uploads/usu2472/2026/01/Cartell-PPOO-Eixample-2026-V.-def-1-300x208.jpg 300w, https://agora.xtec.cat/iexirinacs/wp-content/uploads/usu2472/2026/01/Cartell-PPOO-Eixample-2026-V.-def-1-768x532.jpg 768w, https://agora.xtec.cat/iexirinacs/wp-content/uploads/usu2472/2026/01/Cartell-PPOO-Eixample-2026-V.-def-1.jpg 1040w" sizes="auto, (max-width: 1024px) 100vw, 1024px" /></a></figure>



<p></p>

<p>Esteu buscant escola per al vostre fill o filla per al curs 2026-2027? Us esperem el proper&nbsp;dilluns 23 de febrer de 2026 a les 16h o a les 17:15h La jornada inclou una&nbsp;presentació&nbsp;del projecte educatiu per part de l’Equip Directiu i una&nbsp;visita&nbsp;als espais de l’escola on podreu conèixer mestres i famílies. Durant aquesta presentació, es [&hellip;]</p>
