{"id":43,"date":"2014-09-17T16:45:07","date_gmt":"2014-09-17T16:45:07","guid":{"rendered":"http:\/\/agora.xtec.cat\/iexirinacs\/?page_id=43"},"modified":"2026-03-14T20:18:01","modified_gmt":"2026-03-14T19:18:01","slug":"consell-escolar","status":"publish","type":"page","link":"https:\/\/agora.xtec.cat\/iexirinacs\/linstitut\/consell-escolar\/","title":{"rendered":"Consell escolar"},"content":{"rendered":"\n<p>El consell escolar del centre \u00e9s l&#8217;<strong>\u00f2rgan col\u00b7legiat de participaci\u00f3<\/strong>&nbsp;de la comunitat escolar en el govern del centre. En el consell escolar hi ha representats tots els col\u00b7lectius que intervenen en la comunitat educativa: director o directora, professorat, alumnes, personal d&#8217;administraci\u00f3 i serveis, etc.<\/p>\n\n\n\n<p>Els membres del consell escolar s\u00f3n elegits per un per\u00edode de quatre anys i es renoven per meitats cada dos anys.<\/p>\n\n\n\n<h2 class=\"wp-block-heading has-medium-font-size\"><strong>Funcions<\/strong><\/h2>\n\n\n\n<ul class=\"wp-block-list\">\n<li>Aprovar el projecte educatiu i les modificacions corresponents per una majoria de tres cinquenes parts dels membres.<\/li>\n\n\n\n<li>Aprovar la programaci\u00f3 general anual del centre i avaluar-ne el desenvolupament i els resultats.<\/li>\n\n\n\n<li>Aprovar les propostes d&#8217;acords de corresponsabilitat, convenis i altres acords de col\u00b7laboraci\u00f3 del centre amb entitats o institucions.<\/li>\n\n\n\n<li>Aprovar les normes d&#8217;organitzaci\u00f3 i funcionament i les modificacions corresponents.<\/li>\n\n\n\n<li>Aprovar la carta de comprom\u00eds educatiu.<\/li>\n\n\n\n<li>Aprovar el pressupost del centre i el rendiment de comptes.<\/li>\n\n\n\n<li>Intervenir en el procediment d&#8217;admissi\u00f3 d&#8217;alumnes.<\/li>\n\n\n\n<li>Participar en el procediment de selecci\u00f3 i en la proposta de cessament del director o directora.<\/li>\n\n\n\n<li>Intervenir en la resoluci\u00f3 dels conflictes i, si escau, revisar les sancions als alumnes.<\/li>\n\n\n\n<li>Aprovar les directrius per a la programaci\u00f3 d&#8217;activitats escolars complement\u00e0ries i d&#8217;activitats extraescolars, i avaluar-ne el desenvolupament.<\/li>\n\n\n\n<li>Participar en les an\u00e0lisis i les avaluacions del funcionament general del centre i con\u00e8ixer l&#8217;evoluci\u00f3 del rendiment escolar.<\/li>\n\n\n\n<li>Aprovar els criteris de col\u00b7laboraci\u00f3 amb altres centres i amb l&#8217;entorn.<\/li>\n\n\n\n<li>Qualsevol altra que li sigui atribu\u00efda per les normes legals o reglament\u00e0ries.<\/li>\n<\/ul>\n\n\n\n<h2 class=\"wp-block-heading has-medium-font-size\">Membres<\/h2>\n\n\n\n<div class=\"wp-block-columns is-layout-flex wp-container-core-columns-is-layout-1 wp-block-columns-is-layout-flex\">\n<div class=\"wp-block-column is-layout-flow wp-block-column-is-layout-flow\">\n<div class=\"wp-block-getwid-person\"><div class=\"wp-block-getwid-person__image\"><img decoding=\"async\" src=\"https:\/\/nodes-pre.educaciodigital.cat\/masterpri\/wp-content\/uploads\/usu12\/2024\/12\/user-male-circle-v1.png\" class=\"wp-image-591\"\/><\/div><div class=\"wp-block-getwid-person__content-wrapper\"><span class=\"wp-block-getwid-person__title\">Francesc Martinez<\/span><span class=\"wp-block-getwid-person__subtitle\">Representant municipal<\/span>\n<p><\/p>\n<\/div><\/div>\n<\/div>\n\n\n\n<div class=\"wp-block-column is-layout-flow wp-block-column-is-layout-flow\">\n<div class=\"wp-block-getwid-person\"><div class=\"wp-block-getwid-person__image\"><img decoding=\"async\" src=\"https:\/\/nodes-pre.educaciodigital.cat\/masterpri\/wp-content\/uploads\/usu12\/2024\/12\/user-male-circle-v1.png\" class=\"wp-image-591\"\/><\/div><div class=\"wp-block-getwid-person__content-wrapper\"><span class=\"wp-block-getwid-person__title\">Clara Vi\u00f1uales<br>Marta Tom\u00e0s<br>Alba Serrate<br>J\u00falia Ferr\u00e9<br>Maite Dieste<br><\/span><span class=\"wp-block-getwid-person__subtitle\">Docents<\/span><\/div><\/div>\n<\/div>\n\n\n\n<div class=\"wp-block-column is-layout-flow wp-block-column-is-layout-flow\">\n<div class=\"wp-block-getwid-person\"><div class=\"wp-block-getwid-person__image\"><img decoding=\"async\" src=\"https:\/\/nodes-pre.educaciodigital.cat\/masterpri\/wp-content\/uploads\/usu12\/2024\/12\/user-male-circle-v1.png\" class=\"wp-image-591\"\/><\/div><div class=\"wp-block-getwid-person__content-wrapper\"><span class=\"wp-block-getwid-person__title\">Arnau Ingles<br>Joana Bruna<\/span><span class=\"wp-block-getwid-person__subtitle\">PAS<\/span>\n<p><\/p>\n<\/div><\/div>\n<\/div>\n<\/div>\n\n\n\n<div class=\"wp-block-columns is-layout-flex wp-container-core-columns-is-layout-2 wp-block-columns-is-layout-flex\">\n<div class=\"wp-block-column is-layout-flow wp-block-column-is-layout-flow\">\n<div class=\"wp-block-getwid-person\"><div class=\"wp-block-getwid-person__image\"><img decoding=\"async\" src=\"https:\/\/nodes-pre.educaciodigital.cat\/masterpri\/wp-content\/uploads\/usu12\/2024\/12\/user-male-circle-v1.png\" class=\"wp-image-591\"\/><\/div><div class=\"wp-block-getwid-person__content-wrapper\"><span class=\"wp-block-getwid-person__title\">Sandra Camus<br>Jordi Usurriaga<br>Marc Comes<br>Laura Gomara<\/span><span class=\"wp-block-getwid-person__subtitle\">Representant Fam\u00edlies<\/span><\/div><\/div>\n<\/div>\n\n\n\n<div class=\"wp-block-column is-layout-flow wp-block-column-is-layout-flow\">\n<div class=\"wp-block-getwid-person\"><div class=\"wp-block-getwid-person__image\"><img decoding=\"async\" src=\"https:\/\/nodes-pre.educaciodigital.cat\/masterpri\/wp-content\/uploads\/usu12\/2024\/12\/user-male-circle-v1.png\" class=\"wp-image-591\"\/><\/div><div class=\"wp-block-getwid-person__content-wrapper\"><span class=\"wp-block-getwid-person__title\">Claudia Martha Bejar<\/span><span class=\"wp-block-getwid-person__subtitle\">Representant AFA<\/span><\/div><\/div>\n<\/div>\n\n\n\n<div class=\"wp-block-column is-layout-flow wp-block-column-is-layout-flow\">\n<div class=\"wp-block-getwid-person\"><div class=\"wp-block-getwid-person__image\"><img decoding=\"async\" src=\"https:\/\/nodes-pre.educaciodigital.cat\/masterpri\/wp-content\/uploads\/usu12\/2024\/12\/user-male-circle-v1.png\" class=\"wp-image-591\"\/><\/div><div class=\"wp-block-getwid-person__content-wrapper\"><span class=\"wp-block-getwid-person__title\">Patricia Alomar<br>Laia Baniandres<br>Laia Pi<\/span><span class=\"wp-block-getwid-person__subtitle\">Equip directiu<\/span><\/div><\/div>\n<\/div>\n<\/div>\n\n\n\n<h2 class=\"wp-block-heading\">Acords<\/h2>\n\n\n","protected":false},"excerpt":{"rendered":"<p>El consell escolar del centre \u00e9s l&#8217;\u00f2rgan col\u00b7legiat de participaci\u00f3&nbsp;de la comunitat escolar en el govern del centre. En el consell escolar hi ha representats tots els col\u00b7lectius que intervenen en la comunitat educativa: director o directora, professorat, alumnes, personal d&#8217;administraci\u00f3 i serveis, etc. Els membres del consell escolar s\u00f3n elegits per un per\u00edode de [&hellip;]<\/p>\n","protected":false},"author":1,"featured_media":0,"parent":19,"menu_order":40,"comment_status":"closed","ping_status":"closed","template":"","meta":{"site-sidebar-layout":"default","site-content-layout":"","ast-site-content-layout":"default","site-content-style":"default","site-sidebar-style":"default","ast-global-header-display":"","ast-banner-title-visibility":"","ast-main-header-display":"","ast-hfb-above-header-display":"","ast-hfb-below-header-display":"","ast-hfb-mobile-header-display":"","site-post-title":"","ast-breadcrumbs-content":"","ast-featured-img":"","footer-sml-layout":"","theme-transparent-header-meta":"","adv-header-id-meta":"","stick-header-meta":"","header-above-stick-meta":"","header-main-stick-meta":"","header-below-stick-meta":"","astra-migrate-meta-layouts":"set","ast-page-background-enabled":"default","ast-page-background-meta":{"desktop":{"background-color":"var(--ast-global-color-4)","background-image":"","background-repeat":"repeat","background-position":"center center","background-size":"auto","background-attachment":"scroll","background-type":"","background-media":"","overlay-type":"","overlay-color":"","overlay-opacity":"","overlay-gradient":""},"tablet":{"background-color":"","background-image":"","background-repeat":"repeat","background-position":"center center","background-size":"auto","background-attachment":"scroll","background-type":"","background-media":"","overlay-type":"","overlay-color":"","overlay-opacity":"","overlay-gradient":""},"mobile":{"background-color":"","background-image":"","background-repeat":"repeat","background-position":"center center","background-size":"auto","background-attachment":"scroll","background-type":"","background-media":"","overlay-type":"","overlay-color":"","overlay-opacity":"","overlay-gradient":""}},"ast-content-background-meta":{"desktop":{"background-color":"var(--ast-global-color-5)","background-image":"","background-repeat":"repeat","background-position":"center center","background-size":"auto","background-attachment":"scroll","background-type":"","background-media":"","overlay-type":"","overlay-color":"","overlay-opacity":"","overlay-gradient":""},"tablet":{"background-color":"var(--ast-global-color-5)","background-image":"","background-repeat":"repeat","background-position":"center center","background-size":"auto","background-attachment":"scroll","background-type":"","background-media":"","overlay-type":"","overlay-color":"","overlay-opacity":"","overlay-gradient":""},"mobile":{"background-color":"var(--ast-global-color-5)","background-image":"","background-repeat":"repeat","background-position":"center center","background-size":"auto","background-attachment":"scroll","background-type":"","background-media":"","overlay-type":"","overlay-color":"","overlay-opacity":"","overlay-gradient":""}},"footnotes":""},"class_list":["post-43","page","type-page","status-publish","hentry"],"post_mailing_queue_ids":[],"_links":{"self":[{"href":"https:\/\/agora.xtec.cat\/iexirinacs\/wp-json\/wp\/v2\/pages\/43","targetHints":{"allow":["GET"]}}],"collection":[{"href":"https:\/\/agora.xtec.cat\/iexirinacs\/wp-json\/wp\/v2\/pages"}],"about":[{"href":"https:\/\/agora.xtec.cat\/iexirinacs\/wp-json\/wp\/v2\/types\/page"}],"author":[{"embeddable":true,"href":"https:\/\/agora.xtec.cat\/iexirinacs\/wp-json\/wp\/v2\/users\/1"}],"replies":[{"embeddable":true,"href":"https:\/\/agora.xtec.cat\/iexirinacs\/wp-json\/wp\/v2\/comments?post=43"}],"version-history":[{"count":3,"href":"https:\/\/agora.xtec.cat\/iexirinacs\/wp-json\/wp\/v2\/pages\/43\/revisions"}],"predecessor-version":[{"id":870,"href":"https:\/\/agora.xtec.cat\/iexirinacs\/wp-json\/wp\/v2\/pages\/43\/revisions\/870"}],"up":[{"embeddable":true,"href":"https:\/\/agora.xtec.cat\/iexirinacs\/wp-json\/wp\/v2\/pages\/19"}],"wp:attachment":[{"href":"https:\/\/agora.xtec.cat\/iexirinacs\/wp-json\/wp\/v2\/media?parent=43"}],"curies":[{"name":"wp","href":"https:\/\/api.w.org\/{rel}","templated":true}]}}

<p>El consell escolar del centre és l&#8217;<strong>òrgan col·legiat de participació</strong>&nbsp;de la comunitat escolar en el govern del centre. En el consell escolar hi ha representats tots els col·lectius que intervenen en la comunitat educativa: director o directora, professorat, alumnes, personal d&#8217;administració i serveis, etc.</p>



<p>Els membres del consell escolar són elegits per un període de quatre anys i es renoven per meitats cada dos anys.</p>



<h2 class="wp-block-heading has-medium-font-size"><strong>Funcions</strong></h2>



<ul class="wp-block-list">
<li>Aprovar el projecte educatiu i les modificacions corresponents per una majoria de tres cinquenes parts dels membres.</li>



<li>Aprovar la programació general anual del centre i avaluar-ne el desenvolupament i els resultats.</li>



<li>Aprovar les propostes d&#8217;acords de corresponsabilitat, convenis i altres acords de col·laboració del centre amb entitats o institucions.</li>



<li>Aprovar les normes d&#8217;organització i funcionament i les modificacions corresponents.</li>



<li>Aprovar la carta de compromís educatiu.</li>



<li>Aprovar el pressupost del centre i el rendiment de comptes.</li>



<li>Intervenir en el procediment d&#8217;admissió d&#8217;alumnes.</li>



<li>Participar en el procediment de selecció i en la proposta de cessament del director o directora.</li>



<li>Intervenir en la resolució dels conflictes i, si escau, revisar les sancions als alumnes.</li>



<li>Aprovar les directrius per a la programació d&#8217;activitats escolars complementàries i d&#8217;activitats extraescolars, i avaluar-ne el desenvolupament.</li>



<li>Participar en les anàlisis i les avaluacions del funcionament general del centre i conèixer l&#8217;evolució del rendiment escolar.</li>



<li>Aprovar els criteris de col·laboració amb altres centres i amb l&#8217;entorn.</li>



<li>Qualsevol altra que li sigui atribuïda per les normes legals o reglamentàries.</li>
</ul>



<h2 class="wp-block-heading has-medium-font-size">Membres</h2>



<div class="wp-block-columns is-layout-flex wp-container-core-columns-is-layout-1 wp-block-columns-is-layout-flex">
<div class="wp-block-column is-layout-flow wp-block-column-is-layout-flow">
<div class="wp-block-getwid-person"><div class="wp-block-getwid-person__image"><img decoding="async" src="https://nodes-pre.educaciodigital.cat/masterpri/wp-content/uploads/usu12/2024/12/user-male-circle-v1.png" class="wp-image-591"/></div><div class="wp-block-getwid-person__content-wrapper"><span class="wp-block-getwid-person__title">Francesc Martinez</span><span class="wp-block-getwid-person__subtitle">Representant municipal</span>
<p></p>
</div></div>
</div>



<div class="wp-block-column is-layout-flow wp-block-column-is-layout-flow">
<div class="wp-block-getwid-person"><div class="wp-block-getwid-person__image"><img decoding="async" src="https://nodes-pre.educaciodigital.cat/masterpri/wp-content/uploads/usu12/2024/12/user-male-circle-v1.png" class="wp-image-591"/></div><div class="wp-block-getwid-person__content-wrapper"><span class="wp-block-getwid-person__title">Clara Viñuales<br>Marta Tomàs<br>Alba Serrate<br>Júlia Ferré<br>Maite Dieste<br></span><span class="wp-block-getwid-person__subtitle">Docents</span></div></div>
</div>



<div class="wp-block-column is-layout-flow wp-block-column-is-layout-flow">
<div class="wp-block-getwid-person"><div class="wp-block-getwid-person__image"><img decoding="async" src="https://nodes-pre.educaciodigital.cat/masterpri/wp-content/uploads/usu12/2024/12/user-male-circle-v1.png" class="wp-image-591"/></div><div class="wp-block-getwid-person__content-wrapper"><span class="wp-block-getwid-person__title">Arnau Ingles<br>Joana Bruna</span><span class="wp-block-getwid-person__subtitle">PAS</span>
<p></p>
</div></div>
</div>
</div>



<div class="wp-block-columns is-layout-flex wp-container-core-columns-is-layout-2 wp-block-columns-is-layout-flex">
<div class="wp-block-column is-layout-flow wp-block-column-is-layout-flow">
<div class="wp-block-getwid-person"><div class="wp-block-getwid-person__image"><img decoding="async" src="https://nodes-pre.educaciodigital.cat/masterpri/wp-content/uploads/usu12/2024/12/user-male-circle-v1.png" class="wp-image-591"/></div><div class="wp-block-getwid-person__content-wrapper"><span class="wp-block-getwid-person__title">Sandra Camus<br>Jordi Usurriaga<br>Marc Comes<br>Laura Gomara</span><span class="wp-block-getwid-person__subtitle">Representant Famílies</span></div></div>
</div>



<div class="wp-block-column is-layout-flow wp-block-column-is-layout-flow">
<div class="wp-block-getwid-person"><div class="wp-block-getwid-person__image"><img decoding="async" src="https://nodes-pre.educaciodigital.cat/masterpri/wp-content/uploads/usu12/2024/12/user-male-circle-v1.png" class="wp-image-591"/></div><div class="wp-block-getwid-person__content-wrapper"><span class="wp-block-getwid-person__title">Claudia Martha Bejar</span><span class="wp-block-getwid-person__subtitle">Representant AFA</span></div></div>
</div>



<div class="wp-block-column is-layout-flow wp-block-column-is-layout-flow">
<div class="wp-block-getwid-person"><div class="wp-block-getwid-person__image"><img decoding="async" src="https://nodes-pre.educaciodigital.cat/masterpri/wp-content/uploads/usu12/2024/12/user-male-circle-v1.png" class="wp-image-591"/></div><div class="wp-block-getwid-person__content-wrapper"><span class="wp-block-getwid-person__title">Patricia Alomar<br>Laia Baniandres<br>Laia Pi</span><span class="wp-block-getwid-person__subtitle">Equip directiu</span></div></div>
</div>
</div>



<h2 class="wp-block-heading">Acords</h2>

<p>El consell escolar del centre és l&#8217;òrgan col·legiat de participació&nbsp;de la comunitat escolar en el govern del centre. En el consell escolar hi ha representats tots els col·lectius que intervenen en la comunitat educativa: director o directora, professorat, alumnes, personal d&#8217;administració i serveis, etc. Els membres del consell escolar són elegits per un període de [&hellip;]</p>
