{"id":27,"date":"2014-09-17T16:24:03","date_gmt":"2014-09-17T16:24:03","guid":{"rendered":"http:\/\/agora.xtec.cat\/iexirinacs\/?page_id=27"},"modified":"2026-03-14T20:06:04","modified_gmt":"2026-03-14T19:06:04","slug":"historia","status":"publish","type":"page","link":"https:\/\/agora.xtec.cat\/iexirinacs\/linstitut\/historia\/","title":{"rendered":"Hist\u00f2ria"},"content":{"rendered":"\n<div class=\"wp-block-getwid-content-timeline\" data-animation=\"none\" data-filling=\"true\"><div class=\"wp-block-getwid-content-timeline__line\"><div class=\"wp-block-getwid-content-timeline__bar\"><\/div><\/div><div class=\"wp-block-getwid-content-timeline__wrapper\">\n<div class=\"wp-block-getwid-content-timeline-item\"><div class=\"wp-block-getwid-content-timeline-item__wrapper\"><div class=\"wp-block-getwid-content-timeline-item__card\"><div class=\"wp-block-getwid-content-timeline-item__card-wrapper\"><div class=\"wp-block-getwid-content-timeline-item__image-wrapper\"><img loading=\"lazy\" decoding=\"async\" width=\"400\" height=\"300\" class=\"wp-block-getwid-content-timeline-item__image wp-image-784\" src=\"https:\/\/agora.xtec.cat\/iexirinacs\/wp-content\/uploads\/usu2472\/2026\/02\/1503066695225.jpg\" alt=\"\" srcset=\"https:\/\/agora.xtec.cat\/iexirinacs\/wp-content\/uploads\/usu2472\/2026\/02\/1503066695225.jpg 400w, https:\/\/agora.xtec.cat\/iexirinacs\/wp-content\/uploads\/usu2472\/2026\/02\/1503066695225-300x225.jpg 300w\" sizes=\"auto, (max-width: 400px) 100vw, 400px\" \/><\/div><div class=\"wp-block-getwid-content-timeline-item__content-wrapper\"><div class=\"wp-block-getwid-content-timeline-item__mobile-meta\"><p class=\"wp-block-getwid-content-timeline-item__meta-content\">Al setembre de 2017, neix el nostre centre sota el nom d&#8217;Escola Eixample 1. Al llarg d&#8217;aquell primer curs, es duu a terme un proc\u00e9s participatiu amb les fam\u00edlies per decidir el nom definitiu del centre: Escola Xirinacs. <\/p><\/div>\n<h3 class=\"wp-block-heading\">Inici de l&#8217;escola -Setembre de 2017 <\/h3>\n\n\n\n<p><\/p>\n\n\n\n<p>&nbsp;<\/p>\n<\/div><\/div><\/div><div class=\"wp-block-getwid-content-timeline-item__point\"><div class=\"wp-block-getwid-content-timeline-item__point-content\"><\/div><\/div><div class=\"wp-block-getwid-content-timeline-item__meta\"><p class=\"wp-block-getwid-content-timeline-item__meta-content\">Al setembre de 2017, neix el nostre centre sota el nom d&#8217;Escola Eixample 1. Al llarg d&#8217;aquell primer curs, es duu a terme un proc\u00e9s participatiu amb les fam\u00edlies per decidir el nom definitiu del centre: Escola Xirinacs. <\/p><\/div><\/div><\/div>\n\n\n\n<div class=\"wp-block-getwid-content-timeline-item\"><div class=\"wp-block-getwid-content-timeline-item__wrapper\"><div class=\"wp-block-getwid-content-timeline-item__card\"><div class=\"wp-block-getwid-content-timeline-item__card-wrapper\"><div class=\"wp-block-getwid-content-timeline-item__image-wrapper\"><img loading=\"lazy\" decoding=\"async\" width=\"768\" height=\"768\" class=\"wp-block-getwid-content-timeline-item__image wp-image-863\" src=\"https:\/\/agora.xtec.cat\/iexirinacs\/wp-content\/uploads\/usu2472\/2026\/03\/cropped-17343007_1689121684720297_8738266045765829488_n.webp\" alt=\"\" srcset=\"https:\/\/agora.xtec.cat\/iexirinacs\/wp-content\/uploads\/usu2472\/2026\/03\/cropped-17343007_1689121684720297_8738266045765829488_n.webp 768w, https:\/\/agora.xtec.cat\/iexirinacs\/wp-content\/uploads\/usu2472\/2026\/03\/cropped-17343007_1689121684720297_8738266045765829488_n-300x300.webp 300w, https:\/\/agora.xtec.cat\/iexirinacs\/wp-content\/uploads\/usu2472\/2026\/03\/cropped-17343007_1689121684720297_8738266045765829488_n-150x150.webp 150w\" sizes=\"auto, (max-width: 768px) 100vw, 768px\" \/><\/div><div class=\"wp-block-getwid-content-timeline-item__content-wrapper\"><div class=\"wp-block-getwid-content-timeline-item__mobile-meta\"><p class=\"wp-block-getwid-content-timeline-item__meta-content\">El nom de Xirinacs fa refer\u00e8ncia a Llu\u00eds Maria Xirinacs, qui destac\u00e0 per defensar els drets humans amb m\u00e8todes de protesta no violents com les vagues de fam i, sobretot, la seva manifestaci\u00f3 di\u00e0ria davant la pres\u00f3 Model de Barcelona durant un any i nou mesos per reclamar l&#8217;amnistia per als presos pol\u00edtics. <\/p><\/div>\n<h3 class=\"wp-block-heading\">Creixement de la prim\u00e0ria (2020-2027)<\/h3>\n\n\n\n<p>Al llarg d&#8217;aquest any, l&#8217;escola ha anat creixent; acollint infants, fam\u00edlies i mestres, i ampliant les seves instal.lacions, tant interiors com exteriors.<\/p>\n<\/div><\/div><\/div><div class=\"wp-block-getwid-content-timeline-item__point\"><div class=\"wp-block-getwid-content-timeline-item__point-content\"><\/div><\/div><div class=\"wp-block-getwid-content-timeline-item__meta\"><p class=\"wp-block-getwid-content-timeline-item__meta-content\">El nom de Xirinacs fa refer\u00e8ncia a Llu\u00eds Maria Xirinacs, qui destac\u00e0 per defensar els drets humans amb m\u00e8todes de protesta no violents com les vagues de fam i, sobretot, la seva manifestaci\u00f3 di\u00e0ria davant la pres\u00f3 Model de Barcelona durant un any i nou mesos per reclamar l&#8217;amnistia per als presos pol\u00edtics. <\/p><\/div><\/div><\/div>\n\n\n\n<div class=\"wp-block-getwid-content-timeline-item\"><div class=\"wp-block-getwid-content-timeline-item__wrapper\"><div class=\"wp-block-getwid-content-timeline-item__card\"><div class=\"wp-block-getwid-content-timeline-item__card-wrapper\"><div class=\"wp-block-getwid-content-timeline-item__image-wrapper\"><img loading=\"lazy\" decoding=\"async\" width=\"2560\" height=\"1920\" class=\"wp-block-getwid-content-timeline-item__image wp-image-865\" src=\"https:\/\/agora.xtec.cat\/iexirinacs\/wp-content\/uploads\/usu2472\/2026\/03\/20250527_131608-scaled.jpg\" alt=\"\" srcset=\"https:\/\/agora.xtec.cat\/iexirinacs\/wp-content\/uploads\/usu2472\/2026\/03\/20250527_131608-scaled.jpg 2560w, https:\/\/agora.xtec.cat\/iexirinacs\/wp-content\/uploads\/usu2472\/2026\/03\/20250527_131608-300x225.jpg 300w, https:\/\/agora.xtec.cat\/iexirinacs\/wp-content\/uploads\/usu2472\/2026\/03\/20250527_131608-1024x768.jpg 1024w, https:\/\/agora.xtec.cat\/iexirinacs\/wp-content\/uploads\/usu2472\/2026\/03\/20250527_131608-768x576.jpg 768w, https:\/\/agora.xtec.cat\/iexirinacs\/wp-content\/uploads\/usu2472\/2026\/03\/20250527_131608-1536x1152.jpg 1536w, https:\/\/agora.xtec.cat\/iexirinacs\/wp-content\/uploads\/usu2472\/2026\/03\/20250527_131608-2048x1536.jpg 2048w\" sizes=\"auto, (max-width: 2560px) 100vw, 2560px\" \/><\/div><div class=\"wp-block-getwid-content-timeline-item__content-wrapper\"><div class=\"wp-block-getwid-content-timeline-item__mobile-meta\"><p class=\"wp-block-getwid-content-timeline-item__meta-content\">El curs 26-27 iniciarem l&#8217;etapa de secund\u00e0ria i serem un Institut Escola on l&#8217;alumnat podr\u00e0 cursar infantil, prim\u00e0ria i secund\u00e0ria sota un mateix projecte educatiu.<\/p><\/div>\n<h3 class=\"wp-block-heading\">Inici de la secund\u00e0ria- Setembre 2027<\/h3>\n\n\n\n<p><\/p>\n<\/div><\/div><\/div><div class=\"wp-block-getwid-content-timeline-item__point\"><div class=\"wp-block-getwid-content-timeline-item__point-content\"><\/div><\/div><div class=\"wp-block-getwid-content-timeline-item__meta\"><p class=\"wp-block-getwid-content-timeline-item__meta-content\">El curs 26-27 iniciarem l&#8217;etapa de secund\u00e0ria i serem un Institut Escola on l&#8217;alumnat podr\u00e0 cursar infantil, prim\u00e0ria i secund\u00e0ria sota un mateix projecte educatiu.<\/p><\/div><\/div><\/div>\n\n\n\n<div class=\"wp-block-getwid-content-timeline-item\"><div class=\"wp-block-getwid-content-timeline-item__wrapper\"><div class=\"wp-block-getwid-content-timeline-item__card\"><div class=\"wp-block-getwid-content-timeline-item__card-wrapper\"><div class=\"wp-block-getwid-content-timeline-item__image-wrapper\"><img loading=\"lazy\" decoding=\"async\" width=\"1315\" height=\"732\" class=\"wp-block-getwid-content-timeline-item__image wp-image-727\" src=\"https:\/\/agora.xtec.cat\/iexirinacs\/wp-content\/uploads\/usu2472\/2026\/01\/image-2.png\" alt=\"\" srcset=\"https:\/\/agora.xtec.cat\/iexirinacs\/wp-content\/uploads\/usu2472\/2026\/01\/image-2.png 1315w, https:\/\/agora.xtec.cat\/iexirinacs\/wp-content\/uploads\/usu2472\/2026\/01\/image-2-300x167.png 300w, https:\/\/agora.xtec.cat\/iexirinacs\/wp-content\/uploads\/usu2472\/2026\/01\/image-2-1024x570.png 1024w, https:\/\/agora.xtec.cat\/iexirinacs\/wp-content\/uploads\/usu2472\/2026\/01\/image-2-768x428.png 768w\" sizes=\"auto, (max-width: 1315px) 100vw, 1315px\" \/><\/div><div class=\"wp-block-getwid-content-timeline-item__content-wrapper\">\n<h3 class=\"wp-block-heading\">Properament: Edifici definitiu<\/h3>\n\n\n\n<p><\/p>\n<\/div><\/div><\/div><div class=\"wp-block-getwid-content-timeline-item__point\"><div class=\"wp-block-getwid-content-timeline-item__point-content\"><\/div><\/div><div class=\"wp-block-getwid-content-timeline-item__meta\"><\/div><\/div><\/div>\n<\/div><\/div>\n","protected":false},"excerpt":{"rendered":"","protected":false},"author":1,"featured_media":0,"parent":19,"menu_order":20,"comment_status":"closed","ping_status":"closed","template":"","meta":{"site-sidebar-layout":"default","site-content-layout":"","ast-site-content-layout":"default","site-content-style":"default","site-sidebar-style":"default","ast-global-header-display":"","ast-banner-title-visibility":"","ast-main-header-display":"","ast-hfb-above-header-display":"","ast-hfb-below-header-display":"","ast-hfb-mobile-header-display":"","site-post-title":"","ast-breadcrumbs-content":"","ast-featured-img":"","footer-sml-layout":"","theme-transparent-header-meta":"","adv-header-id-meta":"","stick-header-meta":"","header-above-stick-meta":"","header-main-stick-meta":"","header-below-stick-meta":"","astra-migrate-meta-layouts":"set","ast-page-background-enabled":"default","ast-page-background-meta":{"desktop":{"background-color":"var(--ast-global-color-4)","background-image":"","background-repeat":"repeat","background-position":"center center","background-size":"auto","background-attachment":"scroll","background-type":"","background-media":"","overlay-type":"","overlay-color":"","overlay-opacity":"","overlay-gradient":""},"tablet":{"background-color":"","background-image":"","background-repeat":"repeat","background-position":"center center","background-size":"auto","background-attachment":"scroll","background-type":"","background-media":"","overlay-type":"","overlay-color":"","overlay-opacity":"","overlay-gradient":""},"mobile":{"background-color":"","background-image":"","background-repeat":"repeat","background-position":"center center","background-size":"auto","background-attachment":"scroll","background-type":"","background-media":"","overlay-type":"","overlay-color":"","overlay-opacity":"","overlay-gradient":""}},"ast-content-background-meta":{"desktop":{"background-color":"var(--ast-global-color-5)","background-image":"","background-repeat":"repeat","background-position":"center center","background-size":"auto","background-attachment":"scroll","background-type":"","background-media":"","overlay-type":"","overlay-color":"","overlay-opacity":"","overlay-gradient":""},"tablet":{"background-color":"var(--ast-global-color-5)","background-image":"","background-repeat":"repeat","background-position":"center center","background-size":"auto","background-attachment":"scroll","background-type":"","background-media":"","overlay-type":"","overlay-color":"","overlay-opacity":"","overlay-gradient":""},"mobile":{"background-color":"var(--ast-global-color-5)","background-image":"","background-repeat":"repeat","background-position":"center center","background-size":"auto","background-attachment":"scroll","background-type":"","background-media":"","overlay-type":"","overlay-color":"","overlay-opacity":"","overlay-gradient":""}},"footnotes":""},"class_list":["post-27","page","type-page","status-publish","hentry"],"post_mailing_queue_ids":[],"_links":{"self":[{"href":"https:\/\/agora.xtec.cat\/iexirinacs\/wp-json\/wp\/v2\/pages\/27","targetHints":{"allow":["GET"]}}],"collection":[{"href":"https:\/\/agora.xtec.cat\/iexirinacs\/wp-json\/wp\/v2\/pages"}],"about":[{"href":"https:\/\/agora.xtec.cat\/iexirinacs\/wp-json\/wp\/v2\/types\/page"}],"author":[{"embeddable":true,"href":"https:\/\/agora.xtec.cat\/iexirinacs\/wp-json\/wp\/v2\/users\/1"}],"replies":[{"embeddable":true,"href":"https:\/\/agora.xtec.cat\/iexirinacs\/wp-json\/wp\/v2\/comments?post=27"}],"version-history":[{"count":6,"href":"https:\/\/agora.xtec.cat\/iexirinacs\/wp-json\/wp\/v2\/pages\/27\/revisions"}],"predecessor-version":[{"id":867,"href":"https:\/\/agora.xtec.cat\/iexirinacs\/wp-json\/wp\/v2\/pages\/27\/revisions\/867"}],"up":[{"embeddable":true,"href":"https:\/\/agora.xtec.cat\/iexirinacs\/wp-json\/wp\/v2\/pages\/19"}],"wp:attachment":[{"href":"https:\/\/agora.xtec.cat\/iexirinacs\/wp-json\/wp\/v2\/media?parent=27"}],"curies":[{"name":"wp","href":"https:\/\/api.w.org\/{rel}","templated":true}]}}

Història

<div class="wp-block-getwid-content-timeline" data-animation="none" data-filling="true"><div class="wp-block-getwid-content-timeline__line"><div class="wp-block-getwid-content-timeline__bar"></div></div><div class="wp-block-getwid-content-timeline__wrapper">
<div class="wp-block-getwid-content-timeline-item"><div class="wp-block-getwid-content-timeline-item__wrapper"><div class="wp-block-getwid-content-timeline-item__card"><div class="wp-block-getwid-content-timeline-item__card-wrapper"><div class="wp-block-getwid-content-timeline-item__image-wrapper"><img loading="lazy" decoding="async" width="400" height="300" class="wp-block-getwid-content-timeline-item__image wp-image-784" src="https://agora.xtec.cat/iexirinacs/wp-content/uploads/usu2472/2026/02/1503066695225.jpg" alt="" srcset="https://agora.xtec.cat/iexirinacs/wp-content/uploads/usu2472/2026/02/1503066695225.jpg 400w, https://agora.xtec.cat/iexirinacs/wp-content/uploads/usu2472/2026/02/1503066695225-300x225.jpg 300w" sizes="auto, (max-width: 400px) 100vw, 400px" /></div><div class="wp-block-getwid-content-timeline-item__content-wrapper"><div class="wp-block-getwid-content-timeline-item__mobile-meta"><p class="wp-block-getwid-content-timeline-item__meta-content">Al setembre de 2017, neix el nostre centre sota el nom d&#8217;Escola Eixample 1. Al llarg d&#8217;aquell primer curs, es duu a terme un procés participatiu amb les famílies per decidir el nom definitiu del centre: Escola Xirinacs. </p></div>
<h3 class="wp-block-heading">Inici de l&#8217;escola -Setembre de 2017 </h3>



<p></p>



<p>&nbsp;</p>
</div></div></div><div class="wp-block-getwid-content-timeline-item__point"><div class="wp-block-getwid-content-timeline-item__point-content"></div></div><div class="wp-block-getwid-content-timeline-item__meta"><p class="wp-block-getwid-content-timeline-item__meta-content">Al setembre de 2017, neix el nostre centre sota el nom d&#8217;Escola Eixample 1. Al llarg d&#8217;aquell primer curs, es duu a terme un procés participatiu amb les famílies per decidir el nom definitiu del centre: Escola Xirinacs. </p></div></div></div>



<div class="wp-block-getwid-content-timeline-item"><div class="wp-block-getwid-content-timeline-item__wrapper"><div class="wp-block-getwid-content-timeline-item__card"><div class="wp-block-getwid-content-timeline-item__card-wrapper"><div class="wp-block-getwid-content-timeline-item__image-wrapper"><img loading="lazy" decoding="async" width="768" height="768" class="wp-block-getwid-content-timeline-item__image wp-image-863" src="https://agora.xtec.cat/iexirinacs/wp-content/uploads/usu2472/2026/03/cropped-17343007_1689121684720297_8738266045765829488_n.webp" alt="" srcset="https://agora.xtec.cat/iexirinacs/wp-content/uploads/usu2472/2026/03/cropped-17343007_1689121684720297_8738266045765829488_n.webp 768w, https://agora.xtec.cat/iexirinacs/wp-content/uploads/usu2472/2026/03/cropped-17343007_1689121684720297_8738266045765829488_n-300x300.webp 300w, https://agora.xtec.cat/iexirinacs/wp-content/uploads/usu2472/2026/03/cropped-17343007_1689121684720297_8738266045765829488_n-150x150.webp 150w" sizes="auto, (max-width: 768px) 100vw, 768px" /></div><div class="wp-block-getwid-content-timeline-item__content-wrapper"><div class="wp-block-getwid-content-timeline-item__mobile-meta"><p class="wp-block-getwid-content-timeline-item__meta-content">El nom de Xirinacs fa referència a Lluís Maria Xirinacs, qui destacà per defensar els drets humans amb mètodes de protesta no violents com les vagues de fam i, sobretot, la seva manifestació diària davant la presó Model de Barcelona durant un any i nou mesos per reclamar l&#8217;amnistia per als presos polítics. </p></div>
<h3 class="wp-block-heading">Creixement de la primària (2020-2027)</h3>



<p>Al llarg d&#8217;aquest any, l&#8217;escola ha anat creixent; acollint infants, famílies i mestres, i ampliant les seves instal.lacions, tant interiors com exteriors.</p>
</div></div></div><div class="wp-block-getwid-content-timeline-item__point"><div class="wp-block-getwid-content-timeline-item__point-content"></div></div><div class="wp-block-getwid-content-timeline-item__meta"><p class="wp-block-getwid-content-timeline-item__meta-content">El nom de Xirinacs fa referència a Lluís Maria Xirinacs, qui destacà per defensar els drets humans amb mètodes de protesta no violents com les vagues de fam i, sobretot, la seva manifestació diària davant la presó Model de Barcelona durant un any i nou mesos per reclamar l&#8217;amnistia per als presos polítics. </p></div></div></div>



<div class="wp-block-getwid-content-timeline-item"><div class="wp-block-getwid-content-timeline-item__wrapper"><div class="wp-block-getwid-content-timeline-item__card"><div class="wp-block-getwid-content-timeline-item__card-wrapper"><div class="wp-block-getwid-content-timeline-item__image-wrapper"><img loading="lazy" decoding="async" width="2560" height="1920" class="wp-block-getwid-content-timeline-item__image wp-image-865" src="https://agora.xtec.cat/iexirinacs/wp-content/uploads/usu2472/2026/03/20250527_131608-scaled.jpg" alt="" srcset="https://agora.xtec.cat/iexirinacs/wp-content/uploads/usu2472/2026/03/20250527_131608-scaled.jpg 2560w, https://agora.xtec.cat/iexirinacs/wp-content/uploads/usu2472/2026/03/20250527_131608-300x225.jpg 300w, https://agora.xtec.cat/iexirinacs/wp-content/uploads/usu2472/2026/03/20250527_131608-1024x768.jpg 1024w, https://agora.xtec.cat/iexirinacs/wp-content/uploads/usu2472/2026/03/20250527_131608-768x576.jpg 768w, https://agora.xtec.cat/iexirinacs/wp-content/uploads/usu2472/2026/03/20250527_131608-1536x1152.jpg 1536w, https://agora.xtec.cat/iexirinacs/wp-content/uploads/usu2472/2026/03/20250527_131608-2048x1536.jpg 2048w" sizes="auto, (max-width: 2560px) 100vw, 2560px" /></div><div class="wp-block-getwid-content-timeline-item__content-wrapper"><div class="wp-block-getwid-content-timeline-item__mobile-meta"><p class="wp-block-getwid-content-timeline-item__meta-content">El curs 26-27 iniciarem l&#8217;etapa de secundària i serem un Institut Escola on l&#8217;alumnat podrà cursar infantil, primària i secundària sota un mateix projecte educatiu.</p></div>
<h3 class="wp-block-heading">Inici de la secundària- Setembre 2027</h3>



<p></p>
</div></div></div><div class="wp-block-getwid-content-timeline-item__point"><div class="wp-block-getwid-content-timeline-item__point-content"></div></div><div class="wp-block-getwid-content-timeline-item__meta"><p class="wp-block-getwid-content-timeline-item__meta-content">El curs 26-27 iniciarem l&#8217;etapa de secundària i serem un Institut Escola on l&#8217;alumnat podrà cursar infantil, primària i secundària sota un mateix projecte educatiu.</p></div></div></div>



<div class="wp-block-getwid-content-timeline-item"><div class="wp-block-getwid-content-timeline-item__wrapper"><div class="wp-block-getwid-content-timeline-item__card"><div class="wp-block-getwid-content-timeline-item__card-wrapper"><div class="wp-block-getwid-content-timeline-item__image-wrapper"><img loading="lazy" decoding="async" width="1315" height="732" class="wp-block-getwid-content-timeline-item__image wp-image-727" src="https://agora.xtec.cat/iexirinacs/wp-content/uploads/usu2472/2026/01/image-2.png" alt="" srcset="https://agora.xtec.cat/iexirinacs/wp-content/uploads/usu2472/2026/01/image-2.png 1315w, https://agora.xtec.cat/iexirinacs/wp-content/uploads/usu2472/2026/01/image-2-300x167.png 300w, https://agora.xtec.cat/iexirinacs/wp-content/uploads/usu2472/2026/01/image-2-1024x570.png 1024w, https://agora.xtec.cat/iexirinacs/wp-content/uploads/usu2472/2026/01/image-2-768x428.png 768w" sizes="auto, (max-width: 1315px) 100vw, 1315px" /></div><div class="wp-block-getwid-content-timeline-item__content-wrapper">
<h3 class="wp-block-heading">Properament: Edifici definitiu</h3>



<p></p>
</div></div></div><div class="wp-block-getwid-content-timeline-item__point"><div class="wp-block-getwid-content-timeline-item__point-content"></div></div><div class="wp-block-getwid-content-timeline-item__meta"></div></div></div>
</div></div>
