{"id":36,"date":"2014-09-18T12:33:11","date_gmt":"2014-09-18T12:33:11","guid":{"rendered":"http:\/\/agora.xtec.cat\/escolaelviver\/?page_id=36"},"modified":"2024-02-04T11:32:54","modified_gmt":"2024-02-04T10:32:54","slug":"consell-escolar","status":"publish","type":"page","link":"https:\/\/agora.xtec.cat\/ieviver\/lescola\/consell-escolar\/","title":{"rendered":"Consell escolar"},"content":{"rendered":"<p>&nbsp;<\/p>\n<div id=\"bloc1\" class=\"panel-collapse collapse in\">\n<div class=\"col-xs-12\">\n<div class=\"cos_bloc basic_text_peq pd-15\">\n<div class=\"panel panel-default\">\n<div class=\"panel-heading\">\n<div class=\"panel-heading\">\n<h2 class=\"panel-title\"><a class=\"\" href=\"http:\/\/ensenyament.gencat.cat\/ca\/arees-actuacio\/centres-serveis-educatius\/centres\/consells-escolars-centres\/centres-publics\/#bloc1\" data-toggle=\"collapse\" data-parent=\"#acordio_distribuidora\">Funcions<\/a><\/h2>\n<\/div>\n<div id=\"bloc1\" class=\"panel-collapse collapse in\">\n<div class=\"col-xs-12\">\n<div class=\"cos_bloc basic_text_peq pd-15\">\n<p>Corresponen al consell escolar les funcions seg\u00fcents:<\/p>\n<ul>\n<li>Participar en l&#8217;aprovaci\u00f3 del projecte educatiu i les seves modificacions. El consell escolar ha de ser consultat pel director de manera preceptiva per valorar la proposta del projecte educatiu i manifestar el seu suport amb una majoria de les tres cinquenes parts dels membres.<\/li>\n<li>Participar en l&#8217;aprovaci\u00f3 de la programaci\u00f3 general anual, de les normes de funcionament i de la gesti\u00f3 econ\u00f2mica del centre. El consell escolar ha de ser consultat de manera preceptiva per valorar cada una de les propostes i manifestar el seu suport per majoria simple dels membres.<\/li>\n<li>Avaluar l&#8217;aplicaci\u00f3 del projecte educatiu i de les seves modificacions aix\u00ed com de la resta de documents de gesti\u00f3 del centre.<\/li>\n<li>Aprovar les propostes d&#8217;acords de coresponsabilitat, convenis i altres acords de col\u00b7laboraci\u00f3 del centre amb entitats i institucions.<\/li>\n<li>Intervenir en el procediment d&#8217;admissi\u00f3 d&#8217;alumnes.<\/li>\n<li>Participar en el procediment de selecci\u00f3 i en la proposta de cessament del director o directora.<\/li>\n<li>Intervenir en la resoluci\u00f3 dels conflictes i, si escau, revisar les sancions als alumnes.<\/li>\n<li>Aprovar les directrius per a la programaci\u00f3 d&#8217;activitats escolars complement\u00e0ries i d&#8217;activitats extraescolars, i avaluar-ne el desenvolupament.<\/li>\n<li>Participar en les an\u00e0lisis i les avaluacions del funcionament general del centre i con\u00e8ixer l&#8217;evoluci\u00f3 del rendiment escolar.<\/li>\n<li>Aprovar els criteris de col\u00b7laboraci\u00f3 amb altres centres i amb l&#8217;entorn.<\/li>\n<li>Qualsevol altre que li sigui atribu\u00efda per les normes legals o reglament\u00e0ries.<\/li>\n<\/ul>\n<\/div>\n<\/div>\n<\/div>\n<h2 class=\"panel-title\"><a class=\"\" href=\"http:\/\/ensenyament.gencat.cat\/ca\/arees-actuacio\/centres-serveis-educatius\/centres\/consells-escolars-centres\/centres-publics\/#bloc5\" data-toggle=\"collapse\" data-parent=\"#acordio_distribuidora\">Funcionament<\/a><\/h2>\n<\/div>\n<div id=\"bloc5\" class=\"panel-collapse collapse in\">\n<div class=\"col-xs-12\">\n<div class=\"cos_bloc basic_text_peq pd-15\">\n<p>El consell escolar ha d&#8217;aprovar les seves normes de funcionament. En all\u00f2 que no estigui previst s&#8217;han d&#8217;aplicar les normes reguladores dels \u00f2rgans col\u00b7legiats de l&#8217;Administraci\u00f3 de la Generalitat.<\/p>\n<p>El consell escolar del centre es reuneix preceptivament una vegada al trimestre i sempre que el convoca el director o directora del centre o ho sol\u00b7licita al menys un ter\u00e7 de les seves persones membres. A m\u00e9s, s&#8217;ha de fer una reuni\u00f3 a principi de curs i una altra a la seva finalitzaci\u00f3.<\/p>\n<p>El consell escolar actua normalment en ple. Es poden constituir comissions espec\u00edfiques d\u2019estudi i informaci\u00f3, a les quals, en tot cas, s\u2019hi ha d\u2019incorporar la direcci\u00f3 del centre, o en la seva representaci\u00f3, un altre \u00f2rgan\u00a0unipersonal de direcci\u00f3,\u00a0un professor o professora, i un alumne o alumna o un representant o una representant de les mares i els pares. Els centres de titularitat p\u00fablica, a m\u00e9s, hi ha d&#8217;haver preceptivament\u00a0una <strong>comissi\u00f3 econ\u00f2mica<\/strong> que supervisa la gesti\u00f3 econ\u00f2mica del centre.<\/p>\n<div class=\"panel-heading\">\n<h2 class=\"panel-title\"><a class=\"\" href=\"http:\/\/ensenyament.gencat.cat\/ca\/arees-actuacio\/centres-serveis-educatius\/centres\/consells-escolars-centres\/centres-publics\/#bloc1\" data-toggle=\"collapse\" data-parent=\"#acordio_distribuidora\">Composici\u00f3 del nostre Consell Escolar<\/a><\/h2>\n<\/div>\n<div id=\"bloc1\" class=\"panel-collapse collapse in\">\n<div class=\"col-xs-12\">\n<div class=\"cos_bloc basic_text_peq pd-15\">\n<table style=\"width: 34.7841%; height: 660px;\">\n<tbody>\n<tr style=\"height: 33px;\">\n<td style=\"width: 52.376%; height: 33px;\">Presidenta del Consell<\/td>\n<td style=\"width: 72.4571%; height: 33px;\">Conxita Roca<\/td>\n<\/tr>\n<tr style=\"height: 33px;\">\n<td style=\"width: 52.376%; height: 33px;\">Cap d&#8217;Estudis<\/td>\n<td style=\"width: 72.4571%; height: 33px;\">Al\u00edcia Cuello<\/td>\n<\/tr>\n<tr style=\"height: 33px;\">\n<td style=\"width: 52.376%; height: 33px;\">Cap d&#8217;Estudis ESO<\/td>\n<td style=\"width: 72.4571%; height: 33px;\">Alex Mart\u00edn<\/td>\n<\/tr>\n<tr style=\"height: 33px;\">\n<td style=\"width: 52.376%; height: 33px;\">Cap d&#8217;Estudis Adjunta<\/td>\n<td style=\"width: 72.4571%; height: 33px;\">M\u00edriam Salazar<\/td>\n<\/tr>\n<tr style=\"height: 33px;\">\n<td style=\"width: 52.376%; height: 33px;\">Secret\u00e0ria del Consell<\/td>\n<td style=\"width: 72.4571%; height: 33px;\">Cristina Rodr\u00edguez<\/td>\n<\/tr>\n<tr style=\"height: 33px;\">\n<td style=\"width: 52.376%; height: 33px;\">Representant de l&#8217;Ajuntament<\/td>\n<td style=\"width: 72.4571%; height: 33px;\">Anabel Moreno<\/td>\n<\/tr>\n<tr style=\"height: 33px;\">\n<td style=\"width: 52.376%; height: 33px;\">Representant Alunnat<\/td>\n<td style=\"width: 72.4571%; height: 33px;\">Yasmina El Khaouda<\/td>\n<\/tr>\n<tr style=\"height: 33px;\">\n<td style=\"width: 52.376%; height: 33px;\">Represenant Alumnat<\/td>\n<td style=\"width: 72.4571%; height: 33px;\">Ramon Trilles<\/td>\n<\/tr>\n<tr style=\"height: 33px;\">\n<td style=\"width: 52.376%; height: 33px;\">Representat de l&#8217;AFA<\/td>\n<td style=\"width: 72.4571%; height: 33px;\">Vict\u00f2ria Moreno<\/td>\n<\/tr>\n<tr style=\"height: 33px;\">\n<td style=\"width: 52.376%; height: 33px;\">Representant dels Mestres<\/td>\n<td style=\"width: 72.4571%; height: 33px;\">Alberto Mart\u00edn<\/td>\n<\/tr>\n<tr style=\"height: 33px;\">\n<td style=\"width: 52.376%; height: 33px;\">Representant dels Mestres<\/td>\n<td style=\"width: 72.4571%; height: 33px;\">N\u00faria Casado<\/td>\n<\/tr>\n<tr style=\"height: 33px;\">\n<td style=\"width: 52.376%; height: 33px;\">Representant dels Mestres<\/td>\n<td style=\"width: 72.4571%; height: 33px;\">Gemma Camprub\u00ed<\/td>\n<\/tr>\n<tr style=\"height: 33px;\">\n<td style=\"width: 52.376%; height: 33px;\">Representant dels Mestres<\/td>\n<td style=\"width: 72.4571%; height: 33px;\">M\u00edriam Salazar<\/td>\n<\/tr>\n<tr style=\"height: 33px;\">\n<td style=\"width: 52.376%; height: 33px;\">Representant dels Mestres<\/td>\n<td style=\"width: 72.4571%; height: 33px;\">Sandra Mu\u00f1oz<\/td>\n<\/tr>\n<tr style=\"height: 33px;\">\n<td style=\"width: 52.376%; height: 33px;\">Representant de les fam\u00edlies<\/td>\n<td style=\"width: 72.4571%; height: 33px;\">Mouna Chahouat<\/td>\n<\/tr>\n<tr style=\"height: 33px;\">\n<td style=\"width: 52.376%; height: 33px;\">Representant de les fam\u00edlies<\/td>\n<td style=\"width: 72.4571%; height: 33px;\">Teresa Casta\u00f1os<\/td>\n<\/tr>\n<tr style=\"height: 33px;\">\n<td style=\"width: 52.376%; height: 33px;\">Representant de les fam\u00edlies<\/td>\n<td style=\"width: 72.4571%; height: 33px;\">M\u00aa\u00c1ngeles Jaro<\/td>\n<\/tr>\n<tr style=\"height: 33px;\">\n<td style=\"width: 52.376%; height: 33px;\">Representant PAE<\/td>\n<td style=\"width: 72.4571%; height: 33px;\">Anna Moreno<\/td>\n<\/tr>\n<\/tbody>\n<\/table>\n<\/div>\n<\/div>\n<\/div>\n<\/div>\n<\/div>\n<\/div>\n<\/div>\n<\/div>\n<\/div>\n<\/div>\n","protected":false},"excerpt":{"rendered":"<p>\t\t\t\t\t\t&hellip;  <a href=\"https:\/\/agora.xtec.cat\/ieviver\/lescola\/consell-escolar\/\" title=\"Read Consell escolar\">Llegeix m\u00e9s\u00bb<\/a><\/p>\n","protected":false},"author":3,"featured_media":0,"parent":22,"menu_order":6,"comment_status":"closed","ping_status":"closed","template":"page-templates\/side-menu.php","meta":{"_bbp_topic_count":0,"_bbp_reply_count":0,"_bbp_total_topic_count":0,"_bbp_total_reply_count":0,"_bbp_voice_count":0,"_bbp_anonymous_reply_count":0,"_bbp_topic_count_hidden":0,"_bbp_reply_count_hidden":0,"_bbp_forum_subforum_count":0,"footnotes":""},"class_list":["post-36","page","type-page","status-publish","hentry"],"post_mailing_queue_ids":[],"_links":{"self":[{"href":"https:\/\/agora.xtec.cat\/ieviver\/wp-json\/wp\/v2\/pages\/36","targetHints":{"allow":["GET"]}}],"collection":[{"href":"https:\/\/agora.xtec.cat\/ieviver\/wp-json\/wp\/v2\/pages"}],"about":[{"href":"https:\/\/agora.xtec.cat\/ieviver\/wp-json\/wp\/v2\/types\/page"}],"author":[{"embeddable":true,"href":"https:\/\/agora.xtec.cat\/ieviver\/wp-json\/wp\/v2\/users\/3"}],"replies":[{"embeddable":true,"href":"https:\/\/agora.xtec.cat\/ieviver\/wp-json\/wp\/v2\/comments?post=36"}],"version-history":[{"count":2,"href":"https:\/\/agora.xtec.cat\/ieviver\/wp-json\/wp\/v2\/pages\/36\/revisions"}],"predecessor-version":[{"id":9664,"href":"https:\/\/agora.xtec.cat\/ieviver\/wp-json\/wp\/v2\/pages\/36\/revisions\/9664"}],"up":[{"embeddable":true,"href":"https:\/\/agora.xtec.cat\/ieviver\/wp-json\/wp\/v2\/pages\/22"}],"wp:attachment":[{"href":"https:\/\/agora.xtec.cat\/ieviver\/wp-json\/wp\/v2\/media?parent=36"}],"curies":[{"name":"wp","href":"https:\/\/api.w.org\/{rel}","templated":true}]}}