{"id":22,"date":"2014-09-18T12:19:57","date_gmt":"2014-09-18T10:19:57","guid":{"rendered":"http:\/\/agora.xtec.cat\/escolaelviver\/?page_id=22"},"modified":"2021-09-24T20:44:23","modified_gmt":"2021-09-24T18:44:23","slug":"lescola","status":"publish","type":"page","link":"https:\/\/agora.xtec.cat\/ieviver\/lescola\/","title":{"rendered":"L&#8217;escola"},"content":{"rendered":"<p><span lang=\"CA\">La missi\u00f3 de l\u2019Institut Escola El Viver \u00e9s oferir al barri de Can Sant Joan de Montcada i Reixac, i a la societat en general, un servei educatiu de qualitat per a tot l\u2019alumnat d\u2019educaci\u00f3 infantil, prim\u00e0ria, i secund\u00e0ria, independentment de les seves condicions i caracter\u00edstiques personals.<\/span><\/p>\n<p>El nostre deure \u00e9s esdevenir una veritable escola per a tothom, un espai acollidor on cadascuna de les persones trobi eines ajustades a les seves necessitats educatives\u00a0singulars.<\/p>\n<p><span lang=\"CA\">La nostra ra\u00f3 de ser \u00e9s oferir una educaci\u00f3 integral, din\u00e0mica i participativa que ajudi a crear\u00a0 els fonaments per a que l\u2019alumnat adquireixi els\u00a0<\/span>coneixements, les habilitats, les capacitats i l\u2019educaci\u00f3 socioemocional necess\u00e0ries per poder gaudir d\u2019una vida feli\u00e7 i plena, convivint en societat, respectant i acceptant les altres persones, i sentint-se, a la vegada, valorat\/da i acceptat\/da.<\/p>\n","protected":false},"excerpt":{"rendered":"<p>\t\t\t\t\t\t&hellip;  <a href=\"https:\/\/agora.xtec.cat\/ieviver\/lescola\/\" title=\"Read L&#8217;escola\">Llegeix m\u00e9s\u00bb<\/a><\/p>\n","protected":false},"author":3,"featured_media":0,"parent":0,"menu_order":0,"comment_status":"closed","ping_status":"closed","template":"page-templates\/side-menu.php","meta":{"_bbp_topic_count":0,"_bbp_reply_count":0,"_bbp_total_topic_count":0,"_bbp_total_reply_count":0,"_bbp_voice_count":0,"_bbp_anonymous_reply_count":0,"_bbp_topic_count_hidden":0,"_bbp_reply_count_hidden":0,"_bbp_forum_subforum_count":0,"footnotes":""},"class_list":["post-22","page","type-page","status-publish","hentry"],"post_mailing_queue_ids":[],"_links":{"self":[{"href":"https:\/\/agora.xtec.cat\/ieviver\/wp-json\/wp\/v2\/pages\/22","targetHints":{"allow":["GET"]}}],"collection":[{"href":"https:\/\/agora.xtec.cat\/ieviver\/wp-json\/wp\/v2\/pages"}],"about":[{"href":"https:\/\/agora.xtec.cat\/ieviver\/wp-json\/wp\/v2\/types\/page"}],"author":[{"embeddable":true,"href":"https:\/\/agora.xtec.cat\/ieviver\/wp-json\/wp\/v2\/users\/3"}],"replies":[{"embeddable":true,"href":"https:\/\/agora.xtec.cat\/ieviver\/wp-json\/wp\/v2\/comments?post=22"}],"version-history":[{"count":2,"href":"https:\/\/agora.xtec.cat\/ieviver\/wp-json\/wp\/v2\/pages\/22\/revisions"}],"predecessor-version":[{"id":6826,"href":"https:\/\/agora.xtec.cat\/ieviver\/wp-json\/wp\/v2\/pages\/22\/revisions\/6826"}],"wp:attachment":[{"href":"https:\/\/agora.xtec.cat\/ieviver\/wp-json\/wp\/v2\/media?parent=22"}],"curies":[{"name":"wp","href":"https:\/\/api.w.org\/{rel}","templated":true}]}}