{"id":73,"date":"2014-09-18T14:01:51","date_gmt":"2014-09-18T13:01:51","guid":{"rendered":"https:\/\/agora.xtec.cat\/ievirolet\/?page_id=73"},"modified":"2026-04-27T09:26:03","modified_gmt":"2026-04-27T07:26:03","slug":"menjador-escolar","status":"publish","type":"page","link":"https:\/\/agora.xtec.cat\/ievirolet\/serveis\/menjador-escolar\/","title":{"rendered":"Menjador escolar 2025-2026"},"content":{"rendered":"\n<p><strong><a href=\"https:\/\/agora.xtec.cat\/ievirolet\/wp-content\/uploads\/usu3486\/2025\/07\/NORMATIVA_MENJADOR_VIROLET_25_26.pdf\">NORMATIVA DEL SERVEI DE MENJADOR<\/a><\/strong><\/p>\n\n\n\n<p><a href=\"https:\/\/agora.xtec.cat\/ievirolet\/wp-content\/uploads\/usu3486\/2025\/07\/CARTA-COMUNICACIO-MENUS-2025-2026.pdf\"><strong>INFORMACI\u00d3 SOBRE ELS MEN\u00daS 25-26<\/strong><\/a><\/p>\n\n\n\n<p>MEN\u00daS PER MESOS:<\/p>\n\n\n\n<figure class=\"wp-block-gallery has-nested-images columns-default is-cropped wp-block-gallery-1 is-layout-flex wp-block-gallery-is-layout-flex\">\n<figure class=\"wp-block-image size-large\"><a href=\"https:\/\/drive.google.com\/file\/d\/1ol_brkcQcel6mUcs1nZAuadNVuR-U3Jk\/view?usp=sharing\"><img loading=\"lazy\" decoding=\"async\" width=\"1024\" height=\"581\" data-id=\"822\" src=\"https:\/\/agora.xtec.cat\/ievirolet\/wp-content\/uploads\/usu3486\/2025\/07\/Captura-de-pantalla-2025-07-08-a-les-10.11.43-1024x581.png\" alt=\"\" class=\"wp-image-822\" srcset=\"https:\/\/agora.xtec.cat\/ievirolet\/wp-content\/uploads\/usu3486\/2025\/07\/Captura-de-pantalla-2025-07-08-a-les-10.11.43-1024x581.png 1024w, https:\/\/agora.xtec.cat\/ievirolet\/wp-content\/uploads\/usu3486\/2025\/07\/Captura-de-pantalla-2025-07-08-a-les-10.11.43-300x170.png 300w, https:\/\/agora.xtec.cat\/ievirolet\/wp-content\/uploads\/usu3486\/2025\/07\/Captura-de-pantalla-2025-07-08-a-les-10.11.43-768x436.png 768w, https:\/\/agora.xtec.cat\/ievirolet\/wp-content\/uploads\/usu3486\/2025\/07\/Captura-de-pantalla-2025-07-08-a-les-10.11.43.png 1120w\" sizes=\"auto, (max-width: 1024px) 100vw, 1024px\" \/><\/a><\/figure>\n\n\n\n<figure class=\"wp-block-image size-large\"><a href=\"https:\/\/drive.google.com\/file\/d\/1AzvKtP4YkHJ6oA7zPSNlTJM5gwdkG8EO\/view?usp=sharing\"><img loading=\"lazy\" decoding=\"async\" width=\"1024\" height=\"582\" data-id=\"816\" src=\"https:\/\/agora.xtec.cat\/ievirolet\/wp-content\/uploads\/usu3486\/2025\/07\/Captura-de-pantalla-2025-07-08-a-les-10.11.54-1024x582.png\" alt=\"\" class=\"wp-image-816\" srcset=\"https:\/\/agora.xtec.cat\/ievirolet\/wp-content\/uploads\/usu3486\/2025\/07\/Captura-de-pantalla-2025-07-08-a-les-10.11.54-1024x582.png 1024w, https:\/\/agora.xtec.cat\/ievirolet\/wp-content\/uploads\/usu3486\/2025\/07\/Captura-de-pantalla-2025-07-08-a-les-10.11.54-300x171.png 300w, https:\/\/agora.xtec.cat\/ievirolet\/wp-content\/uploads\/usu3486\/2025\/07\/Captura-de-pantalla-2025-07-08-a-les-10.11.54-768x437.png 768w, https:\/\/agora.xtec.cat\/ievirolet\/wp-content\/uploads\/usu3486\/2025\/07\/Captura-de-pantalla-2025-07-08-a-les-10.11.54.png 1120w\" sizes=\"auto, (max-width: 1024px) 100vw, 1024px\" \/><\/a><\/figure>\n\n\n\n<figure class=\"wp-block-image size-large\"><a href=\"https:\/\/drive.google.com\/file\/d\/1-ffKHTkLkLMTeN87JStvjzTakNV5HZSq\/view?usp=sharing\"><img loading=\"lazy\" decoding=\"async\" width=\"1024\" height=\"583\" data-id=\"817\" src=\"https:\/\/agora.xtec.cat\/ievirolet\/wp-content\/uploads\/usu3486\/2025\/07\/Captura-de-pantalla-2025-07-08-a-les-10.12.08-1024x583.png\" alt=\"\" class=\"wp-image-817\" srcset=\"https:\/\/agora.xtec.cat\/ievirolet\/wp-content\/uploads\/usu3486\/2025\/07\/Captura-de-pantalla-2025-07-08-a-les-10.12.08-1024x583.png 1024w, https:\/\/agora.xtec.cat\/ievirolet\/wp-content\/uploads\/usu3486\/2025\/07\/Captura-de-pantalla-2025-07-08-a-les-10.12.08-300x171.png 300w, https:\/\/agora.xtec.cat\/ievirolet\/wp-content\/uploads\/usu3486\/2025\/07\/Captura-de-pantalla-2025-07-08-a-les-10.12.08-768x437.png 768w, https:\/\/agora.xtec.cat\/ievirolet\/wp-content\/uploads\/usu3486\/2025\/07\/Captura-de-pantalla-2025-07-08-a-les-10.12.08.png 1118w\" sizes=\"auto, (max-width: 1024px) 100vw, 1024px\" \/><\/a><\/figure>\n\n\n\n<figure class=\"wp-block-image size-large\"><a href=\"https:\/\/drive.google.com\/drive\/folders\/1xi1qciv1SXkxnYCw-8_OMrvsulR_FaCz?usp=sharing\"><img loading=\"lazy\" decoding=\"async\" width=\"1024\" height=\"583\" data-id=\"815\" src=\"https:\/\/agora.xtec.cat\/ievirolet\/wp-content\/uploads\/usu3486\/2025\/07\/Captura-de-pantalla-2025-07-08-a-les-10.12.17-1024x583.png\" alt=\"\" class=\"wp-image-815\" srcset=\"https:\/\/agora.xtec.cat\/ievirolet\/wp-content\/uploads\/usu3486\/2025\/07\/Captura-de-pantalla-2025-07-08-a-les-10.12.17-1024x583.png 1024w, https:\/\/agora.xtec.cat\/ievirolet\/wp-content\/uploads\/usu3486\/2025\/07\/Captura-de-pantalla-2025-07-08-a-les-10.12.17-300x171.png 300w, https:\/\/agora.xtec.cat\/ievirolet\/wp-content\/uploads\/usu3486\/2025\/07\/Captura-de-pantalla-2025-07-08-a-les-10.12.17-768x438.png 768w, https:\/\/agora.xtec.cat\/ievirolet\/wp-content\/uploads\/usu3486\/2025\/07\/Captura-de-pantalla-2025-07-08-a-les-10.12.17.png 1118w\" sizes=\"auto, (max-width: 1024px) 100vw, 1024px\" \/><\/a><\/figure>\n\n\n\n<figure class=\"wp-block-image size-large\"><a href=\"https:\/\/drive.google.com\/drive\/folders\/1xi1qciv1SXkxnYCw-8_OMrvsulR_FaCz?usp=sharing\"><img loading=\"lazy\" decoding=\"async\" width=\"1024\" height=\"584\" data-id=\"825\" src=\"https:\/\/agora.xtec.cat\/ievirolet\/wp-content\/uploads\/usu3486\/2025\/07\/Captura-de-pantalla-2025-07-08-a-les-10.12.26-1024x584.png\" alt=\"\" class=\"wp-image-825\" srcset=\"https:\/\/agora.xtec.cat\/ievirolet\/wp-content\/uploads\/usu3486\/2025\/07\/Captura-de-pantalla-2025-07-08-a-les-10.12.26-1024x584.png 1024w, https:\/\/agora.xtec.cat\/ievirolet\/wp-content\/uploads\/usu3486\/2025\/07\/Captura-de-pantalla-2025-07-08-a-les-10.12.26-300x171.png 300w, https:\/\/agora.xtec.cat\/ievirolet\/wp-content\/uploads\/usu3486\/2025\/07\/Captura-de-pantalla-2025-07-08-a-les-10.12.26-768x438.png 768w, https:\/\/agora.xtec.cat\/ievirolet\/wp-content\/uploads\/usu3486\/2025\/07\/Captura-de-pantalla-2025-07-08-a-les-10.12.26.png 1119w\" sizes=\"auto, (max-width: 1024px) 100vw, 1024px\" \/><\/a><\/figure>\n\n\n\n<figure class=\"wp-block-image size-large\"><a href=\"https:\/\/drive.google.com\/drive\/folders\/1CHOOLBVNT_zEALYa-6DR4rr1Y7D1JGA4?usp=sharing\"><img loading=\"lazy\" decoding=\"async\" width=\"1024\" height=\"583\" data-id=\"820\" src=\"https:\/\/agora.xtec.cat\/ievirolet\/wp-content\/uploads\/usu3486\/2025\/07\/Captura-de-pantalla-2025-07-08-a-les-10.12.35-1024x583.png\" alt=\"\" class=\"wp-image-820\" srcset=\"https:\/\/agora.xtec.cat\/ievirolet\/wp-content\/uploads\/usu3486\/2025\/07\/Captura-de-pantalla-2025-07-08-a-les-10.12.35-1024x583.png 1024w, https:\/\/agora.xtec.cat\/ievirolet\/wp-content\/uploads\/usu3486\/2025\/07\/Captura-de-pantalla-2025-07-08-a-les-10.12.35-300x171.png 300w, https:\/\/agora.xtec.cat\/ievirolet\/wp-content\/uploads\/usu3486\/2025\/07\/Captura-de-pantalla-2025-07-08-a-les-10.12.35-768x438.png 768w, https:\/\/agora.xtec.cat\/ievirolet\/wp-content\/uploads\/usu3486\/2025\/07\/Captura-de-pantalla-2025-07-08-a-les-10.12.35.png 1118w\" sizes=\"auto, (max-width: 1024px) 100vw, 1024px\" \/><\/a><\/figure>\n\n\n\n<figure class=\"wp-block-image size-large\"><a href=\"https:\/\/drive.google.com\/drive\/folders\/1b0NqONlNR7h9fQZemY3PrUydFrWT3Yd4?usp=sharing\"><img loading=\"lazy\" decoding=\"async\" width=\"1024\" height=\"583\" data-id=\"821\" src=\"https:\/\/agora.xtec.cat\/ievirolet\/wp-content\/uploads\/usu3486\/2025\/07\/Captura-de-pantalla-2025-07-08-a-les-10.12.48-1024x583.png\" alt=\"\" class=\"wp-image-821\" srcset=\"https:\/\/agora.xtec.cat\/ievirolet\/wp-content\/uploads\/usu3486\/2025\/07\/Captura-de-pantalla-2025-07-08-a-les-10.12.48-1024x583.png 1024w, https:\/\/agora.xtec.cat\/ievirolet\/wp-content\/uploads\/usu3486\/2025\/07\/Captura-de-pantalla-2025-07-08-a-les-10.12.48-300x171.png 300w, https:\/\/agora.xtec.cat\/ievirolet\/wp-content\/uploads\/usu3486\/2025\/07\/Captura-de-pantalla-2025-07-08-a-les-10.12.48-768x437.png 768w, https:\/\/agora.xtec.cat\/ievirolet\/wp-content\/uploads\/usu3486\/2025\/07\/Captura-de-pantalla-2025-07-08-a-les-10.12.48.png 1119w\" sizes=\"auto, (max-width: 1024px) 100vw, 1024px\" \/><\/a><\/figure>\n\n\n\n<figure class=\"wp-block-image size-large\"><a href=\"https:\/\/drive.google.com\/drive\/folders\/1EShlcqB---Rq0QIqOOZBLT23cT-TCzn9?usp=sharing\"><img loading=\"lazy\" decoding=\"async\" width=\"1024\" height=\"588\" data-id=\"818\" src=\"https:\/\/agora.xtec.cat\/ievirolet\/wp-content\/uploads\/usu3486\/2025\/07\/Captura-de-pantalla-2025-07-08-a-les-10.12.57-1024x588.png\" alt=\"\" class=\"wp-image-818\" srcset=\"https:\/\/agora.xtec.cat\/ievirolet\/wp-content\/uploads\/usu3486\/2025\/07\/Captura-de-pantalla-2025-07-08-a-les-10.12.57-1024x588.png 1024w, https:\/\/agora.xtec.cat\/ievirolet\/wp-content\/uploads\/usu3486\/2025\/07\/Captura-de-pantalla-2025-07-08-a-les-10.12.57-300x172.png 300w, https:\/\/agora.xtec.cat\/ievirolet\/wp-content\/uploads\/usu3486\/2025\/07\/Captura-de-pantalla-2025-07-08-a-les-10.12.57-768x441.png 768w, https:\/\/agora.xtec.cat\/ievirolet\/wp-content\/uploads\/usu3486\/2025\/07\/Captura-de-pantalla-2025-07-08-a-les-10.12.57.png 1119w\" sizes=\"auto, (max-width: 1024px) 100vw, 1024px\" \/><\/a><\/figure>\n\n\n\n<figure class=\"wp-block-image size-large\"><a href=\"https:\/\/drive.google.com\/drive\/folders\/1i-TeP20ruUqLJf8JKOJ-Zyk57_p7oyJL?usp=sharing\"><img loading=\"lazy\" decoding=\"async\" width=\"1024\" height=\"590\" data-id=\"823\" src=\"https:\/\/agora.xtec.cat\/ievirolet\/wp-content\/uploads\/usu3486\/2025\/07\/Captura-de-pantalla-2025-07-08-a-les-10.13.07-1024x590.png\" alt=\"\" class=\"wp-image-823\" srcset=\"https:\/\/agora.xtec.cat\/ievirolet\/wp-content\/uploads\/usu3486\/2025\/07\/Captura-de-pantalla-2025-07-08-a-les-10.13.07-1024x590.png 1024w, https:\/\/agora.xtec.cat\/ievirolet\/wp-content\/uploads\/usu3486\/2025\/07\/Captura-de-pantalla-2025-07-08-a-les-10.13.07-300x173.png 300w, https:\/\/agora.xtec.cat\/ievirolet\/wp-content\/uploads\/usu3486\/2025\/07\/Captura-de-pantalla-2025-07-08-a-les-10.13.07-768x442.png 768w, https:\/\/agora.xtec.cat\/ievirolet\/wp-content\/uploads\/usu3486\/2025\/07\/Captura-de-pantalla-2025-07-08-a-les-10.13.07.png 1118w\" sizes=\"auto, (max-width: 1024px) 100vw, 1024px\" \/><\/a><\/figure>\n\n\n\n<figure class=\"wp-block-image size-large\"><a href=\"https:\/\/agora.xtec.cat\/ievirolet\/wp-content\/uploads\/usu3486\/2025\/07\/Captura-de-pantalla-2025-07-08-a-les-10.13.19.png\"><img loading=\"lazy\" decoding=\"async\" width=\"1024\" height=\"589\" data-id=\"824\" src=\"https:\/\/agora.xtec.cat\/ievirolet\/wp-content\/uploads\/usu3486\/2025\/07\/Captura-de-pantalla-2025-07-08-a-les-10.13.19-1024x589.png\" alt=\"\" class=\"wp-image-824\" srcset=\"https:\/\/agora.xtec.cat\/ievirolet\/wp-content\/uploads\/usu3486\/2025\/07\/Captura-de-pantalla-2025-07-08-a-les-10.13.19-1024x589.png 1024w, https:\/\/agora.xtec.cat\/ievirolet\/wp-content\/uploads\/usu3486\/2025\/07\/Captura-de-pantalla-2025-07-08-a-les-10.13.19-300x172.png 300w, https:\/\/agora.xtec.cat\/ievirolet\/wp-content\/uploads\/usu3486\/2025\/07\/Captura-de-pantalla-2025-07-08-a-les-10.13.19-768x441.png 768w, https:\/\/agora.xtec.cat\/ievirolet\/wp-content\/uploads\/usu3486\/2025\/07\/Captura-de-pantalla-2025-07-08-a-les-10.13.19.png 1117w\" sizes=\"auto, (max-width: 1024px) 100vw, 1024px\" \/><\/a><\/figure>\n\n\n\n<figure class=\"wp-block-image size-large\"><a href=\"https:\/\/www.cateringlavostracuina.com\/\"><img loading=\"lazy\" decoding=\"async\" width=\"1024\" height=\"588\" data-id=\"826\" src=\"https:\/\/agora.xtec.cat\/ievirolet\/wp-content\/uploads\/usu3486\/2025\/07\/Captura-de-pantalla-2025-07-08-a-les-10.13.28-1024x588.png\" alt=\"\" class=\"wp-image-826\" srcset=\"https:\/\/agora.xtec.cat\/ievirolet\/wp-content\/uploads\/usu3486\/2025\/07\/Captura-de-pantalla-2025-07-08-a-les-10.13.28-1024x588.png 1024w, https:\/\/agora.xtec.cat\/ievirolet\/wp-content\/uploads\/usu3486\/2025\/07\/Captura-de-pantalla-2025-07-08-a-les-10.13.28-300x172.png 300w, https:\/\/agora.xtec.cat\/ievirolet\/wp-content\/uploads\/usu3486\/2025\/07\/Captura-de-pantalla-2025-07-08-a-les-10.13.28-768x441.png 768w, https:\/\/agora.xtec.cat\/ievirolet\/wp-content\/uploads\/usu3486\/2025\/07\/Captura-de-pantalla-2025-07-08-a-les-10.13.28.png 1120w\" sizes=\"auto, (max-width: 1024px) 100vw, 1024px\" \/><\/a><\/figure>\n\n\n\n<figure class=\"wp-block-image size-large\"><a href=\"https:\/\/agora.xtec.cat\/ievirolet\/wp-content\/uploads\/usu3486\/2025\/07\/Captura-de-pantalla-2025-07-08-a-les-10.13.38.png\"><img loading=\"lazy\" decoding=\"async\" width=\"1024\" height=\"587\" data-id=\"819\" src=\"https:\/\/agora.xtec.cat\/ievirolet\/wp-content\/uploads\/usu3486\/2025\/07\/Captura-de-pantalla-2025-07-08-a-les-10.13.38-1024x587.png\" alt=\"\" class=\"wp-image-819\" srcset=\"https:\/\/agora.xtec.cat\/ievirolet\/wp-content\/uploads\/usu3486\/2025\/07\/Captura-de-pantalla-2025-07-08-a-les-10.13.38-1024x587.png 1024w, https:\/\/agora.xtec.cat\/ievirolet\/wp-content\/uploads\/usu3486\/2025\/07\/Captura-de-pantalla-2025-07-08-a-les-10.13.38-300x172.png 300w, https:\/\/agora.xtec.cat\/ievirolet\/wp-content\/uploads\/usu3486\/2025\/07\/Captura-de-pantalla-2025-07-08-a-les-10.13.38-768x440.png 768w, https:\/\/agora.xtec.cat\/ievirolet\/wp-content\/uploads\/usu3486\/2025\/07\/Captura-de-pantalla-2025-07-08-a-les-10.13.38.png 1119w\" sizes=\"auto, (max-width: 1024px) 100vw, 1024px\" \/><\/a><\/figure>\n<\/figure>\n","protected":false},"excerpt":{"rendered":"<p>NORMATIVA DEL SERVEI DE MENJADOR INFORMACI\u00d3 SOBRE ELS MEN\u00daS 25-26 MEN\u00daS PER MESOS:<\/p>\n","protected":false},"author":1,"featured_media":0,"parent":66,"menu_order":30,"comment_status":"closed","ping_status":"closed","template":"","meta":{"site-sidebar-layout":"default","site-content-layout":"","ast-site-content-layout":"default","site-content-style":"default","site-sidebar-style":"default","ast-global-header-display":"","ast-banner-title-visibility":"","ast-main-header-display":"","ast-hfb-above-header-display":"","ast-hfb-below-header-display":"","ast-hfb-mobile-header-display":"","site-post-title":"","ast-breadcrumbs-content":"","ast-featured-img":"","footer-sml-layout":"","theme-transparent-header-meta":"","adv-header-id-meta":"","stick-header-meta":"","header-above-stick-meta":"","header-main-stick-meta":"","header-below-stick-meta":"","astra-migrate-meta-layouts":"set","ast-page-background-enabled":"default","ast-page-background-meta":{"desktop":{"background-color":"var(--ast-global-color-4)","background-image":"","background-repeat":"repeat","background-position":"center center","background-size":"auto","background-attachment":"scroll","background-type":"","background-media":"","overlay-type":"","overlay-color":"","overlay-opacity":"","overlay-gradient":""},"tablet":{"background-color":"","background-image":"","background-repeat":"repeat","background-position":"center center","background-size":"auto","background-attachment":"scroll","background-type":"","background-media":"","overlay-type":"","overlay-color":"","overlay-opacity":"","overlay-gradient":""},"mobile":{"background-color":"","background-image":"","background-repeat":"repeat","background-position":"center center","background-size":"auto","background-attachment":"scroll","background-type":"","background-media":"","overlay-type":"","overlay-color":"","overlay-opacity":"","overlay-gradient":""}},"ast-content-background-meta":{"desktop":{"background-color":"var(--ast-global-color-5)","background-image":"","background-repeat":"repeat","background-position":"center center","background-size":"auto","background-attachment":"scroll","background-type":"","background-media":"","overlay-type":"","overlay-color":"","overlay-opacity":"","overlay-gradient":""},"tablet":{"background-color":"var(--ast-global-color-5)","background-image":"","background-repeat":"repeat","background-position":"center center","background-size":"auto","background-attachment":"scroll","background-type":"","background-media":"","overlay-type":"","overlay-color":"","overlay-opacity":"","overlay-gradient":""},"mobile":{"background-color":"var(--ast-global-color-5)","background-image":"","background-repeat":"repeat","background-position":"center center","background-size":"auto","background-attachment":"scroll","background-type":"","background-media":"","overlay-type":"","overlay-color":"","overlay-opacity":"","overlay-gradient":""}},"footnotes":""},"class_list":["post-73","page","type-page","status-publish","hentry"],"post_mailing_queue_ids":[],"_links":{"self":[{"href":"https:\/\/agora.xtec.cat\/ievirolet\/wp-json\/wp\/v2\/pages\/73","targetHints":{"allow":["GET"]}}],"collection":[{"href":"https:\/\/agora.xtec.cat\/ievirolet\/wp-json\/wp\/v2\/pages"}],"about":[{"href":"https:\/\/agora.xtec.cat\/ievirolet\/wp-json\/wp\/v2\/types\/page"}],"author":[{"embeddable":true,"href":"https:\/\/agora.xtec.cat\/ievirolet\/wp-json\/wp\/v2\/users\/1"}],"replies":[{"embeddable":true,"href":"https:\/\/agora.xtec.cat\/ievirolet\/wp-json\/wp\/v2\/comments?post=73"}],"version-history":[{"count":6,"href":"https:\/\/agora.xtec.cat\/ievirolet\/wp-json\/wp\/v2\/pages\/73\/revisions"}],"predecessor-version":[{"id":1402,"href":"https:\/\/agora.xtec.cat\/ievirolet\/wp-json\/wp\/v2\/pages\/73\/revisions\/1402"}],"up":[{"embeddable":true,"href":"https:\/\/agora.xtec.cat\/ievirolet\/wp-json\/wp\/v2\/pages\/66"}],"wp:attachment":[{"href":"https:\/\/agora.xtec.cat\/ievirolet\/wp-json\/wp\/v2\/media?parent=73"}],"curies":[{"name":"wp","href":"https:\/\/api.w.org\/{rel}","templated":true}]}}