{"id":7,"date":"2014-09-17T15:07:41","date_gmt":"2014-09-17T14:07:41","guid":{"rendered":"https:\/\/agora.xtec.cat\/ievirolet\/?page_id=7"},"modified":"2025-07-04T14:10:15","modified_gmt":"2025-07-04T12:10:15","slug":"pagines-dinici","status":"publish","type":"page","link":"https:\/\/agora.xtec.cat\/ievirolet\/pagines-dinici\/","title":{"rendered":"Projecte ling\u00fc\u00edstic"},"content":{"rendered":"\n<p>El projecte ling\u00fc\u00edstic d\u2019un centre educatiu \u00e9s un document que estableix com s\u2019organitza l\u2019ensenyament i l\u2019\u00fas de les lleng\u00fces dins del centre. Defineix els criteris per a l\u2019\u00fas de les lleng\u00fces oficials i, si escau, de les lleng\u00fces estrangeres, tant a l\u2019aula com en la vida escolar. Tamb\u00e9 t\u00e9 en compte la realitat socioling\u00fc\u00edstica de l\u2019entorn i les necessitats de l\u2019alumnat, amb l\u2019objectiu de garantir la compet\u00e8ncia ling\u00fc\u00edstica dels estudiants en totes les lleng\u00fces que formen part del curr\u00edculum.<\/p>\n\n\n\n<p>CLICA EN AQUEST\u00a0<a href=\"https:\/\/agora.xtec.cat\/esc-virolet\/wp-content\/uploads\/usu660\/2022\/06\/Projecte-Linguistic-IEVirolet.pdf\">ENLLA\u00c7<\/a>\u00a0PER ACCEDIR AL DOCUMENT<\/p>\n","protected":false},"excerpt":{"rendered":"<p>El projecte ling\u00fc\u00edstic d\u2019un centre educatiu \u00e9s un document que estableix com s\u2019organitza l\u2019ensenyament i l\u2019\u00fas de les lleng\u00fces dins del centre. Defineix els criteris per a l\u2019\u00fas de les lleng\u00fces oficials i, si escau, de les lleng\u00fces estrangeres, tant a l\u2019aula com en la vida escolar. Tamb\u00e9 t\u00e9 en compte la realitat socioling\u00fc\u00edstica de [&hellip;]<\/p>\n","protected":false},"author":1,"featured_media":0,"parent":0,"menu_order":0,"comment_status":"closed","ping_status":"closed","template":"","meta":{"site-sidebar-layout":"default","site-content-layout":"","ast-site-content-layout":"default","site-content-style":"default","site-sidebar-style":"default","ast-global-header-display":"","ast-banner-title-visibility":"","ast-main-header-display":"","ast-hfb-above-header-display":"","ast-hfb-below-header-display":"","ast-hfb-mobile-header-display":"","site-post-title":"","ast-breadcrumbs-content":"","ast-featured-img":"","footer-sml-layout":"","theme-transparent-header-meta":"","adv-header-id-meta":"","stick-header-meta":"","header-above-stick-meta":"","header-main-stick-meta":"","header-below-stick-meta":"","astra-migrate-meta-layouts":"set","ast-page-background-enabled":"default","ast-page-background-meta":{"desktop":{"background-color":"var(--ast-global-color-4)","background-image":"","background-repeat":"repeat","background-position":"center center","background-size":"auto","background-attachment":"scroll","background-type":"","background-media":"","overlay-type":"","overlay-color":"","overlay-opacity":"","overlay-gradient":""},"tablet":{"background-color":"","background-image":"","background-repeat":"repeat","background-position":"center center","background-size":"auto","background-attachment":"scroll","background-type":"","background-media":"","overlay-type":"","overlay-color":"","overlay-opacity":"","overlay-gradient":""},"mobile":{"background-color":"","background-image":"","background-repeat":"repeat","background-position":"center center","background-size":"auto","background-attachment":"scroll","background-type":"","background-media":"","overlay-type":"","overlay-color":"","overlay-opacity":"","overlay-gradient":""}},"ast-content-background-meta":{"desktop":{"background-color":"var(--ast-global-color-5)","background-image":"","background-repeat":"repeat","background-position":"center center","background-size":"auto","background-attachment":"scroll","background-type":"","background-media":"","overlay-type":"","overlay-color":"","overlay-opacity":"","overlay-gradient":""},"tablet":{"background-color":"var(--ast-global-color-5)","background-image":"","background-repeat":"repeat","background-position":"center center","background-size":"auto","background-attachment":"scroll","background-type":"","background-media":"","overlay-type":"","overlay-color":"","overlay-opacity":"","overlay-gradient":""},"mobile":{"background-color":"var(--ast-global-color-5)","background-image":"","background-repeat":"repeat","background-position":"center center","background-size":"auto","background-attachment":"scroll","background-type":"","background-media":"","overlay-type":"","overlay-color":"","overlay-opacity":"","overlay-gradient":""}},"footnotes":""},"class_list":["post-7","page","type-page","status-publish","hentry"],"post_mailing_queue_ids":[],"_links":{"self":[{"href":"https:\/\/agora.xtec.cat\/ievirolet\/wp-json\/wp\/v2\/pages\/7","targetHints":{"allow":["GET"]}}],"collection":[{"href":"https:\/\/agora.xtec.cat\/ievirolet\/wp-json\/wp\/v2\/pages"}],"about":[{"href":"https:\/\/agora.xtec.cat\/ievirolet\/wp-json\/wp\/v2\/types\/page"}],"author":[{"embeddable":true,"href":"https:\/\/agora.xtec.cat\/ievirolet\/wp-json\/wp\/v2\/users\/1"}],"replies":[{"embeddable":true,"href":"https:\/\/agora.xtec.cat\/ievirolet\/wp-json\/wp\/v2\/comments?post=7"}],"version-history":[{"count":1,"href":"https:\/\/agora.xtec.cat\/ievirolet\/wp-json\/wp\/v2\/pages\/7\/revisions"}],"predecessor-version":[{"id":788,"href":"https:\/\/agora.xtec.cat\/ievirolet\/wp-json\/wp\/v2\/pages\/7\/revisions\/788"}],"wp:attachment":[{"href":"https:\/\/agora.xtec.cat\/ievirolet\/wp-json\/wp\/v2\/media?parent=7"}],"curies":[{"name":"wp","href":"https:\/\/api.w.org\/{rel}","templated":true}]}}