{"id":22,"date":"2014-09-18T12:19:57","date_gmt":"2014-09-18T11:19:57","guid":{"rendered":"https:\/\/agora.xtec.cat\/ievirolet\/?page_id=22"},"modified":"2025-07-09T09:30:14","modified_gmt":"2025-07-09T07:30:14","slug":"lescola","status":"publish","type":"page","link":"https:\/\/agora.xtec.cat\/ievirolet\/lescola\/","title":{"rendered":"L&#8217;institut escola Virolet"},"content":{"rendered":"\n<p>En aquest apartat podeu veure com ens organitzem. <\/p>\n\n\n\n<ul class=\"wp-block-list\">\n<li>L\u2019equip docent est\u00e0 format per mestres i professorat de les diferents etapes educatives. Treballem coordinadament per oferir una educaci\u00f3 coherent i de qualitat. <\/li>\n\n\n\n<li>El calendari escolar segueix les directrius del Departament d\u2019Educaci\u00f3 i inclou els dies lectius, festius i les jornades de lliure disposici\u00f3. <\/li>\n\n\n\n<li>El consell escolar \u00e9s l\u2019\u00f2rgan de participaci\u00f3 de la comunitat educativa en la gesti\u00f3 del centre, amb representaci\u00f3 de fam\u00edlies, alumnat, docents i personal d\u2019administraci\u00f3 i serveis. <\/li>\n\n\n\n<li>Les instal\u00b7lacions estan adaptades a les necessitats de cada etapa, amb espais diferenciats i recursos adequats per al desenvolupament educatiu. <\/li>\n\n\n\n<li>Les autoritzacions per a sortides, activitats i altres gestions es realitzen de manera segura i eficient, sovint a trav\u00e9s de plataformes digitals. <\/li>\n\n\n\n<li>Finalment, per a qualsevol dubte o consulta, podeu posar-vos en contacte amb el centre mitjan\u00e7ant els canals oficials que trobareu en aquest espai.<\/li>\n<\/ul>\n\n\n\n<p><\/p>\n","protected":false},"excerpt":{"rendered":"<p>En aquest apartat podeu veure com ens organitzem.<\/p>\n","protected":false},"author":1,"featured_media":0,"parent":0,"menu_order":0,"comment_status":"closed","ping_status":"closed","template":"","meta":{"site-sidebar-layout":"default","site-content-layout":"","ast-site-content-layout":"default","site-content-style":"default","site-sidebar-style":"default","ast-global-header-display":"","ast-banner-title-visibility":"","ast-main-header-display":"","ast-hfb-above-header-display":"","ast-hfb-below-header-display":"","ast-hfb-mobile-header-display":"","site-post-title":"","ast-breadcrumbs-content":"","ast-featured-img":"","footer-sml-layout":"","theme-transparent-header-meta":"","adv-header-id-meta":"","stick-header-meta":"","header-above-stick-meta":"","header-main-stick-meta":"","header-below-stick-meta":"","astra-migrate-meta-layouts":"set","ast-page-background-enabled":"default","ast-page-background-meta":{"desktop":{"background-color":"var(--ast-global-color-4)","background-image":"","background-repeat":"repeat","background-position":"center center","background-size":"auto","background-attachment":"scroll","background-type":"","background-media":"","overlay-type":"","overlay-color":"","overlay-opacity":"","overlay-gradient":""},"tablet":{"background-color":"","background-image":"","background-repeat":"repeat","background-position":"center center","background-size":"auto","background-attachment":"scroll","background-type":"","background-media":"","overlay-type":"","overlay-color":"","overlay-opacity":"","overlay-gradient":""},"mobile":{"background-color":"","background-image":"","background-repeat":"repeat","background-position":"center center","background-size":"auto","background-attachment":"scroll","background-type":"","background-media":"","overlay-type":"","overlay-color":"","overlay-opacity":"","overlay-gradient":""}},"ast-content-background-meta":{"desktop":{"background-color":"var(--ast-global-color-5)","background-image":"","background-repeat":"repeat","background-position":"center center","background-size":"auto","background-attachment":"scroll","background-type":"","background-media":"","overlay-type":"","overlay-color":"","overlay-opacity":"","overlay-gradient":""},"tablet":{"background-color":"var(--ast-global-color-5)","background-image":"","background-repeat":"repeat","background-position":"center center","background-size":"auto","background-attachment":"scroll","background-type":"","background-media":"","overlay-type":"","overlay-color":"","overlay-opacity":"","overlay-gradient":""},"mobile":{"background-color":"var(--ast-global-color-5)","background-image":"","background-repeat":"repeat","background-position":"center center","background-size":"auto","background-attachment":"scroll","background-type":"","background-media":"","overlay-type":"","overlay-color":"","overlay-opacity":"","overlay-gradient":""}},"footnotes":""},"class_list":["post-22","page","type-page","status-publish","hentry"],"post_mailing_queue_ids":[],"_links":{"self":[{"href":"https:\/\/agora.xtec.cat\/ievirolet\/wp-json\/wp\/v2\/pages\/22","targetHints":{"allow":["GET"]}}],"collection":[{"href":"https:\/\/agora.xtec.cat\/ievirolet\/wp-json\/wp\/v2\/pages"}],"about":[{"href":"https:\/\/agora.xtec.cat\/ievirolet\/wp-json\/wp\/v2\/types\/page"}],"author":[{"embeddable":true,"href":"https:\/\/agora.xtec.cat\/ievirolet\/wp-json\/wp\/v2\/users\/1"}],"replies":[{"embeddable":true,"href":"https:\/\/agora.xtec.cat\/ievirolet\/wp-json\/wp\/v2\/comments?post=22"}],"version-history":[{"count":3,"href":"https:\/\/agora.xtec.cat\/ievirolet\/wp-json\/wp\/v2\/pages\/22\/revisions"}],"predecessor-version":[{"id":859,"href":"https:\/\/agora.xtec.cat\/ievirolet\/wp-json\/wp\/v2\/pages\/22\/revisions\/859"}],"wp:attachment":[{"href":"https:\/\/agora.xtec.cat\/ievirolet\/wp-json\/wp\/v2\/media?parent=22"}],"curies":[{"name":"wp","href":"https:\/\/api.w.org\/{rel}","templated":true}]}}