{"id":1220,"date":"2025-10-21T09:31:39","date_gmt":"2025-10-21T07:31:39","guid":{"rendered":"https:\/\/agora.xtec.cat\/ievirolet\/?page_id=1220"},"modified":"2025-10-21T09:31:39","modified_gmt":"2025-10-21T07:31:39","slug":"afa","status":"publish","type":"page","link":"https:\/\/agora.xtec.cat\/ievirolet\/afa\/","title":{"rendered":"AFA"},"content":{"rendered":"\n<p>L\u2019 Associaci\u00f3 de Fam\u00edlies d\u2019Alumnes del Virolet \u00e9s un col\u00b7lectiu que forma part activa de la nostra comunitat educativa. La seva funci\u00f3 principal \u00e9s <strong>col\u00b7laborar amb <\/strong>el centre per afavorir el benestar i el desenvolupament integral dels infants, fomentant la <strong>participaci\u00f3 de les fam\u00edlies<\/strong> en la vida escolar. L\u2019AFA organitza <strong>activitats educatives, l\u00fadiques i culturals<\/strong>, d\u00f3na suport a projectes del centre i promou iniciatives que enriqueixen l\u2019experi\u00e8ncia educativa dels alumnes. Tamb\u00e9 actua com a <strong>canal de comunicaci\u00f3<\/strong> entre les fam\u00edlies i l\u2019escola, contribuint a crear un <strong>clima de col\u00b7laboraci\u00f3, respecte i implicaci\u00f3 compartida<\/strong> en l\u2019educaci\u00f3 dels nens i nenes. <\/p>\n\n\n\n<p>Cliqueu la seg\u00fcent imatge per poder accedir a la seva p\u00e0gina web.<\/p>\n\n\n\n<figure class=\"wp-block-image size-full\"><a href=\"https:\/\/afavirolet.com\/\"><img loading=\"lazy\" decoding=\"async\" width=\"188\" height=\"73\" src=\"https:\/\/agora.xtec.cat\/ievirolet\/wp-content\/uploads\/usu3486\/2025\/10\/Captura-de-pantalla-2025-10-21-a-les-9.30.56.png\" alt=\"\" class=\"wp-image-1221\"\/><\/a><\/figure>\n","protected":false},"excerpt":{"rendered":"<p>L\u2019 Associaci\u00f3 de Fam\u00edlies d\u2019Alumnes del Virolet \u00e9s un col\u00b7lectiu que forma part activa de la nostra comunitat educativa. La seva funci\u00f3 principal \u00e9s col\u00b7laborar amb el centre per afavorir el benestar i el desenvolupament integral dels infants, fomentant la participaci\u00f3 de les fam\u00edlies en la vida escolar. L\u2019AFA organitza activitats educatives, l\u00fadiques i culturals, [&hellip;]<\/p>\n","protected":false},"author":1,"featured_media":0,"parent":0,"menu_order":0,"comment_status":"closed","ping_status":"close","template":"","meta":{"site-sidebar-layout":"default","site-content-layout":"","ast-site-content-layout":"default","site-content-style":"default","site-sidebar-style":"default","ast-global-header-display":"","ast-banner-title-visibility":"","ast-main-header-display":"","ast-hfb-above-header-display":"","ast-hfb-below-header-display":"","ast-hfb-mobile-header-display":"","site-post-title":"","ast-breadcrumbs-content":"","ast-featured-img":"","footer-sml-layout":"","theme-transparent-header-meta":"","adv-header-id-meta":"","stick-header-meta":"","header-above-stick-meta":"","header-main-stick-meta":"","header-below-stick-meta":"","astra-migrate-meta-layouts":"set","ast-page-background-enabled":"default","ast-page-background-meta":{"desktop":{"background-color":"var(--ast-global-color-4)","background-image":"","background-repeat":"repeat","background-position":"center center","background-size":"auto","background-attachment":"scroll","background-type":"","background-media":"","overlay-type":"","overlay-color":"","overlay-opacity":"","overlay-gradient":""},"tablet":{"background-color":"","background-image":"","background-repeat":"repeat","background-position":"center center","background-size":"auto","background-attachment":"scroll","background-type":"","background-media":"","overlay-type":"","overlay-color":"","overlay-opacity":"","overlay-gradient":""},"mobile":{"background-color":"","background-image":"","background-repeat":"repeat","background-position":"center center","background-size":"auto","background-attachment":"scroll","background-type":"","background-media":"","overlay-type":"","overlay-color":"","overlay-opacity":"","overlay-gradient":""}},"ast-content-background-meta":{"desktop":{"background-color":"var(--ast-global-color-5)","background-image":"","background-repeat":"repeat","background-position":"center center","background-size":"auto","background-attachment":"scroll","background-type":"","background-media":"","overlay-type":"","overlay-color":"","overlay-opacity":"","overlay-gradient":""},"tablet":{"background-color":"var(--ast-global-color-5)","background-image":"","background-repeat":"repeat","background-position":"center center","background-size":"auto","background-attachment":"scroll","background-type":"","background-media":"","overlay-type":"","overlay-color":"","overlay-opacity":"","overlay-gradient":""},"mobile":{"background-color":"var(--ast-global-color-5)","background-image":"","background-repeat":"repeat","background-position":"center center","background-size":"auto","background-attachment":"scroll","background-type":"","background-media":"","overlay-type":"","overlay-color":"","overlay-opacity":"","overlay-gradient":""}},"footnotes":""},"class_list":["post-1220","page","type-page","status-publish","hentry"],"post_mailing_queue_ids":[],"_links":{"self":[{"href":"https:\/\/agora.xtec.cat\/ievirolet\/wp-json\/wp\/v2\/pages\/1220","targetHints":{"allow":["GET"]}}],"collection":[{"href":"https:\/\/agora.xtec.cat\/ievirolet\/wp-json\/wp\/v2\/pages"}],"about":[{"href":"https:\/\/agora.xtec.cat\/ievirolet\/wp-json\/wp\/v2\/types\/page"}],"author":[{"embeddable":true,"href":"https:\/\/agora.xtec.cat\/ievirolet\/wp-json\/wp\/v2\/users\/1"}],"replies":[{"embeddable":true,"href":"https:\/\/agora.xtec.cat\/ievirolet\/wp-json\/wp\/v2\/comments?post=1220"}],"version-history":[{"count":1,"href":"https:\/\/agora.xtec.cat\/ievirolet\/wp-json\/wp\/v2\/pages\/1220\/revisions"}],"predecessor-version":[{"id":1222,"href":"https:\/\/agora.xtec.cat\/ievirolet\/wp-json\/wp\/v2\/pages\/1220\/revisions\/1222"}],"wp:attachment":[{"href":"https:\/\/agora.xtec.cat\/ievirolet\/wp-json\/wp\/v2\/media?parent=1220"}],"curies":[{"name":"wp","href":"https:\/\/api.w.org\/{rel}","templated":true}]}}