{"id":77,"date":"2014-09-18T14:05:08","date_gmt":"2014-09-18T13:05:08","guid":{"rendered":"http:\/\/agora.xtec.cat\/ceipvila-roma\/?page_id=77"},"modified":"2025-08-12T13:16:46","modified_gmt":"2025-08-12T11:16:46","slug":"acollida","status":"publish","type":"page","link":"https:\/\/agora.xtec.cat\/ievila-roma\/serveis\/acollida\/","title":{"rendered":"Servei d&#8217;acollida"},"content":{"rendered":"<h6>El servei d&#8217;acollida s&#8217;ofereix al mat\u00ed de 7:45 a 9:00 i de 16:00 a 18:00<\/h6>\n<h6>Aquest servei est\u00e0 subvencionat per la pr\u00f2pia AFA al tractar-se d&#8217;una necessitat b\u00e0sica per moltes de les nostres fam\u00edlies.<\/h6>\n<h6>PREUS MAT\u00cd<\/h6>\n<h6 class=\"separator\">Import mensual: 35\u20ac (no soci: 70\u20ac)<\/h6>\n<h6 class=\"separator\">Import eventual diari: 3\u20ac (no soci: 6\u20ac)<\/h6>\n<h6>PREUS TARDA<\/h6>\n<h6 class=\"separator\">Import mensual: 35\u20ac 1 hora di\u00e0ria\u00a0 60\u20ac 2 hores (no soci 70 \/120\u20ac)<\/h6>\n<h6 class=\"separator\">Import eventual diari: 3\u20ac (no soci: 6\u20ac)<\/h6>\n<h6><\/h6>\n<h6><a href=\"https:\/\/agora.xtec.cat\/ievila-roma\/wp-content\/uploads\/usu826\/2025\/08\/acollida.jpeg\"><img loading=\"lazy\" decoding=\"async\" class=\"size-full wp-image-20097 aligncenter\" src=\"https:\/\/agora.xtec.cat\/ievila-roma\/wp-content\/uploads\/usu826\/2025\/08\/acollida.jpeg\" alt=\"\" width=\"293\" height=\"172\" \/><\/a><\/h6>\n","protected":false},"excerpt":{"rendered":"<p>El servei d&#8217;acollida s&#8217;ofereix al mat\u00ed de 7:45 a 9:00 i de 16:00 a 18:00 Aquest servei est\u00e0 subvencionat per la pr\u00f2pia AFA al tractar-se d&#8217;una necessitat b\u00e0sica per moltes de les nostres fam\u00edlies. PREUS MAT\u00cd Import mensual: 35\u20ac (no soci: 70\u20ac) Import eventual diari: 3\u20ac (no soci: 6\u20ac) PREUS TARDA Import mensual: 35\u20ac 1 [&hellip;]<\/p>\n","protected":false},"author":1,"featured_media":0,"parent":66,"menu_order":20,"comment_status":"closed","ping_status":"closed","template":"","meta":{"_bbp_topic_count":0,"_bbp_reply_count":0,"_bbp_total_topic_count":0,"_bbp_total_reply_count":0,"_bbp_voice_count":0,"_bbp_anonymous_reply_count":0,"_bbp_topic_count_hidden":0,"_bbp_reply_count_hidden":0,"_bbp_forum_subforum_count":0,"site-sidebar-layout":"default","site-content-layout":"","ast-site-content-layout":"default","site-content-style":"default","site-sidebar-style":"default","ast-global-header-display":"","ast-banner-title-visibility":"","ast-main-header-display":"","ast-hfb-above-header-display":"","ast-hfb-below-header-display":"","ast-hfb-mobile-header-display":"","site-post-title":"","ast-breadcrumbs-content":"","ast-featured-img":"","footer-sml-layout":"","theme-transparent-header-meta":"default","adv-header-id-meta":"","stick-header-meta":"","header-above-stick-meta":"","header-main-stick-meta":"","header-below-stick-meta":"","astra-migrate-meta-layouts":"set","ast-page-background-enabled":"default","ast-page-background-meta":{"desktop":{"background-color":"var(--ast-global-color-4)","background-image":"","background-repeat":"repeat","background-position":"center center","background-size":"auto","background-attachment":"scroll","background-type":"","background-media":"","overlay-type":"","overlay-color":"","overlay-opacity":"","overlay-gradient":""},"tablet":{"background-color":"","background-image":"","background-repeat":"repeat","background-position":"center center","background-size":"auto","background-attachment":"scroll","background-type":"","background-media":"","overlay-type":"","overlay-color":"","overlay-opacity":"","overlay-gradient":""},"mobile":{"background-color":"","background-image":"","background-repeat":"repeat","background-position":"center center","background-size":"auto","background-attachment":"scroll","background-type":"","background-media":"","overlay-type":"","overlay-color":"","overlay-opacity":"","overlay-gradient":""}},"ast-content-background-meta":{"desktop":{"background-color":"var(--ast-global-color-5)","background-image":"","background-repeat":"repeat","background-position":"center center","background-size":"auto","background-attachment":"scroll","background-type":"","background-media":"","overlay-type":"","overlay-color":"","overlay-opacity":"","overlay-gradient":""},"tablet":{"background-color":"var(--ast-global-color-5)","background-image":"","background-repeat":"repeat","background-position":"center center","background-size":"auto","background-attachment":"scroll","background-type":"","background-media":"","overlay-type":"","overlay-color":"","overlay-opacity":"","overlay-gradient":""},"mobile":{"background-color":"var(--ast-global-color-5)","background-image":"","background-repeat":"repeat","background-position":"center center","background-size":"auto","background-attachment":"scroll","background-type":"","background-media":"","overlay-type":"","overlay-color":"","overlay-opacity":"","overlay-gradient":""}},"footnotes":""},"class_list":["post-77","page","type-page","status-publish","hentry"],"post_mailing_queue_ids":[],"_links":{"self":[{"href":"https:\/\/agora.xtec.cat\/ievila-roma\/wp-json\/wp\/v2\/pages\/77","targetHints":{"allow":["GET"]}}],"collection":[{"href":"https:\/\/agora.xtec.cat\/ievila-roma\/wp-json\/wp\/v2\/pages"}],"about":[{"href":"https:\/\/agora.xtec.cat\/ievila-roma\/wp-json\/wp\/v2\/types\/page"}],"author":[{"embeddable":true,"href":"https:\/\/agora.xtec.cat\/ievila-roma\/wp-json\/wp\/v2\/users\/1"}],"replies":[{"embeddable":true,"href":"https:\/\/agora.xtec.cat\/ievila-roma\/wp-json\/wp\/v2\/comments?post=77"}],"version-history":[{"count":6,"href":"https:\/\/agora.xtec.cat\/ievila-roma\/wp-json\/wp\/v2\/pages\/77\/revisions"}],"predecessor-version":[{"id":20098,"href":"https:\/\/agora.xtec.cat\/ievila-roma\/wp-json\/wp\/v2\/pages\/77\/revisions\/20098"}],"up":[{"embeddable":true,"href":"https:\/\/agora.xtec.cat\/ievila-roma\/wp-json\/wp\/v2\/pages\/66"}],"wp:attachment":[{"href":"https:\/\/agora.xtec.cat\/ievila-roma\/wp-json\/wp\/v2\/media?parent=77"}],"curies":[{"name":"wp","href":"https:\/\/api.w.org\/{rel}","templated":true}]}}