{"id":73,"date":"2014-09-18T14:01:51","date_gmt":"2014-09-18T13:01:51","guid":{"rendered":"http:\/\/agora.xtec.cat\/ievalldelord\/?page_id=73"},"modified":"2025-03-18T08:53:40","modified_gmt":"2025-03-18T07:53:40","slug":"menjador-escolar","status":"publish","type":"page","link":"https:\/\/agora.xtec.cat\/ievalldelord\/serveis\/menjador-escolar\/","title":{"rendered":"Menjador escolar"},"content":{"rendered":"<p style=\"text-align: center;\"><a href=\"https:\/\/agora.xtec.cat\/ievalldelord\/wp-content\/uploads\/usu2210\/2024\/09\/espai-migdia.png_1130349558.png\"><img loading=\"lazy\" decoding=\"async\" class=\"alignnone size-full wp-image-1345\" src=\"https:\/\/agora.xtec.cat\/ievalldelord\/wp-content\/uploads\/usu2210\/2024\/09\/espai-migdia.png_1130349558.png\" alt=\"\" width=\"750\" height=\"225\" srcset=\"https:\/\/agora.xtec.cat\/ievalldelord\/wp-content\/uploads\/usu2210\/2024\/09\/espai-migdia.png_1130349558.png 750w, https:\/\/agora.xtec.cat\/ievalldelord\/wp-content\/uploads\/usu2210\/2024\/09\/espai-migdia.png_1130349558-300x90.png 300w\" sizes=\"auto, (max-width: 750px) 100vw, 750px\" \/><\/a><\/p>\n<p>&nbsp;<\/p>\n<p>En aquests enlla\u00e7os hi trobareu la informaci\u00f3 m\u00e9s significativa del menjador escolar del present curs escolar 2024-25.<\/p>\n<p><a href=\"https:\/\/documentcloud.adobe.com\/gsuiteintegration\/index.html?state=%7B%22ids%22%3A%5B%221rHRH-MY7zXtvfCRTmDutWFJhu73nTOPN%22%5D%2C%22action%22%3A%22open%22%2C%22userId%22%3A%22111881896945306380069%22%2C%22resourceKeys%22%3A%7B%7D%7D\">Carta de presentaci\u00f3 del servei i enlla\u00e7 al formulari.<\/a><\/p>\n<p><a href=\"https:\/\/documentcloud.adobe.com\/gsuiteintegration\/index.html?state=%7B%22ids%22%3A%5B%221CRbW5B9NkrPKBeDm0eHMuNO7jQsGc_95%22%5D%2C%22action%22%3A%22open%22%2C%22userId%22%3A%22111881896945306380069%22%2C%22resourceKeys%22%3A%7B%7D%7D\">Men\u00fa de primavera-estiu.<\/a><\/p>\n<p><a href=\"https:\/\/documentcloud.adobe.com\/gsuiteintegration\/index.html?state=%7B%22ids%22%3A%5B%221OeDFYPvHz1KnP-aomVtdEnQ5c0Nojjb2%22%5D%2C%22action%22%3A%22open%22%2C%22userId%22%3A%22111881896945306380069%22%2C%22resourceKeys%22%3A%7B%7D%7D\">Men\u00fa de tardor-hivern.<\/a><\/p>\n<p><a href=\"https:\/\/documentcloud.adobe.com\/gsuiteintegration\/index.html?state=%7B%22ids%22%3A%5B%2217OgSuRgcToN27Rxc3dF5HLphj7lQMLLz%22%5D%2C%22action%22%3A%22open%22%2C%22userId%22%3A%22111881896945306380069%22%2C%22resourceKeys%22%3A%7B%7D%7D\">Normativa de funcionament del menjador escolar.<\/a><\/p>\n<p><a href=\"https:\/\/drive.google.com\/file\/d\/1GW0fyB3I55N-c5ddpLtP1Ld2A8T_RCXa\/view?usp=drive_link\">Presentaci\u00f3 Projecte de Menjador<\/a><\/p>\n<p>&nbsp;<\/p>\n","protected":false},"excerpt":{"rendered":"<p><a href=\"https:\/\/agora.xtec.cat\/ievalldelord\/wp-content\/uploads\/usu2210\/2024\/09\/espai-migdia.png_1130349558.png\"><\/a><br \/>\n&nbsp;<br \/>\nEn aquests enlla\u00e7os hi trobareu la informaci\u00f3 m\u00e9s significativa del menjador escolar del present curs escolar 2024-25.<br \/>\n<a href=\"https:\/\/documentcloud.adobe.com\/gsuiteintegration\/index.html?state=%7B%22ids%22%3A%5B%221rHRH-MY7zXtvfCRTmDutWFJhu73nTOPN%22%5D%2C%22action%22%3A%22open%22%2C%22userId%22%3A%22111881896945306380069%22%2C%22resourceKeys%22%3A%7B%7D%7D\">Carta de presentaci\u00f3 del servei i enlla\u00e7 al formulari.<\/a><br \/>\n<a href=\"https:\/\/documentcloud.adobe.com\/gsuiteintegration\/index.html?state=%7B%22ids%22%3A%5B%221CRbW5B9NkrPKBeDm0eHMuNO7jQsGc_95%22%5D%2C%22action%22%3A%22open%22%2C%22userId%22%3A%22111881896945306380069%22%2C%22resourceKeys%22%3A%7B%7D%7D\">Men\u00fa de primavera-estiu.<\/a><br \/>\n<a href=\"https:\/\/documentcloud.adobe.com\/gsuiteintegration\/index.html?state=%7B%22ids%22%3A%5B%221OeDFYPvHz1KnP-aomVtdEnQ5c0Nojjb2%22%5D%2C%22action%22%3A%22open%22%2C%22userId%22%3A%22111881896945306380069%22%2C%22resourceKeys%22%3A%7B%7D%7D\">Men\u00fa de tardor-hivern.<\/a><br \/>\n<a href=\"https:\/\/documentcloud.adobe.com\/gsuiteintegration\/index.html?state=%7B%22ids%22%3A%5B%2217OgSuRgcToN27Rxc3dF5HLphj7lQMLLz%22%5D%2C%22action%22%3A%22open%22%2C%22userId%22%3A%22111881896945306380069%22%2C%22resourceKeys%22%3A%7B%7D%7D\">Normativa de funcionament del menjador escolar.<\/a><br \/>\n<a href=\"https:\/\/drive.google.com\/file\/d\/1GW0fyB3I55N-c5ddpLtP1Ld2A8T_RCXa\/view?usp=drive_link\">Presentaci\u00f3 Projecte de Menjador<\/a><br \/>\n&nbsp;<\/p>\n","protected":false},"author":1,"featured_media":0,"parent":66,"menu_order":30,"comment_status":"closed","ping_status":"closed","template":"page-templates\/side-menu.php","meta":{"_bbp_topic_count":0,"_bbp_reply_count":0,"_bbp_total_topic_count":0,"_bbp_total_reply_count":0,"_bbp_voice_count":0,"_bbp_anonymous_reply_count":0,"_bbp_topic_count_hidden":0,"_bbp_reply_count_hidden":0,"_bbp_forum_subforum_count":0,"footnotes":""},"class_list":["post-73","page","type-page","status-publish","hentry"],"post_mailing_queue_ids":[],"_links":{"self":[{"href":"https:\/\/agora.xtec.cat\/ievalldelord\/wp-json\/wp\/v2\/pages\/73","targetHints":{"allow":["GET"]}}],"collection":[{"href":"https:\/\/agora.xtec.cat\/ievalldelord\/wp-json\/wp\/v2\/pages"}],"about":[{"href":"https:\/\/agora.xtec.cat\/ievalldelord\/wp-json\/wp\/v2\/types\/page"}],"author":[{"embeddable":true,"href":"https:\/\/agora.xtec.cat\/ievalldelord\/wp-json\/wp\/v2\/users\/1"}],"replies":[{"embeddable":true,"href":"https:\/\/agora.xtec.cat\/ievalldelord\/wp-json\/wp\/v2\/comments?post=73"}],"version-history":[{"count":7,"href":"https:\/\/agora.xtec.cat\/ievalldelord\/wp-json\/wp\/v2\/pages\/73\/revisions"}],"predecessor-version":[{"id":1442,"href":"https:\/\/agora.xtec.cat\/ievalldelord\/wp-json\/wp\/v2\/pages\/73\/revisions\/1442"}],"up":[{"embeddable":true,"href":"https:\/\/agora.xtec.cat\/ievalldelord\/wp-json\/wp\/v2\/pages\/66"}],"wp:attachment":[{"href":"https:\/\/agora.xtec.cat\/ievalldelord\/wp-json\/wp\/v2\/media?parent=73"}],"curies":[{"name":"wp","href":"https:\/\/api.w.org\/{rel}","templated":true}]}}