{"id":533,"date":"2020-07-11T00:19:56","date_gmt":"2020-07-10T22:19:56","guid":{"rendered":"https:\/\/agora.xtec.cat\/ievalldelord\/?page_id=533"},"modified":"2020-07-11T00:31:49","modified_gmt":"2020-07-10T22:31:49","slug":"pla-catala-esport-a-lescola","status":"publish","type":"page","link":"https:\/\/agora.xtec.cat\/ievalldelord\/projectes-de-centre\/pla-catala-esport-a-lescola\/","title":{"rendered":"Pla Catal\u00e0 Esport a l&#8217;Escola"},"content":{"rendered":"<p><a href=\"http:\/\/agora.xtec.cat\/si-stllorenc\/wp-content\/uploads\/usu1302\/2016\/05\/plaesportjfeitu.gif\"><img loading=\"lazy\" decoding=\"async\" class=\"size-full wp-image-482 aligncenter\" src=\"http:\/\/agora.xtec.cat\/si-stllorenc\/wp-content\/uploads\/usu1302\/2016\/05\/plaesportjfeitu.gif\" alt=\"plaesportjfeitu\" width=\"220\" height=\"196\" \/><\/a><\/p>\n<h4 style=\"text-align: justify;\">Esport per a tothom<\/h4>\n<div style=\"text-align: justify;\">\n<div>\n<div>\n<div>\n<div>\n<p>El Govern de la Generalitat de Catalunya va creure necess\u00e0ria la impulsi\u00f3 d&#8217;aquest Pla en base a l&#8217;an\u00e0lisi d&#8217;una s\u00e8rie de circumst\u00e0ncies entre les quals podem destacar les seg\u00fcents:<\/p>\n<ul>\n<li>\u00cdndex molt redu\u00eft de participaci\u00f3 de l&#8217;alumnat en l&#8217;esport escolar<\/li>\n<li>Increment dels h\u00e0bits sedentaris i de l&#8217;obesitat, amb una incid\u00e8ncia preocupant en la poblaci\u00f3 infantil i juvenil<\/li>\n<li>Demanda social creixent en mat\u00e8ria de salut i benestar<\/li>\n<\/ul>\n<\/div>\n<\/div>\n<\/div>\n<\/div>\n<\/div>\n<div style=\"text-align: justify;\">\n<div>\n<div>\n<h4>Els objectius del Pla<\/h4>\n<div>\n<div>\n<p>El Pla pret\u00e9n posar a l&#8217;abast de tots els alumnes de prim\u00e0ria i secund\u00e0ria la pr\u00e0ctica d&#8217;activitats f\u00edsiques i esportives, i aprofitar el gran potencial d&#8217;aquestes activitats per contribuir a la formaci\u00f3 personal i c\u00edvica dels nostres infants i joves.<br \/>\nM\u00e9s concretament, podem destacar els objectius seg\u00fcents:<\/p>\n<ul>\n<li>Incrementar la participaci\u00f3 en activitats f\u00edsiques i esportives en horari no lectiu de l&#8217;alumnat dels centres educatius de prim\u00e0ria i de secund\u00e0ria, amb una incid\u00e8ncia especial en el col\u00b7lectiu de noies.<\/li>\n<li>Aprofitar el gran potencial educatiu i formatiu de les activitats f\u00edsiques i esportives, cercant la participaci\u00f3 per damunt de la competitivitat.<\/li>\n<li>Potenciar la funci\u00f3 integradora i de cohesi\u00f3 social de l&#8217;esport escolar, facilitant l&#8217;acc\u00e9s de tots els nens i nenes a la pr\u00e0ctica esportiva escolar, i en especial dels nouvinguts.<\/li>\n<li>Contribuir mitjan\u00e7ant la pr\u00e0ctica esportiva a la formaci\u00f3 en valors com la toler\u00e0ncia, el respecte als altres i a les regles, la confian\u00e7a en un mateix, l&#8217;esfor\u00e7 de superaci\u00f3, l&#8217;autocr\u00edtica, l&#8217;autonomia, la capacitat de decisi\u00f3, l&#8217;autogesti\u00f3, la cooperaci\u00f3, el treball en equip, entre d&#8217;altres.<\/li>\n<li>Fomentar la pr\u00e0ctica regular d&#8217;activitats f\u00edsiques i esportives i l&#8217;adquisici\u00f3 d&#8217;h\u00e0bits saludables que contribueixin a un millor benestar.<\/li>\n<li>Formar joves en els valors ciutadans mitjan\u00e7ant la seva participaci\u00f3 activa en la gesti\u00f3 de les associacions esportives escolars de nova creaci\u00f3.<\/li>\n<\/ul>\n<\/div>\n<\/div>\n<\/div>\n<\/div>\n<\/div>\n<div style=\"text-align: justify;\">\n<div>\n<div>\n<h4>Els agents del Pla<\/h4>\n<div>\n<div>\n<p>El desenvolupament d&#8217;aquest Pla en el territori fa que sigui necess\u00e0ria la intervenci\u00f3 coordinada de diversos agents, entre els quals podem destacar els seg\u00fcents:<\/p>\n<ul>\n<li>Generalitat de Catalunya, mitjan\u00e7ant els Departaments d&#8217;Ensenyament i de la Presid\u00e8ncia (Secretaria General de l&#8217;Esport)<\/li>\n<li>Centres educatius p\u00fablics i concertats<\/li>\n<li>Consells Esportius<\/li>\n<li>Ajuntaments<\/li>\n<\/ul>\n<\/div>\n<\/div>\n<\/div>\n<\/div>\n<\/div>\n<div>\n<div>\n<div>\n<h4 style=\"text-align: justify;\">Els punts claus del Pla<\/h4>\n<div>\n<div>\n<p style=\"text-align: justify;\">El Pla es basa en una s\u00e8rie d&#8217;actuacions entre les quals podem destacar les seg\u00fcents:<\/p>\n<ul>\n<li style=\"text-align: justify;\">Creaci\u00f3 de les Associacions Esportives Escolars als centres educatius, amb la participaci\u00f3 activa dels alumnes de secund\u00e0ria i de la resta de la comunitat educativa (equip directiu i AMPA), aix\u00ed com d&#8217;exalumnes o d&#8217;altres persones o entitats del barri.<\/li>\n<li style=\"text-align: justify;\">Coordinaci\u00f3 de les activitats, per mitj\u00e0 d&#8217;un professor\/a del centre educatiu, principalment d&#8217;Educaci\u00f3 F\u00edsica.<\/li>\n<li style=\"text-align: justify;\">Col\u00b7laboraci\u00f3 entre el centre educatiu, el consell esportiu i l\u2019ajuntament corresponent.<\/li>\n<li style=\"text-align: justify;\">Dinamitzaci\u00f3 per part dels l\u00edders del centre educatiu o del barri.<\/li>\n<li style=\"text-align: justify;\">Oferta d&#8217;activitats f\u00edsiques i esportives que responguin als interessos i demandes canviants dels nois i de les noies.<\/li>\n<\/ul>\n<p><a href=\"http:\/\/agora.xtec.cat\/si-stllorenc\/wp-content\/uploads\/usu1302\/2016\/05\/logoaeemv.jpg\"><img loading=\"lazy\" decoding=\"async\" class=\"aligncenter wp-image-625 size-medium\" src=\"http:\/\/agora.xtec.cat\/si-stllorenc\/wp-content\/uploads\/usu1302\/2016\/05\/logoaeemv-300x274.jpg\" alt=\"logoaeemv\" width=\"300\" height=\"274\" \/><\/a><\/p>\n<\/div>\n<\/div>\n<\/div>\n<\/div>\n<\/div>\n","protected":false},"excerpt":{"rendered":"<p><a href=\"http:\/\/agora.xtec.cat\/si-stllorenc\/wp-content\/uploads\/usu1302\/2016\/05\/plaesportjfeitu.gif\"><\/a><br \/>\nEsport per a tothom<\/p>\n<p>El Govern de la Generalitat de Catalunya va creure necess\u00e0ria la impulsi\u00f3 d&#8217;aquest Pla en base a l&#8217;an\u00e0lisi d&#8217;una s\u00e8rie de circumst\u00e0ncies entre les quals podem destacar les seg\u00fcents:<\/p>\n<ul>\n<li>\u00cdndex molt redu\u00eft de participaci\u00f3 de l&#8217;alumnat en l&#8217;esport escolar<\/li>\n<li>Increment dels h\u00e0bits sedentaris&hellip;  <a href=\"https:\/\/agora.xtec.cat\/ievalldelord\/projectes-de-centre\/pla-catala-esport-a-lescola\/\" title=\"Read Pla Catal\u00e0 Esport a l&#8217;Escola\">Llegeix m\u00e9s\u00bb<\/a><br \/>\n","protected":false},"author":1,"featured_media":0,"parent":525,"menu_order":3,"comment_status":"closed","ping_status":"closed","template":"","meta":{"_bbp_topic_count":0,"_bbp_reply_count":0,"_bbp_total_topic_count":0,"_bbp_total_reply_count":0,"_bbp_voice_count":0,"_bbp_anonymous_reply_count":0,"_bbp_topic_count_hidden":0,"_bbp_reply_count_hidden":0,"_bbp_forum_subforum_count":0,"footnotes":""},"class_list":["post-533","page","type-page","status-publish","hentry"],"post_mailing_queue_ids":[],"_links":{"self":[{"href":"https:\/\/agora.xtec.cat\/ievalldelord\/wp-json\/wp\/v2\/pages\/533","targetHints":{"allow":["GET"]}}],"collection":[{"href":"https:\/\/agora.xtec.cat\/ievalldelord\/wp-json\/wp\/v2\/pages"}],"about":[{"href":"https:\/\/agora.xtec.cat\/ievalldelord\/wp-json\/wp\/v2\/types\/page"}],"author":[{"embeddable":true,"href":"https:\/\/agora.xtec.cat\/ievalldelord\/wp-json\/wp\/v2\/users\/1"}],"replies":[{"embeddable":true,"href":"https:\/\/agora.xtec.cat\/ievalldelord\/wp-json\/wp\/v2\/comments?post=533"}],"version-history":[{"count":2,"href":"https:\/\/agora.xtec.cat\/ievalldelord\/wp-json\/wp\/v2\/pages\/533\/revisions"}],"predecessor-version":[{"id":550,"href":"https:\/\/agora.xtec.cat\/ievalldelord\/wp-json\/wp\/v2\/pages\/533\/revisions\/550"}],"up":[{"embeddable":true,"href":"https:\/\/agora.xtec.cat\/ievalldelord\/wp-json\/wp\/v2\/pages\/525"}],"wp:attachment":[{"href":"https:\/\/agora.xtec.cat\/ievalldelord\/wp-json\/wp\/v2\/media?parent=533"}],"curies":[{"name":"wp","href":"https:\/\/api.w.org\/{rel}","templated":true}]}}