{"id":73,"date":"2014-09-18T14:01:51","date_gmt":"2014-09-18T13:01:51","guid":{"rendered":"http:\/\/agora.xtec.cat\/iedecaldes\/?page_id=73"},"modified":"2025-11-17T14:53:25","modified_gmt":"2025-11-17T13:53:25","slug":"menjador-escolar","status":"publish","type":"page","link":"https:\/\/agora.xtec.cat\/ietramuntana\/serveis-3\/menjador-escolar\/","title":{"rendered":"Espai Migdia"},"content":{"rendered":"\n<p class=\"has-medium-font-size\">El nostre menjador escolar est\u00e0 gestionat per l\u2019empresa<strong> <\/strong>Gresca Serveis L\u00fadics.\u00a0 i la coordinadora \u00e9s la N\u00faria.<\/p>\n\n\n\n<h3 class=\"wp-block-heading\">Atenci\u00f3 i contacte<\/h3>\n\n\n\n<figure class=\"wp-block-image alignleft size-full is-resized\"><a href=\"https:\/\/agora.xtec.cat\/ietramuntana\/wp-content\/uploads\/usu3053\/2025\/11\/image.png\"><img loading=\"lazy\" decoding=\"async\" width=\"150\" height=\"150\" src=\"https:\/\/agora.xtec.cat\/ietramuntana\/wp-content\/uploads\/usu3053\/2025\/11\/image.png\" alt=\"\" class=\"wp-image-1755\" style=\"width:29px;height:auto\"\/><\/a><\/figure>\n\n\n\n<p class=\"has-medium-font-size\">menjadorietramuntana@gmail.com<\/p>\n\n\n\n<figure class=\"wp-block-image alignleft size-full is-resized\"><a href=\"https:\/\/agora.xtec.cat\/ietramuntana\/wp-content\/uploads\/usu3053\/2025\/11\/image-4.png\"><img loading=\"lazy\" decoding=\"async\" width=\"150\" height=\"150\" src=\"https:\/\/agora.xtec.cat\/ietramuntana\/wp-content\/uploads\/usu3053\/2025\/11\/image-4.png\" alt=\"\" class=\"wp-image-1781\" style=\"width:33px;height:auto\"\/><\/a><\/figure>\n\n\n\n<p>675124045 (fins les 15h)<\/p>\n\n\n\n<figure class=\"wp-block-image alignleft size-full is-resized\"><a href=\"https:\/\/agora.xtec.cat\/ietramuntana\/wp-content\/uploads\/usu3053\/2025\/11\/image-1.png\"><img loading=\"lazy\" decoding=\"async\" width=\"150\" height=\"150\" src=\"https:\/\/agora.xtec.cat\/ietramuntana\/wp-content\/uploads\/usu3053\/2025\/11\/image-1.png\" alt=\"\" class=\"wp-image-1756\" style=\"width:32px;height:auto\"\/><\/a><\/figure>\n\n\n\n<p class=\"has-medium-font-size\">Presencialment al menjador de l&#8217;escola de 9h a 10h<\/p>\n\n\n\n<p><\/p>\n\n\n\n<h3 class=\"wp-block-heading\">Preus<\/h3>\n\n\n\n<ul class=\"wp-block-list\">\n<li class=\"has-medium-font-size\" style=\"padding-top:var(--wp--preset--spacing--20);padding-bottom:var(--wp--preset--spacing--20)\"><strong>INFANTIL I PRIM\u00c0RIA:<\/strong> El preu per un dia fixe \u00e9s de 7.21\u20ac<\/li>\n\n\n\n<li class=\"has-medium-font-size\" style=\"padding-top:var(--wp--preset--spacing--20);padding-bottom:var(--wp--preset--spacing--20)\"><strong>SECUND\u00c0RIA: <\/strong>El preu per un dia fixe \u00e9s de 7.13\u20ac<\/li>\n<\/ul>\n\n\n\n<p><\/p>\n\n\n\n<h3 class=\"wp-block-heading\"><strong>P<\/strong>reguntes freq\u00fcents<\/h3>\n\n\n\n<div class=\"wp-block-getwid-toggle has-icon-left\">\n<div class=\"wp-block-getwid-toggle__row\"><div class=\"wp-block-getwid-toggle__header-wrapper\"><span class=\"wp-block-getwid-toggle__header\"><a href=\"#\"><span class=\"wp-block-getwid-toggle__header-title\"><strong>COM DONAR-SE DE BAIXA UN DIA DE MENJADOR?<\/strong><\/span><span class=\"wp-block-getwid-toggle__icon is-active\"><i class=\"fas fa-plus\"><\/i><\/span><span class=\"wp-block-getwid-toggle__icon is-passive\"><i class=\"fas fa-minus\"><\/i><\/span><\/a><\/span><\/div><div class=\"wp-block-getwid-toggle__content-wrapper\"><div class=\"wp-block-getwid-toggle__content\">\n<p class=\"has-medium-font-size\">Si un dia falta un\/a alumne\/a, cal enviar un correu a <a href=\"mailto:menjadorietramuntana@gmail.com\" target=\"_blank\" rel=\"noreferrer noopener\"><strong>menjadorietramuntana@gmail.com<\/strong><\/a>. Si s&#8217;ha avisat es descomptaran 3.70\u20ac.<\/p>\n<\/div><\/div><\/div>\n\n\n\n<div class=\"wp-block-getwid-toggle__row\"><div class=\"wp-block-getwid-toggle__header-wrapper\"><span class=\"wp-block-getwid-toggle__header\"><a href=\"#\"><span class=\"wp-block-getwid-toggle__header-title\"><strong>SI EL MEU FILL\/A T\u00c9 UNA SORTIDA, HI HA DRET A P\u00cdCNIC?<\/strong><\/span><span class=\"wp-block-getwid-toggle__icon is-active\"><i class=\"fas fa-plus\"><\/i><\/span><span class=\"wp-block-getwid-toggle__icon is-passive\"><i class=\"fas fa-minus\"><\/i><\/span><\/a><\/span><\/div><div class=\"wp-block-getwid-toggle__content-wrapper\"><div class=\"wp-block-getwid-toggle__content\">\n<p class=\"has-medium-font-size\">Quan hi ha una sortida s&#8217;envia un formulari de google a les fam\u00edlies perqu\u00e8&nbsp;diguin si volen p\u00edcnic&nbsp;o no.<\/p>\n<\/div><\/div><\/div>\n\n\n\n<div class=\"wp-block-getwid-toggle__row\"><div class=\"wp-block-getwid-toggle__header-wrapper\"><span class=\"wp-block-getwid-toggle__header\"><a href=\"#\"><span class=\"wp-block-getwid-toggle__header-title\"><strong>COM APUNTAR EL MEU FILL\/A A DINAR UN DIA ESPOR\u00c0DIC?<\/strong><\/span><span class=\"wp-block-getwid-toggle__icon is-active\"><i class=\"fas fa-plus\"><\/i><\/span><span class=\"wp-block-getwid-toggle__icon is-passive\"><i class=\"fas fa-minus\"><\/i><\/span><\/a><\/span><\/div><div class=\"wp-block-getwid-toggle__content-wrapper\"><div class=\"wp-block-getwid-toggle__content\">\n<p class=\"has-medium-font-size\">Cal notificar-ho a trav\u00e9s del correu electr\u00f2nic <strong>menjadorietramuntana@gmail.com<\/strong> o presencialment pel mat\u00ed de 9h a 10h al menjador de l&#8217;escola, on la Nuria us atendr\u00e0. <\/p>\n\n\n\n<p class=\"has-medium-font-size\">Si l&#8217;alumne\/a \u00e9s fix\/a, la fam\u00edlia ha d&#8217;omplir el document SEPA (el podeu demanar per correu o presencialment) i portar-lo signat en f\u00edsic o signar-lo amb signatura digital per mail. Si l&#8217;alumne no es queda a dinar de manera habitual altres dies, el pagament es far\u00e0 amb targeta banc\u00e0ria al menjador en l&#8217;horari d&#8217;atenci\u00f3 esmentat.<\/p>\n<\/div><\/div><\/div>\n<\/div>\n\n\n\n<div class=\"wp-block-columns is-layout-flex wp-container-core-columns-is-layout-1 wp-block-columns-is-layout-flex\">\n<div class=\"wp-block-column is-layout-flow wp-block-column-is-layout-flow\">\n<figure class=\"wp-block-image aligncenter size-medium is-resized\"><a href=\"https:\/\/agora.xtec.cat\/ietramuntana\/menus\/\"><img loading=\"lazy\" decoding=\"async\" width=\"300\" height=\"300\" src=\"https:\/\/agora.xtec.cat\/ietramuntana\/wp-content\/uploads\/usu3053\/2025\/10\/Icones-web-5-300x300.png\" alt=\"\" class=\"wp-image-1612\" style=\"object-fit:cover;width:372px;height:auto\" srcset=\"https:\/\/agora.xtec.cat\/ietramuntana\/wp-content\/uploads\/usu3053\/2025\/10\/Icones-web-5-300x300.png 300w, https:\/\/agora.xtec.cat\/ietramuntana\/wp-content\/uploads\/usu3053\/2025\/10\/Icones-web-5-150x150.png 150w, https:\/\/agora.xtec.cat\/ietramuntana\/wp-content\/uploads\/usu3053\/2025\/10\/Icones-web-5.png 500w\" sizes=\"auto, (max-width: 300px) 100vw, 300px\" \/><\/a><\/figure>\n<\/div>\n\n\n\n<div class=\"wp-block-column is-layout-flow wp-block-column-is-layout-flow\">\n<figure class=\"wp-block-image aligncenter size-full is-resized\"><a href=\"https:\/\/agora.xtec.cat\/ietramuntana\/dinar-amb-families\/\"><img loading=\"lazy\" decoding=\"async\" width=\"500\" height=\"500\" src=\"https:\/\/agora.xtec.cat\/ietramuntana\/wp-content\/uploads\/usu3053\/2025\/10\/Icones-web-12.png\" alt=\"\" class=\"wp-image-1628\" style=\"width:372px\" srcset=\"https:\/\/agora.xtec.cat\/ietramuntana\/wp-content\/uploads\/usu3053\/2025\/10\/Icones-web-12.png 500w, https:\/\/agora.xtec.cat\/ietramuntana\/wp-content\/uploads\/usu3053\/2025\/10\/Icones-web-12-300x300.png 300w, https:\/\/agora.xtec.cat\/ietramuntana\/wp-content\/uploads\/usu3053\/2025\/10\/Icones-web-12-150x150.png 150w\" sizes=\"auto, (max-width: 500px) 100vw, 500px\" \/><\/a><\/figure>\n<\/div>\n\n\n\n<div class=\"wp-block-column is-layout-flow wp-block-column-is-layout-flow\">\n<figure class=\"wp-block-image aligncenter size-full is-resized\"><img loading=\"lazy\" decoding=\"async\" width=\"500\" height=\"500\" src=\"https:\/\/agora.xtec.cat\/ietramuntana\/wp-content\/uploads\/usu3053\/2025\/10\/Icones-web-6.png\" alt=\"\" class=\"wp-image-1611\" style=\"width:372px\" srcset=\"https:\/\/agora.xtec.cat\/ietramuntana\/wp-content\/uploads\/usu3053\/2025\/10\/Icones-web-6.png 500w, https:\/\/agora.xtec.cat\/ietramuntana\/wp-content\/uploads\/usu3053\/2025\/10\/Icones-web-6-300x300.png 300w, https:\/\/agora.xtec.cat\/ietramuntana\/wp-content\/uploads\/usu3053\/2025\/10\/Icones-web-6-150x150.png 150w\" sizes=\"auto, (max-width: 500px) 100vw, 500px\" \/><\/figure>\n<\/div>\n<\/div>\n\n\n\n<p><\/p>\n","protected":false},"excerpt":{"rendered":"<p>El nostre menjador escolar est\u00e0 gestionat per l\u2019empresa Gresca Serveis L\u00fadics.\u00a0 i la coordinadora \u00e9s la N\u00faria. Atenci\u00f3 i contacte menjadorietramuntana@gmail.com 675124045 (fins les 15h) Presencialment al menjador de l&#8217;escola de 9h a 10h Preus Preguntes freq\u00fcents<\/p>\n","protected":false},"author":6,"featured_media":0,"parent":1461,"menu_order":30,"comment_status":"closed","ping_status":"closed","template":"","meta":{"site-sidebar-layout":"default","site-content-layout":"","ast-site-content-layout":"default","site-content-style":"default","site-sidebar-style":"default","ast-global-header-display":"","ast-banner-title-visibility":"","ast-main-header-display":"","ast-hfb-above-header-display":"","ast-hfb-below-header-display":"","ast-hfb-mobile-header-display":"","site-post-title":"","ast-breadcrumbs-content":"","ast-featured-img":"","footer-sml-layout":"","theme-transparent-header-meta":"","adv-header-id-meta":"","stick-header-meta":"","header-above-stick-meta":"","header-main-stick-meta":"","header-below-stick-meta":"","astra-migrate-meta-layouts":"set","ast-page-background-enabled":"default","ast-page-background-meta":{"desktop":{"background-color":"var(--ast-global-color-4)","background-image":"","background-repeat":"repeat","background-position":"center center","background-size":"auto","background-attachment":"scroll","background-type":"","background-media":"","overlay-type":"","overlay-color":"","overlay-opacity":"","overlay-gradient":""},"tablet":{"background-color":"","background-image":"","background-repeat":"repeat","background-position":"center center","background-size":"auto","background-attachment":"scroll","background-type":"","background-media":"","overlay-type":"","overlay-color":"","overlay-opacity":"","overlay-gradient":""},"mobile":{"background-color":"","background-image":"","background-repeat":"repeat","background-position":"center center","background-size":"auto","background-attachment":"scroll","background-type":"","background-media":"","overlay-type":"","overlay-color":"","overlay-opacity":"","overlay-gradient":""}},"ast-content-background-meta":{"desktop":{"background-color":"var(--ast-global-color-5)","background-image":"","background-repeat":"repeat","background-position":"center center","background-size":"auto","background-attachment":"scroll","background-type":"","background-media":"","overlay-type":"","overlay-color":"","overlay-opacity":"","overlay-gradient":""},"tablet":{"background-color":"var(--ast-global-color-5)","background-image":"","background-repeat":"repeat","background-position":"center center","background-size":"auto","background-attachment":"scroll","background-type":"","background-media":"","overlay-type":"","overlay-color":"","overlay-opacity":"","overlay-gradient":""},"mobile":{"background-color":"var(--ast-global-color-5)","background-image":"","background-repeat":"repeat","background-position":"center center","background-size":"auto","background-attachment":"scroll","background-type":"","background-media":"","overlay-type":"","overlay-color":"","overlay-opacity":"","overlay-gradient":""}},"footnotes":""},"class_list":["post-73","page","type-page","status-publish","hentry"],"post_mailing_queue_ids":[],"_links":{"self":[{"href":"https:\/\/agora.xtec.cat\/ietramuntana\/wp-json\/wp\/v2\/pages\/73","targetHints":{"allow":["GET"]}}],"collection":[{"href":"https:\/\/agora.xtec.cat\/ietramuntana\/wp-json\/wp\/v2\/pages"}],"about":[{"href":"https:\/\/agora.xtec.cat\/ietramuntana\/wp-json\/wp\/v2\/types\/page"}],"author":[{"embeddable":true,"href":"https:\/\/agora.xtec.cat\/ietramuntana\/wp-json\/wp\/v2\/users\/6"}],"replies":[{"embeddable":true,"href":"https:\/\/agora.xtec.cat\/ietramuntana\/wp-json\/wp\/v2\/comments?post=73"}],"version-history":[{"count":6,"href":"https:\/\/agora.xtec.cat\/ietramuntana\/wp-json\/wp\/v2\/pages\/73\/revisions"}],"predecessor-version":[{"id":1802,"href":"https:\/\/agora.xtec.cat\/ietramuntana\/wp-json\/wp\/v2\/pages\/73\/revisions\/1802"}],"up":[{"embeddable":true,"href":"https:\/\/agora.xtec.cat\/ietramuntana\/wp-json\/wp\/v2\/pages\/1461"}],"wp:attachment":[{"href":"https:\/\/agora.xtec.cat\/ietramuntana\/wp-json\/wp\/v2\/media?parent=73"}],"curies":[{"name":"wp","href":"https:\/\/api.w.org\/{rel}","templated":true}]}}

<p class="has-medium-font-size">El nostre menjador escolar està gestionat per l’empresa<strong> </strong>Gresca Serveis Lúdics.  i la coordinadora és la Núria.</p>



<h3 class="wp-block-heading">Atenció i contacte</h3>



<figure class="wp-block-image alignleft size-full is-resized"><a href="https://agora.xtec.cat/ietramuntana/wp-content/uploads/usu3053/2025/11/image.png"><img loading="lazy" decoding="async" width="150" height="150" src="https://agora.xtec.cat/ietramuntana/wp-content/uploads/usu3053/2025/11/image.png" alt="" class="wp-image-1755" style="width:29px;height:auto"/></a></figure>



<p class="has-medium-font-size">menjadorietramuntana@gmail.com</p>



<figure class="wp-block-image alignleft size-full is-resized"><a href="https://agora.xtec.cat/ietramuntana/wp-content/uploads/usu3053/2025/11/image-4.png"><img loading="lazy" decoding="async" width="150" height="150" src="https://agora.xtec.cat/ietramuntana/wp-content/uploads/usu3053/2025/11/image-4.png" alt="" class="wp-image-1781" style="width:33px;height:auto"/></a></figure>



<p>675124045 (fins les 15h)</p>



<figure class="wp-block-image alignleft size-full is-resized"><a href="https://agora.xtec.cat/ietramuntana/wp-content/uploads/usu3053/2025/11/image-1.png"><img loading="lazy" decoding="async" width="150" height="150" src="https://agora.xtec.cat/ietramuntana/wp-content/uploads/usu3053/2025/11/image-1.png" alt="" class="wp-image-1756" style="width:32px;height:auto"/></a></figure>



<p class="has-medium-font-size">Presencialment al menjador de l&#8217;escola de 9h a 10h</p>



<p></p>



<h3 class="wp-block-heading">Preus</h3>



<ul class="wp-block-list">
<li class="has-medium-font-size" style="padding-top:var(--wp--preset--spacing--20);padding-bottom:var(--wp--preset--spacing--20)"><strong>INFANTIL I PRIMÀRIA:</strong> El preu per un dia fixe és de 7.21€</li>



<li class="has-medium-font-size" style="padding-top:var(--wp--preset--spacing--20);padding-bottom:var(--wp--preset--spacing--20)"><strong>SECUNDÀRIA: </strong>El preu per un dia fixe és de 7.13€</li>
</ul>



<p></p>



<h3 class="wp-block-heading"><strong>P</strong>reguntes freqüents</h3>



<div class="wp-block-getwid-toggle has-icon-left">
<div class="wp-block-getwid-toggle__row"><div class="wp-block-getwid-toggle__header-wrapper"><span class="wp-block-getwid-toggle__header"><a href="#"><span class="wp-block-getwid-toggle__header-title"><strong>COM DONAR-SE DE BAIXA UN DIA DE MENJADOR?</strong></span><span class="wp-block-getwid-toggle__icon is-active"><i class="fas fa-plus"></i></span><span class="wp-block-getwid-toggle__icon is-passive"><i class="fas fa-minus"></i></span></a></span></div><div class="wp-block-getwid-toggle__content-wrapper"><div class="wp-block-getwid-toggle__content">
<p class="has-medium-font-size">Si un dia falta un/a alumne/a, cal enviar un correu a <a href="mailto:menjadorietramuntana@gmail.com" target="_blank" rel="noreferrer noopener"><strong>menjadorietramuntana@gmail.com</strong></a>. Si s&#8217;ha avisat es descomptaran 3.70€.</p>
</div></div></div>



<div class="wp-block-getwid-toggle__row"><div class="wp-block-getwid-toggle__header-wrapper"><span class="wp-block-getwid-toggle__header"><a href="#"><span class="wp-block-getwid-toggle__header-title"><strong>SI EL MEU FILL/A TÉ UNA SORTIDA, HI HA DRET A PÍCNIC?</strong></span><span class="wp-block-getwid-toggle__icon is-active"><i class="fas fa-plus"></i></span><span class="wp-block-getwid-toggle__icon is-passive"><i class="fas fa-minus"></i></span></a></span></div><div class="wp-block-getwid-toggle__content-wrapper"><div class="wp-block-getwid-toggle__content">
<p class="has-medium-font-size">Quan hi ha una sortida s&#8217;envia un formulari de google a les famílies perquè&nbsp;diguin si volen pícnic&nbsp;o no.</p>
</div></div></div>



<div class="wp-block-getwid-toggle__row"><div class="wp-block-getwid-toggle__header-wrapper"><span class="wp-block-getwid-toggle__header"><a href="#"><span class="wp-block-getwid-toggle__header-title"><strong>COM APUNTAR EL MEU FILL/A A DINAR UN DIA ESPORÀDIC?</strong></span><span class="wp-block-getwid-toggle__icon is-active"><i class="fas fa-plus"></i></span><span class="wp-block-getwid-toggle__icon is-passive"><i class="fas fa-minus"></i></span></a></span></div><div class="wp-block-getwid-toggle__content-wrapper"><div class="wp-block-getwid-toggle__content">
<p class="has-medium-font-size">Cal notificar-ho a través del correu electrònic <strong>menjadorietramuntana@gmail.com</strong> o presencialment pel matí de 9h a 10h al menjador de l&#8217;escola, on la Nuria us atendrà. </p>



<p class="has-medium-font-size">Si l&#8217;alumne/a és fix/a, la família ha d&#8217;omplir el document SEPA (el podeu demanar per correu o presencialment) i portar-lo signat en físic o signar-lo amb signatura digital per mail. Si l&#8217;alumne no es queda a dinar de manera habitual altres dies, el pagament es farà amb targeta bancària al menjador en l&#8217;horari d&#8217;atenció esmentat.</p>
</div></div></div>
</div>



<div class="wp-block-columns is-layout-flex wp-container-core-columns-is-layout-1 wp-block-columns-is-layout-flex">
<div class="wp-block-column is-layout-flow wp-block-column-is-layout-flow">
<figure class="wp-block-image aligncenter size-medium is-resized"><a href="https://agora.xtec.cat/ietramuntana/menus/"><img loading="lazy" decoding="async" width="300" height="300" src="https://agora.xtec.cat/ietramuntana/wp-content/uploads/usu3053/2025/10/Icones-web-5-300x300.png" alt="" class="wp-image-1612" style="object-fit:cover;width:372px;height:auto" srcset="https://agora.xtec.cat/ietramuntana/wp-content/uploads/usu3053/2025/10/Icones-web-5-300x300.png 300w, https://agora.xtec.cat/ietramuntana/wp-content/uploads/usu3053/2025/10/Icones-web-5-150x150.png 150w, https://agora.xtec.cat/ietramuntana/wp-content/uploads/usu3053/2025/10/Icones-web-5.png 500w" sizes="auto, (max-width: 300px) 100vw, 300px" /></a></figure>
</div>



<div class="wp-block-column is-layout-flow wp-block-column-is-layout-flow">
<figure class="wp-block-image aligncenter size-full is-resized"><a href="https://agora.xtec.cat/ietramuntana/dinar-amb-families/"><img loading="lazy" decoding="async" width="500" height="500" src="https://agora.xtec.cat/ietramuntana/wp-content/uploads/usu3053/2025/10/Icones-web-12.png" alt="" class="wp-image-1628" style="width:372px" srcset="https://agora.xtec.cat/ietramuntana/wp-content/uploads/usu3053/2025/10/Icones-web-12.png 500w, https://agora.xtec.cat/ietramuntana/wp-content/uploads/usu3053/2025/10/Icones-web-12-300x300.png 300w, https://agora.xtec.cat/ietramuntana/wp-content/uploads/usu3053/2025/10/Icones-web-12-150x150.png 150w" sizes="auto, (max-width: 500px) 100vw, 500px" /></a></figure>
</div>



<div class="wp-block-column is-layout-flow wp-block-column-is-layout-flow">
<figure class="wp-block-image aligncenter size-full is-resized"><img loading="lazy" decoding="async" width="500" height="500" src="https://agora.xtec.cat/ietramuntana/wp-content/uploads/usu3053/2025/10/Icones-web-6.png" alt="" class="wp-image-1611" style="width:372px" srcset="https://agora.xtec.cat/ietramuntana/wp-content/uploads/usu3053/2025/10/Icones-web-6.png 500w, https://agora.xtec.cat/ietramuntana/wp-content/uploads/usu3053/2025/10/Icones-web-6-300x300.png 300w, https://agora.xtec.cat/ietramuntana/wp-content/uploads/usu3053/2025/10/Icones-web-6-150x150.png 150w" sizes="auto, (max-width: 500px) 100vw, 500px" /></figure>
</div>
</div>



<p></p>

<p>El nostre menjador escolar està gestionat per l’empresa Gresca Serveis Lúdics.  i la coordinadora és la Núria. Atenció i contacte menjadorietramuntana@gmail.com 675124045 (fins les 15h) Presencialment al menjador de l&#8217;escola de 9h a 10h Preus Preguntes freqüents</p>
