{"id":32,"date":"2014-09-18T12:31:33","date_gmt":"2014-09-18T11:31:33","guid":{"rendered":"http:\/\/agora.xtec.cat\/iedecaldes\/?page_id=32"},"modified":"2025-10-10T22:47:49","modified_gmt":"2025-10-10T20:47:49","slug":"calendari-del-curs","status":"publish","type":"page","link":"https:\/\/agora.xtec.cat\/ietramuntana\/lescola\/calendari-del-curs\/","title":{"rendered":"Calendari del curs 25-26"},"content":{"rendered":"<p><b>Primer dia de curs: <\/b>8<span style=\"font-weight: 400;\"> de setembre de 2025<\/span><\/p>\n<p><b>Vacances d\u2019hivern: <\/b><span style=\"font-weight: 400;\">del 20 de desembre de 2025 al 7 de gener de 2026 (ambd\u00f3s inclosos).<\/span><\/p>\n<p><b>Vacances de Primavera: <\/b><span style=\"font-weight: 400;\">Del 28 de mar\u00e7 al 6 d\u2019abril de 2026 (ambd\u00f3s inclosos)<\/span><\/p>\n<p><b>Festes de Lliure Disposici\u00f3:<\/b><\/p>\n<ul>\n<li style=\"font-weight: 400;\" aria-level=\"1\"><span style=\"font-weight: 400;\">10 d\u2019octubre de 2025 (divendres)<\/span><\/li>\n<li aria-level=\"1\">3 de novembre de 2025 (dilluns)<\/li>\n<li aria-level=\"1\">16 de febrer de 2026 (dilluns)<\/li>\n<li style=\"font-weight: 400;\" aria-level=\"1\"><span style=\"font-weight: 400;\">22 de maig de 2026 (divendres)<\/span><\/li>\n<\/ul>\n<p><b>Dies festius:<\/b><\/p>\n<ul>\n<li style=\"font-weight: 400;\" aria-level=\"1\"><span style=\"font-weight: 400;\">11 de setembre<\/span><\/li>\n<li style=\"font-weight: 400;\" aria-level=\"1\"><span style=\"font-weight: 400;\">24 de setembre<\/span><\/li>\n<li style=\"font-weight: 400;\" aria-level=\"1\"><span style=\"font-weight: 400;\">8 de desembre<\/span><\/li>\n<li style=\"font-weight: 400;\" aria-level=\"1\"><span style=\"font-weight: 400;\">25 de maig<\/span><\/li>\n<\/ul>\n<p><b>Celebracions del centre:<\/b><\/p>\n<ul>\n<li style=\"font-weight: 400;\" aria-level=\"1\"><span style=\"font-weight: 400;\">Castanyada\/Halloween\/D\u00eda de muertos<\/span><\/li>\n<li style=\"font-weight: 400;\" aria-level=\"1\"><span style=\"font-weight: 400;\">Festa d\u2019hivern<\/span><\/li>\n<li style=\"font-weight: 400;\" aria-level=\"1\"><span style=\"font-weight: 400;\">Carnestoltes<\/span><\/li>\n<li style=\"font-weight: 400;\" aria-level=\"1\"><span style=\"font-weight: 400;\">Dia Mundial contra la viol\u00e8ncia de g\u00e8nere. 8 de mar\u00e7 de 2025<\/span><\/li>\n<li style=\"font-weight: 400;\" aria-level=\"1\"><span style=\"font-weight: 400;\">Sant Jordi<\/span><\/li>\n<li style=\"font-weight: 400;\" aria-level=\"1\"><span style=\"font-weight: 400;\">Final de curs<\/span><\/li>\n<\/ul>\n<p><b>Organitzaci\u00f3 dels trimestres:<\/b><\/p>\n<p><b>Primer trimestre<\/b><b><br \/><\/b><b><span style=\"font-weight: 400;\">Del 8\/9\/2025 al 21\/11\/2025<\/span><\/b><\/p>\n<p><b>Segon trimestre<\/b><b><br \/><\/b><span style=\"font-weight: 400;\">Del 24\/11\/2025 al 6\/3\/2026<\/span><\/p>\n<p><b>Tercer trimestre<\/b><b><br \/><\/b><span style=\"font-weight: 400;\">Del 9\/3\/2026 al 19\/6\/2026<\/span><\/p>\n\n\n<div data-wp-interactive=\"core\/file\" class=\"wp-block-file\"><object data-wp-bind--hidden=\"!state.hasPdfPreview\" hidden class=\"wp-block-file__embed\" data=\"https:\/\/agora.xtec.cat\/ietramuntana\/wp-content\/uploads\/usu3053\/2025\/10\/Calendari-25-26-pdf.pdf\" type=\"application\/pdf\" style=\"width:100%;height:600px\" aria-label=\"Incrustaci\u00f3 del fitxer Calendari 25-26 pdf.\"><\/object><a id=\"wp-block-file--media-5206a30c-21a4-4cfe-a1c9-7f7c09d2d19a\" href=\"https:\/\/agora.xtec.cat\/ietramuntana\/wp-content\/uploads\/usu3053\/2025\/10\/Calendari-25-26-pdf.pdf\">Calendari 25-26 pdf<\/a><a href=\"https:\/\/agora.xtec.cat\/ietramuntana\/wp-content\/uploads\/usu3053\/2025\/10\/Calendari-25-26-pdf.pdf\" class=\"wp-block-file__button wp-element-button\" download aria-describedby=\"wp-block-file--media-5206a30c-21a4-4cfe-a1c9-7f7c09d2d19a\">Baixa<\/a><\/div>\n","protected":false},"excerpt":{"rendered":"<p>Primer dia de curs: 8 de setembre de 2025 Vacances d\u2019hivern: del 20 de desembre de 2025 al 7 de gener de 2026 (ambd\u00f3s inclosos). Vacances de Primavera: Del 28 de mar\u00e7 al 6 d\u2019abril de 2026 (ambd\u00f3s inclosos) Festes de Lliure Disposici\u00f3: 10 d\u2019octubre de 2025 (divendres) 3 de novembre de 2025 (dilluns) 16 [&hellip;]<\/p>\n","protected":false},"author":1,"featured_media":0,"parent":22,"menu_order":50,"comment_status":"closed","ping_status":"closed","template":"","meta":{"site-sidebar-layout":"default","site-content-layout":"","ast-site-content-layout":"default","site-content-style":"default","site-sidebar-style":"default","ast-global-header-display":"","ast-banner-title-visibility":"","ast-main-header-display":"","ast-hfb-above-header-display":"","ast-hfb-below-header-display":"","ast-hfb-mobile-header-display":"","site-post-title":"","ast-breadcrumbs-content":"","ast-featured-img":"","footer-sml-layout":"","theme-transparent-header-meta":"","adv-header-id-meta":"","stick-header-meta":"","header-above-stick-meta":"","header-main-stick-meta":"","header-below-stick-meta":"","astra-migrate-meta-layouts":"set","ast-page-background-enabled":"default","ast-page-background-meta":{"desktop":{"background-color":"var(--ast-global-color-4)","background-image":"","background-repeat":"repeat","background-position":"center center","background-size":"auto","background-attachment":"scroll","background-type":"","background-media":"","overlay-type":"","overlay-color":"","overlay-opacity":"","overlay-gradient":""},"tablet":{"background-color":"","background-image":"","background-repeat":"repeat","background-position":"center center","background-size":"auto","background-attachment":"scroll","background-type":"","background-media":"","overlay-type":"","overlay-color":"","overlay-opacity":"","overlay-gradient":""},"mobile":{"background-color":"","background-image":"","background-repeat":"repeat","background-position":"center center","background-size":"auto","background-attachment":"scroll","background-type":"","background-media":"","overlay-type":"","overlay-color":"","overlay-opacity":"","overlay-gradient":""}},"ast-content-background-meta":{"desktop":{"background-color":"var(--ast-global-color-5)","background-image":"","background-repeat":"repeat","background-position":"center center","background-size":"auto","background-attachment":"scroll","background-type":"","background-media":"","overlay-type":"","overlay-color":"","overlay-opacity":"","overlay-gradient":""},"tablet":{"background-color":"var(--ast-global-color-5)","background-image":"","background-repeat":"repeat","background-position":"center center","background-size":"auto","background-attachment":"scroll","background-type":"","background-media":"","overlay-type":"","overlay-color":"","overlay-opacity":"","overlay-gradient":""},"mobile":{"background-color":"var(--ast-global-color-5)","background-image":"","background-repeat":"repeat","background-position":"center center","background-size":"auto","background-attachment":"scroll","background-type":"","background-media":"","overlay-type":"","overlay-color":"","overlay-opacity":"","overlay-gradient":""}},"footnotes":""},"class_list":["post-32","page","type-page","status-publish","hentry"],"post_mailing_queue_ids":[],"_links":{"self":[{"href":"https:\/\/agora.xtec.cat\/ietramuntana\/wp-json\/wp\/v2\/pages\/32","targetHints":{"allow":["GET"]}}],"collection":[{"href":"https:\/\/agora.xtec.cat\/ietramuntana\/wp-json\/wp\/v2\/pages"}],"about":[{"href":"https:\/\/agora.xtec.cat\/ietramuntana\/wp-json\/wp\/v2\/types\/page"}],"author":[{"embeddable":true,"href":"https:\/\/agora.xtec.cat\/ietramuntana\/wp-json\/wp\/v2\/users\/1"}],"replies":[{"embeddable":true,"href":"https:\/\/agora.xtec.cat\/ietramuntana\/wp-json\/wp\/v2\/comments?post=32"}],"version-history":[{"count":6,"href":"https:\/\/agora.xtec.cat\/ietramuntana\/wp-json\/wp\/v2\/pages\/32\/revisions"}],"predecessor-version":[{"id":1471,"href":"https:\/\/agora.xtec.cat\/ietramuntana\/wp-json\/wp\/v2\/pages\/32\/revisions\/1471"}],"up":[{"embeddable":true,"href":"https:\/\/agora.xtec.cat\/ietramuntana\/wp-json\/wp\/v2\/pages\/22"}],"wp:attachment":[{"href":"https:\/\/agora.xtec.cat\/ietramuntana\/wp-json\/wp\/v2\/media?parent=32"}],"curies":[{"name":"wp","href":"https:\/\/api.w.org\/{rel}","templated":true}]}}

<p><b>Primer dia de curs: </b>8<span style="font-weight: 400;"> de setembre de 2025</span></p>
<p><b>Vacances d’hivern: </b><span style="font-weight: 400;">del 20 de desembre de 2025 al 7 de gener de 2026 (ambdós inclosos).</span></p>
<p><b>Vacances de Primavera: </b><span style="font-weight: 400;">Del 28 de març al 6 d’abril de 2026 (ambdós inclosos)</span></p>
<p><b>Festes de Lliure Disposició:</b></p>
<ul>
<li style="font-weight: 400;" aria-level="1"><span style="font-weight: 400;">10 d’octubre de 2025 (divendres)</span></li>
<li aria-level="1">3 de novembre de 2025 (dilluns)</li>
<li aria-level="1">16 de febrer de 2026 (dilluns)</li>
<li style="font-weight: 400;" aria-level="1"><span style="font-weight: 400;">22 de maig de 2026 (divendres)</span></li>
</ul>
<p><b>Dies festius:</b></p>
<ul>
<li style="font-weight: 400;" aria-level="1"><span style="font-weight: 400;">11 de setembre</span></li>
<li style="font-weight: 400;" aria-level="1"><span style="font-weight: 400;">24 de setembre</span></li>
<li style="font-weight: 400;" aria-level="1"><span style="font-weight: 400;">8 de desembre</span></li>
<li style="font-weight: 400;" aria-level="1"><span style="font-weight: 400;">25 de maig</span></li>
</ul>
<p><b>Celebracions del centre:</b></p>
<ul>
<li style="font-weight: 400;" aria-level="1"><span style="font-weight: 400;">Castanyada/Halloween/Día de muertos</span></li>
<li style="font-weight: 400;" aria-level="1"><span style="font-weight: 400;">Festa d’hivern</span></li>
<li style="font-weight: 400;" aria-level="1"><span style="font-weight: 400;">Carnestoltes</span></li>
<li style="font-weight: 400;" aria-level="1"><span style="font-weight: 400;">Dia Mundial contra la violència de gènere. 8 de març de 2025</span></li>
<li style="font-weight: 400;" aria-level="1"><span style="font-weight: 400;">Sant Jordi</span></li>
<li style="font-weight: 400;" aria-level="1"><span style="font-weight: 400;">Final de curs</span></li>
</ul>
<p><b>Organització dels trimestres:</b></p>
<p><b>Primer trimestre</b><b><br /></b><b><span style="font-weight: 400;">Del 8/9/2025 al 21/11/2025</span></b></p>
<p><b>Segon trimestre</b><b><br /></b><span style="font-weight: 400;">Del 24/11/2025 al 6/3/2026</span></p>
<p><b>Tercer trimestre</b><b><br /></b><span style="font-weight: 400;">Del 9/3/2026 al 19/6/2026</span></p>


<div data-wp-interactive="core/file" class="wp-block-file"><object data-wp-bind--hidden="!state.hasPdfPreview" hidden class="wp-block-file__embed" data="https://agora.xtec.cat/ietramuntana/wp-content/uploads/usu3053/2025/10/Calendari-25-26-pdf.pdf" type="application/pdf" style="width:100%;height:600px" aria-label="Incrustació del fitxer Calendari 25-26 pdf."></object><a id="wp-block-file--media-5206a30c-21a4-4cfe-a1c9-7f7c09d2d19a" href="https://agora.xtec.cat/ietramuntana/wp-content/uploads/usu3053/2025/10/Calendari-25-26-pdf.pdf">Calendari 25-26 pdf</a><a href="https://agora.xtec.cat/ietramuntana/wp-content/uploads/usu3053/2025/10/Calendari-25-26-pdf.pdf" class="wp-block-file__button wp-element-button" download aria-describedby="wp-block-file--media-5206a30c-21a4-4cfe-a1c9-7f7c09d2d19a">Baixa</a></div>

<p>Primer dia de curs: 8 de setembre de 2025 Vacances d’hivern: del 20 de desembre de 2025 al 7 de gener de 2026 (ambdós inclosos). Vacances de Primavera: Del 28 de març al 6 d’abril de 2026 (ambdós inclosos) Festes de Lliure Disposició: 10 d’octubre de 2025 (divendres) 3 de novembre de 2025 (dilluns) 16 [&hellip;]</p>
