{"id":1813,"date":"2025-11-19T21:22:38","date_gmt":"2025-11-19T20:22:38","guid":{"rendered":"https:\/\/agora.xtec.cat\/ietramuntana\/?page_id=1813"},"modified":"2025-11-20T11:50:55","modified_gmt":"2025-11-20T10:50:55","slug":"certificat-nivell-de-catala","status":"publish","type":"page","link":"https:\/\/agora.xtec.cat\/ietramuntana\/certificat-nivell-de-catala\/","title":{"rendered":"Certificat nivell de catal\u00e0"},"content":{"rendered":"\n<p class=\"has-medium-font-size\">Per poder demanar la convalidaci\u00f3 del nivell B2 o C1 de catal\u00e0, cal complir aquests<strong> requisits<\/strong>:<\/p>\n\n\n\n<ul class=\"wp-block-list\">\n<li class=\"has-medium-font-size\">Haver nascut a partir de l\u2019any 1972.<\/li>\n\n\n\n<li class=\"has-medium-font-size\">Escolaritzaci\u00f3 completa a Catalunya (des d\u2019EGB o Prim\u00e0ria).<\/li>\n\n\n\n<li class=\"has-medium-font-size\">No estar exempt de catal\u00e0.<\/li>\n\n\n\n<li class=\"has-medium-font-size\">Tenir algun dels seg\u00fcents t\u00edtols: EGB, ESO, BATXILLERAT, FP1 o FP2.<\/li>\n\n\n\n<li class=\"has-medium-font-size\">El cicle formatiu de Grau Mitj\u00e0 o de Grau Superior, no permet acreditar l\u2019obtenci\u00f3 del nivell de catal\u00e0.<\/li>\n<\/ul>\n\n\n\n<p><\/p>\n\n\n\n<h3 class=\"wp-block-heading has-text-align-center has-ast-global-color-0-color has-text-color has-link-color wp-elements-1f87e5123d9e4f4dd5c8d1af7d4a1991\"><strong>Requisits i quadre d\u2019equival\u00e8ncies als certificats d\u2019acreditaci\u00f3 de Catal\u00e0<\/strong><\/h3>\n\n\n\n<h4 class=\"wp-block-heading has-text-align-center has-ast-global-color-0-color has-text-color has-link-color has-medium-font-size wp-elements-8753c0bf24c868aaa420066d75c15dab\"><strong>NIVELL B2<\/strong><\/h4>\n\n\n\n<figure class=\"wp-block-table alignwide has-medium-font-size\"><table class=\"has-fixed-layout\"><tbody><tr><td class=\"has-text-align-center\" data-align=\"center\"><strong>Estudis realitzats<\/strong><\/td><td class=\"has-text-align-left\" data-align=\"left\"><strong>A Catalunya cal haver estudiat<\/strong><\/td><td class=\"has-text-align-left\" data-align=\"left\"><strong>Documents que cal presentar<\/strong><\/td><\/tr><tr><td class=\"has-text-align-center\" data-align=\"center\">EGB \/ FP1<\/td><td class=\"has-text-align-left\" data-align=\"left\">Tota l\u2019EGB o l\u2019EGB + FP1 i haver&nbsp;<strong>cursat&nbsp;<\/strong>la mat\u00e8ria de llengua catalana en els estudis esmentats a partir del curs 1978-1979<\/td><td class=\"has-text-align-left\" data-align=\"left\">\u00b7  Original i fotoc\u00f2pia DNI<br>\u00b7  Original i fotoc\u00f2pia de les p\u00e0gines de la \u00b7  CERTIFICACI\u00d3 D\u2019ANYS D\u2019ESCOLARITAT del llibre d\u2019escolaritat de&nbsp;<strong>l\u2019EGB&nbsp;<\/strong>o certificat acreditatiu*<br>\u00b7  Original i fotoc\u00f2pia de les notes finals de tots els cursos de&nbsp;<strong>FP1&nbsp;<\/strong>o certificat acreditatiu*<\/td><\/tr><tr><td class=\"has-text-align-center\" data-align=\"center\">ESO<\/td><td class=\"has-text-align-left\" data-align=\"left\">Tota l\u2019EGB i l\u2019FP1 i haver<strong>&nbsp;cursat<\/strong>&nbsp;la mat\u00e8ria de llengua catalana en els estudis esmentats a partir del curs 1978-1979<\/td><td class=\"has-text-align-left\" data-align=\"left\">\u00b7  Original i fotoc\u00f2pia DNI<br>\u00b7  Original i fotoc\u00f2pia de les p\u00e0gines de la CERTIFICACI\u00d3 D\u2019ANYS D\u2019ESCOLARITAT del llibre d\u2019escolaritat de&nbsp;<strong>Prim\u00e0ria i Secund\u00e0ria<\/strong><\/td><\/tr><\/tbody><\/table><\/figure>\n\n\n\n<p style=\"font-size:18px\">* certificat acreditatiu: en cas de no tenir el llibre d\u2019escolaritat, han d\u2019anar a l\u2019escola o institut on van estudiar la prim\u00e0ria\/secund\u00e0ria\/batxillerat\/FPI\/FP2\/BUP, per demanar un certificat que indiqui els anys i els cursos d\u2019escolaritat i la frase&nbsp;<em>\u201cl\u2019alumne ha cursat i aprovat la mat\u00e8ria de llengua catalana\u201d.<\/em><\/p>\n\n\n\n<h4 class=\"wp-block-heading has-text-align-center has-ast-global-color-0-color has-text-color has-link-color has-medium-font-size wp-elements-09aa4e3898cd5e8a6c66046ecda95e12\"><strong>NIVELL <\/strong>C1<\/h4>\n\n\n\n<figure class=\"wp-block-table alignwide has-medium-font-size\"><table class=\"has-fixed-layout\"><tbody><tr><td class=\"has-text-align-center\" data-align=\"center\"><strong>Estudis realitzats<\/strong><\/td><td class=\"has-text-align-left\" data-align=\"left\"><strong>A Catalunya cal haver estudiat<\/strong><\/td><td class=\"has-text-align-left\" data-align=\"left\"><strong>Documents que cal presentar<\/strong><\/td><\/tr><tr><td class=\"has-text-align-center\" data-align=\"center\">ESO<br>(abans 2007-2008)<br><\/td><td class=\"has-text-align-left\" data-align=\"left\">Almenys tres cursos qualsevol de prim\u00e0ria i tota l\u2019ESO i haver&nbsp;<strong>cursat<\/strong>&nbsp;la mat\u00e8ria de llengua catalana en els estudis m\u00ednims esmentats<\/td><td class=\"has-text-align-left\" data-align=\"left\">\u00b7  Original i fotoc\u00f2pia DNI<br>\u00b7  Original i fotoc\u00f2pia de les p\u00e0gines de la CERTIFICACI\u00d3 D\u2019ANYS D\u2019ESCOLARITAT del llibre d\u2019escolaritat de&nbsp;<strong>Prim\u00e0ria i Secund\u00e0ria<\/strong><\/td><\/tr><tr><td class=\"has-text-align-center\" data-align=\"center\">ESO<br>(a partir 2007-2008)<br><\/td><td class=\"has-text-align-left\" data-align=\"left\">Almenys tres cursos qualsevol de prim\u00e0ria i tota l\u2019ESO i haver&nbsp;<strong>cursat i aprovat<\/strong>&nbsp;la mat\u00e8ria de llengua catalana en els estudis m\u00ednims esmentats<\/td><td class=\"has-text-align-left\" data-align=\"left\">\u00b7  Original i fotoc\u00f2pia DNI<br>\u00b7  Original i fotoc\u00f2pia de les p\u00e0gines de la CERTIFICACI\u00d3 D\u2019ANYS D\u2019ESCOLARITAT del llibre d\u2019escolaritat de&nbsp;<strong>Prim\u00e0ria i Secund\u00e0ria<\/strong><\/td><\/tr><tr><td class=\"has-text-align-center\" data-align=\"center\">BATXILLERAT <br>(LOGSE-LOE-LOEM)<\/td><td class=\"has-text-align-left\" data-align=\"left\">Almenys tres cursos qualsevol de prim\u00e0ria i cinc cursos qualsevol entre l\u2019ESO i el BATXILLERAT i haver&nbsp;<strong>cursat<\/strong>&nbsp;la mat\u00e8ria de llengua catalana en els estudis m\u00ednims esmentats<\/td><td class=\"has-text-align-left\" data-align=\"left\">\u00b7  Original i fotoc\u00f2pia DNI<br>\u00b7  Original i fotoc\u00f2pia de les p\u00e0gines de la CERTIFICACI\u00d3 D\u2019ANYS D\u2019ESCOLARITAT del llibre d\u2019escolaritat de&nbsp;<strong>Prim\u00e0ria i Secund\u00e0ria<\/strong><br>\u00b7  Original i fotoc\u00f2pia de les notes finals de tots els cursos de&nbsp;<strong>Batxillerat<\/strong><\/td><\/tr><tr><td class=\"has-text-align-center\" data-align=\"center\">BUP<br>(Batxillerat)<\/td><td class=\"has-text-align-left\" data-align=\"left\">Tota l\u2019EGB i el BUP i haver&nbsp;<strong>cursat<\/strong>&nbsp;la mat\u00e8ria de llengua catalana en la totalitat dels estudis esmentats, a partir del curs 1978-1979<\/td><td class=\"has-text-align-left\" data-align=\"left\">\u00b7  Original i fotoc\u00f2pia DNI<br>\u00b7  Original i fotoc\u00f2pia de les p\u00e0gines de la CERTIFICACI\u00d3 D\u2019ANYS D\u2019ESCOLARITAT del llibre d\u2019escolaritat de&nbsp;<strong>l\u2019EGB&nbsp;<\/strong>o certificat acreditatiu*<br>\u00b7  Original i fotoc\u00f2pia de les notes finals de tots els cursos de&nbsp;<strong>BUP&nbsp;<\/strong><\/td><\/tr><tr><td class=\"has-text-align-center\" data-align=\"center\">FP 2<\/td><td class=\"has-text-align-left\" data-align=\"left\">Tota l\u2019EGB, l\u2019FP1 i l\u2019FP 2 i haver&nbsp;<strong>cursat<\/strong>&nbsp;la mat\u00e8ria de llengua catalana en els estudis esmentats a partir dels curs 1978-1979<\/td><td class=\"has-text-align-left\" data-align=\"left\">\u00b7  Original i fotoc\u00f2pia DNI<br>\u00b7  Original i fotoc\u00f2pia de les p\u00e0gines de la CERTIFICACI\u00d3 D\u2019ANYS D\u2019ESCOLARITAT del llibre d\u2019escolaritat de&nbsp;<strong>l\u2019EGB&nbsp;<\/strong>o certificat acreditatiu*<br>\u00b7  Original i fotoc\u00f2pia de les notes finals de tots els cursos de&nbsp;<strong>FP1<\/strong>&nbsp;i&nbsp;<strong>FP2&nbsp;<\/strong>o certificat acreditatiu*<\/td><\/tr><\/tbody><\/table><\/figure>\n\n\n\n<p style=\"font-size:18px\">*Certificat acreditatiu: en cas de no tenir el llibre d\u2019escolaritat, han d\u2019anar a l\u2019escola o institut on van estudiar la prim\u00e0ria\/secund\u00e0ria\/batxillerat\/FP1\/FP2\/BUP, per demanar un certificat que indiqui els anys i els cursos d\u2019escolaritat i la frase \u201cl\u2019alumne ha cursat i aprovat la mat\u00e8ria de llengua catalana\u201d.<br><br><\/p>\n\n\n\n<p class=\"has-medium-font-size\">En aquest enlla\u00e7 podeu descarregar la\u00a0<a href=\"https:\/\/drive.google.com\/file\/d\/1V-lma3CvU3JXpvoYSW7UIkb0ncwrnAe4\/view?usp=sharing\" target=\"_blank\" rel=\"noreferrer noopener\">sol\u00b7licitud del certificat d\u2019equival\u00e8ncia de nivell de catal\u00e0<\/a><\/p>\n\n\n\n<p class=\"has-medium-font-size\"><\/p>\n\n\n\n<p class=\"has-medium-font-size\">Per a m\u00e9s informaci\u00f3 podeu consultar:&nbsp;&nbsp;<a href=\"https:\/\/llengua.gencat.cat\/ca\/serveis\/acreditacio_coneixements\/certificats_de_catala\/equivalencies-acreditacions\/\" target=\"_blank\" rel=\"noreferrer noopener\">Normativa aplicable sobre expedici\u00f3 de certificacions d\u2019equival\u00e8ncia del nivell de catal\u00e0 (web de la Generalitat de Catalunya)<\/a><\/p>\n\n\n\n<p class=\"has-medium-font-size\"><br>Aquelles persones que <strong>no compleixin<\/strong> els requisits anteriors s\u2019han d\u2019adre\u00e7ar a:<\/p>\n\n\n\n<p class=\"has-medium-font-size\"><br>Departament d\u2019Ensenyament<br>Via Augusta, 202-226 \/ Barcelona<br>Tel\u00e8fon 934 006 900<\/p>\n\n\n\n<p class=\"has-medium-font-size\"><br><strong>Termini de lliurament <\/strong>del certificat \u00e9s aproximadament 2-3 dies des de l\u2019entrega de tota la documentaci\u00f3.<br>Validesa els certificats de catal\u00e0 de la Direcci\u00f3 General de Pol\u00edtica Ling\u00fc\u00edstica s\u00f3n t\u00edtols oficials amb reconeixement internacional i <strong>validesa indefinida<\/strong>.<br>Durant els mesos de maig, juny, juliol i setembre el temps de resoluci\u00f3 de la sol\u00b7licitud pot ser m\u00e9s llarg degut al proc\u00e9s de preinscripci\u00f3 i matr\u00edcula del proper curs.<br><\/p>\n","protected":false},"excerpt":{"rendered":"<p>Per poder demanar la convalidaci\u00f3 del nivell B2 o C1 de catal\u00e0, cal complir aquests requisits: Requisits i quadre d\u2019equival\u00e8ncies als certificats d\u2019acreditaci\u00f3 de Catal\u00e0 NIVELL B2 Estudis realitzats A Catalunya cal haver estudiat Documents que cal presentar EGB \/ FP1 Tota l\u2019EGB o l\u2019EGB + FP1 i haver&nbsp;cursat&nbsp;la mat\u00e8ria de llengua catalana en els [&hellip;]<\/p>\n","protected":false},"author":6,"featured_media":0,"parent":0,"menu_order":0,"comment_status":"closed","ping_status":"close","template":"","meta":{"site-sidebar-layout":"default","site-content-layout":"","ast-site-content-layout":"default","site-content-style":"default","site-sidebar-style":"default","ast-global-header-display":"","ast-banner-title-visibility":"","ast-main-header-display":"","ast-hfb-above-header-display":"","ast-hfb-below-header-display":"","ast-hfb-mobile-header-display":"","site-post-title":"","ast-breadcrumbs-content":"","ast-featured-img":"","footer-sml-layout":"","theme-transparent-header-meta":"","adv-header-id-meta":"","stick-header-meta":"","header-above-stick-meta":"","header-main-stick-meta":"","header-below-stick-meta":"","astra-migrate-meta-layouts":"set","ast-page-background-enabled":"default","ast-page-background-meta":{"desktop":{"background-color":"var(--ast-global-color-4)","background-image":"","background-repeat":"repeat","background-position":"center center","background-size":"auto","background-attachment":"scroll","background-type":"","background-media":"","overlay-type":"","overlay-color":"","overlay-opacity":"","overlay-gradient":""},"tablet":{"background-color":"","background-image":"","background-repeat":"repeat","background-position":"center center","background-size":"auto","background-attachment":"scroll","background-type":"","background-media":"","overlay-type":"","overlay-color":"","overlay-opacity":"","overlay-gradient":""},"mobile":{"background-color":"","background-image":"","background-repeat":"repeat","background-position":"center center","background-size":"auto","background-attachment":"scroll","background-type":"","background-media":"","overlay-type":"","overlay-color":"","overlay-opacity":"","overlay-gradient":""}},"ast-content-background-meta":{"desktop":{"background-color":"var(--ast-global-color-5)","background-image":"","background-repeat":"repeat","background-position":"center center","background-size":"auto","background-attachment":"scroll","background-type":"","background-media":"","overlay-type":"","overlay-color":"","overlay-opacity":"","overlay-gradient":""},"tablet":{"background-color":"var(--ast-global-color-5)","background-image":"","background-repeat":"repeat","background-position":"center center","background-size":"auto","background-attachment":"scroll","background-type":"","background-media":"","overlay-type":"","overlay-color":"","overlay-opacity":"","overlay-gradient":""},"mobile":{"background-color":"var(--ast-global-color-5)","background-image":"","background-repeat":"repeat","background-position":"center center","background-size":"auto","background-attachment":"scroll","background-type":"","background-media":"","overlay-type":"","overlay-color":"","overlay-opacity":"","overlay-gradient":""}},"footnotes":""},"class_list":["post-1813","page","type-page","status-publish","hentry"],"post_mailing_queue_ids":[],"_links":{"self":[{"href":"https:\/\/agora.xtec.cat\/ietramuntana\/wp-json\/wp\/v2\/pages\/1813","targetHints":{"allow":["GET"]}}],"collection":[{"href":"https:\/\/agora.xtec.cat\/ietramuntana\/wp-json\/wp\/v2\/pages"}],"about":[{"href":"https:\/\/agora.xtec.cat\/ietramuntana\/wp-json\/wp\/v2\/types\/page"}],"author":[{"embeddable":true,"href":"https:\/\/agora.xtec.cat\/ietramuntana\/wp-json\/wp\/v2\/users\/6"}],"replies":[{"embeddable":true,"href":"https:\/\/agora.xtec.cat\/ietramuntana\/wp-json\/wp\/v2\/comments?post=1813"}],"version-history":[{"count":6,"href":"https:\/\/agora.xtec.cat\/ietramuntana\/wp-json\/wp\/v2\/pages\/1813\/revisions"}],"predecessor-version":[{"id":1823,"href":"https:\/\/agora.xtec.cat\/ietramuntana\/wp-json\/wp\/v2\/pages\/1813\/revisions\/1823"}],"wp:attachment":[{"href":"https:\/\/agora.xtec.cat\/ietramuntana\/wp-json\/wp\/v2\/media?parent=1813"}],"curies":[{"name":"wp","href":"https:\/\/api.w.org\/{rel}","templated":true}]}}

Certificat nivell de català

<p class="has-medium-font-size">Per poder demanar la convalidació del nivell B2 o C1 de català, cal complir aquests<strong> requisits</strong>:</p>



<ul class="wp-block-list">
<li class="has-medium-font-size">Haver nascut a partir de l’any 1972.</li>



<li class="has-medium-font-size">Escolarització completa a Catalunya (des d’EGB o Primària).</li>



<li class="has-medium-font-size">No estar exempt de català.</li>



<li class="has-medium-font-size">Tenir algun dels següents títols: EGB, ESO, BATXILLERAT, FP1 o FP2.</li>



<li class="has-medium-font-size">El cicle formatiu de Grau Mitjà o de Grau Superior, no permet acreditar l’obtenció del nivell de català.</li>
</ul>



<p></p>



<h3 class="wp-block-heading has-text-align-center has-ast-global-color-0-color has-text-color has-link-color wp-elements-1f87e5123d9e4f4dd5c8d1af7d4a1991"><strong>Requisits i quadre d’equivalències als certificats d’acreditació de Català</strong></h3>



<h4 class="wp-block-heading has-text-align-center has-ast-global-color-0-color has-text-color has-link-color has-medium-font-size wp-elements-8753c0bf24c868aaa420066d75c15dab"><strong>NIVELL B2</strong></h4>



<figure class="wp-block-table alignwide has-medium-font-size"><table class="has-fixed-layout"><tbody><tr><td class="has-text-align-center" data-align="center"><strong>Estudis realitzats</strong></td><td class="has-text-align-left" data-align="left"><strong>A Catalunya cal haver estudiat</strong></td><td class="has-text-align-left" data-align="left"><strong>Documents que cal presentar</strong></td></tr><tr><td class="has-text-align-center" data-align="center">EGB / FP1</td><td class="has-text-align-left" data-align="left">Tota l’EGB o l’EGB + FP1 i haver&nbsp;<strong>cursat&nbsp;</strong>la matèria de llengua catalana en els estudis esmentats a partir del curs 1978-1979</td><td class="has-text-align-left" data-align="left">·  Original i fotocòpia DNI<br>·  Original i fotocòpia de les pàgines de la ·  CERTIFICACIÓ D’ANYS D’ESCOLARITAT del llibre d’escolaritat de&nbsp;<strong>l’EGB&nbsp;</strong>o certificat acreditatiu*<br>·  Original i fotocòpia de les notes finals de tots els cursos de&nbsp;<strong>FP1&nbsp;</strong>o certificat acreditatiu*</td></tr><tr><td class="has-text-align-center" data-align="center">ESO</td><td class="has-text-align-left" data-align="left">Tota l’EGB i l’FP1 i haver<strong>&nbsp;cursat</strong>&nbsp;la matèria de llengua catalana en els estudis esmentats a partir del curs 1978-1979</td><td class="has-text-align-left" data-align="left">·  Original i fotocòpia DNI<br>·  Original i fotocòpia de les pàgines de la CERTIFICACIÓ D’ANYS D’ESCOLARITAT del llibre d’escolaritat de&nbsp;<strong>Primària i Secundària</strong></td></tr></tbody></table></figure>



<p style="font-size:18px">* certificat acreditatiu: en cas de no tenir el llibre d’escolaritat, han d’anar a l’escola o institut on van estudiar la primària/secundària/batxillerat/FPI/FP2/BUP, per demanar un certificat que indiqui els anys i els cursos d’escolaritat i la frase&nbsp;<em>“l’alumne ha cursat i aprovat la matèria de llengua catalana”.</em></p>



<h4 class="wp-block-heading has-text-align-center has-ast-global-color-0-color has-text-color has-link-color has-medium-font-size wp-elements-09aa4e3898cd5e8a6c66046ecda95e12"><strong>NIVELL </strong>C1</h4>



<figure class="wp-block-table alignwide has-medium-font-size"><table class="has-fixed-layout"><tbody><tr><td class="has-text-align-center" data-align="center"><strong>Estudis realitzats</strong></td><td class="has-text-align-left" data-align="left"><strong>A Catalunya cal haver estudiat</strong></td><td class="has-text-align-left" data-align="left"><strong>Documents que cal presentar</strong></td></tr><tr><td class="has-text-align-center" data-align="center">ESO<br>(abans 2007-2008)<br></td><td class="has-text-align-left" data-align="left">Almenys tres cursos qualsevol de primària i tota l’ESO i haver&nbsp;<strong>cursat</strong>&nbsp;la matèria de llengua catalana en els estudis mínims esmentats</td><td class="has-text-align-left" data-align="left">·  Original i fotocòpia DNI<br>·  Original i fotocòpia de les pàgines de la CERTIFICACIÓ D’ANYS D’ESCOLARITAT del llibre d’escolaritat de&nbsp;<strong>Primària i Secundària</strong></td></tr><tr><td class="has-text-align-center" data-align="center">ESO<br>(a partir 2007-2008)<br></td><td class="has-text-align-left" data-align="left">Almenys tres cursos qualsevol de primària i tota l’ESO i haver&nbsp;<strong>cursat i aprovat</strong>&nbsp;la matèria de llengua catalana en els estudis mínims esmentats</td><td class="has-text-align-left" data-align="left">·  Original i fotocòpia DNI<br>·  Original i fotocòpia de les pàgines de la CERTIFICACIÓ D’ANYS D’ESCOLARITAT del llibre d’escolaritat de&nbsp;<strong>Primària i Secundària</strong></td></tr><tr><td class="has-text-align-center" data-align="center">BATXILLERAT <br>(LOGSE-LOE-LOEM)</td><td class="has-text-align-left" data-align="left">Almenys tres cursos qualsevol de primària i cinc cursos qualsevol entre l’ESO i el BATXILLERAT i haver&nbsp;<strong>cursat</strong>&nbsp;la matèria de llengua catalana en els estudis mínims esmentats</td><td class="has-text-align-left" data-align="left">·  Original i fotocòpia DNI<br>·  Original i fotocòpia de les pàgines de la CERTIFICACIÓ D’ANYS D’ESCOLARITAT del llibre d’escolaritat de&nbsp;<strong>Primària i Secundària</strong><br>·  Original i fotocòpia de les notes finals de tots els cursos de&nbsp;<strong>Batxillerat</strong></td></tr><tr><td class="has-text-align-center" data-align="center">BUP<br>(Batxillerat)</td><td class="has-text-align-left" data-align="left">Tota l’EGB i el BUP i haver&nbsp;<strong>cursat</strong>&nbsp;la matèria de llengua catalana en la totalitat dels estudis esmentats, a partir del curs 1978-1979</td><td class="has-text-align-left" data-align="left">·  Original i fotocòpia DNI<br>·  Original i fotocòpia de les pàgines de la CERTIFICACIÓ D’ANYS D’ESCOLARITAT del llibre d’escolaritat de&nbsp;<strong>l’EGB&nbsp;</strong>o certificat acreditatiu*<br>·  Original i fotocòpia de les notes finals de tots els cursos de&nbsp;<strong>BUP&nbsp;</strong></td></tr><tr><td class="has-text-align-center" data-align="center">FP 2</td><td class="has-text-align-left" data-align="left">Tota l’EGB, l’FP1 i l’FP 2 i haver&nbsp;<strong>cursat</strong>&nbsp;la matèria de llengua catalana en els estudis esmentats a partir dels curs 1978-1979</td><td class="has-text-align-left" data-align="left">·  Original i fotocòpia DNI<br>·  Original i fotocòpia de les pàgines de la CERTIFICACIÓ D’ANYS D’ESCOLARITAT del llibre d’escolaritat de&nbsp;<strong>l’EGB&nbsp;</strong>o certificat acreditatiu*<br>·  Original i fotocòpia de les notes finals de tots els cursos de&nbsp;<strong>FP1</strong>&nbsp;i&nbsp;<strong>FP2&nbsp;</strong>o certificat acreditatiu*</td></tr></tbody></table></figure>



<p style="font-size:18px">*Certificat acreditatiu: en cas de no tenir el llibre d’escolaritat, han d’anar a l’escola o institut on van estudiar la primària/secundària/batxillerat/FP1/FP2/BUP, per demanar un certificat que indiqui els anys i els cursos d’escolaritat i la frase “l’alumne ha cursat i aprovat la matèria de llengua catalana”.<br><br></p>



<p class="has-medium-font-size">En aquest enllaç podeu descarregar la <a href="https://drive.google.com/file/d/1V-lma3CvU3JXpvoYSW7UIkb0ncwrnAe4/view?usp=sharing" target="_blank" rel="noreferrer noopener">sol·licitud del certificat d’equivalència de nivell de català</a></p>



<p class="has-medium-font-size"></p>



<p class="has-medium-font-size">Per a més informació podeu consultar:&nbsp;&nbsp;<a href="https://llengua.gencat.cat/ca/serveis/acreditacio_coneixements/certificats_de_catala/equivalencies-acreditacions/" target="_blank" rel="noreferrer noopener">Normativa aplicable sobre expedició de certificacions d’equivalència del nivell de català (web de la Generalitat de Catalunya)</a></p>



<p class="has-medium-font-size"><br>Aquelles persones que <strong>no compleixin</strong> els requisits anteriors s’han d’adreçar a:</p>



<p class="has-medium-font-size"><br>Departament d’Ensenyament<br>Via Augusta, 202-226 / Barcelona<br>Telèfon 934 006 900</p>



<p class="has-medium-font-size"><br><strong>Termini de lliurament </strong>del certificat és aproximadament 2-3 dies des de l’entrega de tota la documentació.<br>Validesa els certificats de català de la Direcció General de Política Lingüística són títols oficials amb reconeixement internacional i <strong>validesa indefinida</strong>.<br>Durant els mesos de maig, juny, juliol i setembre el temps de resolució de la sol·licitud pot ser més llarg degut al procés de preinscripció i matrícula del proper curs.<br></p>

<p>Per poder demanar la convalidació del nivell B2 o C1 de català, cal complir aquests requisits: Requisits i quadre d’equivalències als certificats d’acreditació de Català NIVELL B2 Estudis realitzats A Catalunya cal haver estudiat Documents que cal presentar EGB / FP1 Tota l’EGB o l’EGB + FP1 i haver&nbsp;cursat&nbsp;la matèria de llengua catalana en els [&hellip;]</p>
