{"id":1617,"date":"2025-10-25T23:26:58","date_gmt":"2025-10-25T21:26:58","guid":{"rendered":"https:\/\/agora.xtec.cat\/ietramuntana\/?page_id=1617"},"modified":"2026-03-10T21:26:29","modified_gmt":"2026-03-10T20:26:29","slug":"menus","status":"publish","type":"page","link":"https:\/\/agora.xtec.cat\/ietramuntana\/menus\/","title":{"rendered":"Men\u00fas"},"content":{"rendered":"\n<p><strong>Aqu\u00ed trobareu els men\u00fas per a l&#8217;Institut Escola Tramuntana<\/strong><\/p>\n\n\n\n<h1 class=\"wp-block-heading\"><span style=\"color: #000080;\">MAR\u00c7 2026<\/span><\/h1>\n\n\n\n<p><strong>MEN\u00da BASAL<\/strong><\/p>\n\n\n\n<div data-wp-interactive=\"core\/file\" class=\"wp-block-file\"><object data-wp-bind--hidden=\"!state.hasPdfPreview\" hidden class=\"wp-block-file__embed\" data=\"https:\/\/agora.xtec.cat\/ietramuntana\/wp-content\/uploads\/usu3053\/2026\/02\/MENU-MARC-26-TRAMUNTANA-1.pdf\" type=\"application\/pdf\" style=\"width:100%;height:600px\" aria-label=\"Incrustaci\u00f3 del fitxer MENU MAR\u00c7 26 TRAMUNTANA (1).\"><\/object><a id=\"wp-block-file--media-3a5611bf-4ead-45a0-a88a-7f0ca783efc9\" href=\"https:\/\/agora.xtec.cat\/ietramuntana\/wp-content\/uploads\/usu3053\/2026\/02\/MENU-MARC-26-TRAMUNTANA-1.pdf\">MENU MAR\u00c7 26 TRAMUNTANA (1)<\/a><a href=\"https:\/\/agora.xtec.cat\/ietramuntana\/wp-content\/uploads\/usu3053\/2026\/02\/MENU-MARC-26-TRAMUNTANA-1.pdf\" class=\"wp-block-file__button wp-element-button\" download aria-describedby=\"wp-block-file--media-3a5611bf-4ead-45a0-a88a-7f0ca783efc9\">Baixa<\/a><\/div>\n\n\n\n<p><strong>MEN\u00da SENSE CARNS VERMELLES<\/strong><\/p>\n\n\n\n<div data-wp-interactive=\"core\/file\" class=\"wp-block-file\"><object data-wp-bind--hidden=\"!state.hasPdfPreview\" hidden class=\"wp-block-file__embed\" data=\"https:\/\/agora.xtec.cat\/ietramuntana\/wp-content\/uploads\/usu3053\/2026\/02\/MENU-MARC-26-TRAMUNTANA-SENSE-CARNS-VERMELLES.pdf\" type=\"application\/pdf\" style=\"width:100%;height:600px\" aria-label=\"Incrustaci\u00f3 del fitxer MENU MAR\u00c7 26 TRAMUNTANA  SENSE CARNS VERMELLES.\"><\/object><a id=\"wp-block-file--media-863e8dfb-f5c0-47fc-9dbb-23a9261709c3\" href=\"https:\/\/agora.xtec.cat\/ietramuntana\/wp-content\/uploads\/usu3053\/2026\/02\/MENU-MARC-26-TRAMUNTANA-SENSE-CARNS-VERMELLES.pdf\">MENU MAR\u00c7 26 TRAMUNTANA  SENSE CARNS VERMELLES<\/a><a href=\"https:\/\/agora.xtec.cat\/ietramuntana\/wp-content\/uploads\/usu3053\/2026\/02\/MENU-MARC-26-TRAMUNTANA-SENSE-CARNS-VERMELLES.pdf\" class=\"wp-block-file__button wp-element-button\" download aria-describedby=\"wp-block-file--media-863e8dfb-f5c0-47fc-9dbb-23a9261709c3\">Baixa<\/a><\/div>\n\n\n\n<p><strong>MEN\u00da HALAL<\/strong><\/p>\n\n\n\n<div data-wp-interactive=\"core\/file\" class=\"wp-block-file\"><object data-wp-bind--hidden=\"!state.hasPdfPreview\" hidden class=\"wp-block-file__embed\" data=\"https:\/\/agora.xtec.cat\/ietramuntana\/wp-content\/uploads\/usu3053\/2026\/02\/MENU-MARC-26-TRAMUNTANA-HALAL.pdf\" type=\"application\/pdf\" style=\"width:100%;height:600px\" aria-label=\"Incrustaci\u00f3 del fitxer MENU MAR\u00c7 26 TRAMUNTANA  HALAL.\"><\/object><a id=\"wp-block-file--media-ef5e4d80-2b58-40c9-9298-7d005d6ad7d8\" href=\"https:\/\/agora.xtec.cat\/ietramuntana\/wp-content\/uploads\/usu3053\/2026\/02\/MENU-MARC-26-TRAMUNTANA-HALAL.pdf\">MENU MAR\u00c7 26 TRAMUNTANA  HALAL<\/a><a href=\"https:\/\/agora.xtec.cat\/ietramuntana\/wp-content\/uploads\/usu3053\/2026\/02\/MENU-MARC-26-TRAMUNTANA-HALAL.pdf\" class=\"wp-block-file__button wp-element-button\" download aria-describedby=\"wp-block-file--media-ef5e4d80-2b58-40c9-9298-7d005d6ad7d8\">Baixa<\/a><\/div>\n\n\n\n<p><strong>MEN\u00da VEGETARI\u00c0<\/strong> (OU I LLET S\u00cd)<\/p>\n\n\n\n<div data-wp-interactive=\"core\/file\" class=\"wp-block-file\"><object data-wp-bind--hidden=\"!state.hasPdfPreview\" hidden class=\"wp-block-file__embed\" data=\"https:\/\/agora.xtec.cat\/ietramuntana\/wp-content\/uploads\/usu3053\/2026\/02\/MENU-MARC-26-TRAMUNTANA-VEGETARIA-OU-I-LLET-SI-11.pdf\" type=\"application\/pdf\" style=\"width:100%;height:600px\" aria-label=\"Incrustaci\u00f3 del fitxer MENU MAR\u00c7 26 TRAMUNTANA  VEGETARIA, OU I LLET SI (1)(1).\"><\/object><a id=\"wp-block-file--media-6eec7bd7-4bc5-46aa-8846-533056ab6158\" href=\"https:\/\/agora.xtec.cat\/ietramuntana\/wp-content\/uploads\/usu3053\/2026\/02\/MENU-MARC-26-TRAMUNTANA-VEGETARIA-OU-I-LLET-SI-11.pdf\">MENU MAR\u00c7 26 TRAMUNTANA  VEGETARIA, OU I LLET SI (1)(1)<\/a><a href=\"https:\/\/agora.xtec.cat\/ietramuntana\/wp-content\/uploads\/usu3053\/2026\/02\/MENU-MARC-26-TRAMUNTANA-VEGETARIA-OU-I-LLET-SI-11.pdf\" class=\"wp-block-file__button wp-element-button\" download aria-describedby=\"wp-block-file--media-6eec7bd7-4bc5-46aa-8846-533056ab6158\">Baixa<\/a><\/div>\n\n\n\n<p><strong>MEN\u00da SENSE AL\u00b7L\u00c8RGENS<\/strong><\/p>\n\n\n\n<div data-wp-interactive=\"core\/file\" class=\"wp-block-file\"><object data-wp-bind--hidden=\"!state.hasPdfPreview\" hidden class=\"wp-block-file__embed\" data=\"https:\/\/agora.xtec.cat\/ietramuntana\/wp-content\/uploads\/usu3053\/2026\/02\/MENU-TRAMUNTANA-MARC-26-SENSE-AL\u00b7LERGENS.pdf\" type=\"application\/pdf\" style=\"width:100%;height:600px\" aria-label=\"Incrustaci\u00f3 del fitxer MENU TRAMUNTANA MAR\u00c7 26 SENSE AL\u00b7LERGENS.\"><\/object><a id=\"wp-block-file--media-19a361a4-38ba-4a8d-ad89-601f816946ee\" href=\"https:\/\/agora.xtec.cat\/ietramuntana\/wp-content\/uploads\/usu3053\/2026\/02\/MENU-TRAMUNTANA-MARC-26-SENSE-AL\u00b7LERGENS.pdf\">MENU TRAMUNTANA MAR\u00c7 26 SENSE AL\u00b7LERGENS<\/a><a href=\"https:\/\/agora.xtec.cat\/ietramuntana\/wp-content\/uploads\/usu3053\/2026\/02\/MENU-TRAMUNTANA-MARC-26-SENSE-AL\u00b7LERGENS.pdf\" class=\"wp-block-file__button wp-element-button\" download aria-describedby=\"wp-block-file--media-19a361a4-38ba-4a8d-ad89-601f816946ee\">Baixa<\/a><\/div>\n\n\n\n<p><strong>MEN\u00da <\/strong><strong>SENSE CARNS<\/strong> (PEIX S\u00cd)<\/p>\n\n\n\n<div data-wp-interactive=\"core\/file\" class=\"wp-block-file\"><object data-wp-bind--hidden=\"!state.hasPdfPreview\" hidden class=\"wp-block-file__embed\" data=\"https:\/\/agora.xtec.cat\/ietramuntana\/wp-content\/uploads\/usu3053\/2026\/02\/MENU-MARC-26-TRAMUNTANA-SENSE-CARNS-PEIX-SI-1.pdf\" type=\"application\/pdf\" style=\"width:100%;height:600px\" aria-label=\"Incrustaci\u00f3 del fitxer MENU MAR\u00c7 26 TRAMUNTANA  SENSE CARNS, PEIX SI.\"><\/object><a id=\"wp-block-file--media-8e3280de-6e65-457d-a0a4-70b2694c8df5\" href=\"https:\/\/agora.xtec.cat\/ietramuntana\/wp-content\/uploads\/usu3053\/2026\/02\/MENU-MARC-26-TRAMUNTANA-SENSE-CARNS-PEIX-SI-1.pdf\">MENU MAR\u00c7 26 TRAMUNTANA  SENSE CARNS, PEIX SI<\/a><a href=\"https:\/\/agora.xtec.cat\/ietramuntana\/wp-content\/uploads\/usu3053\/2026\/02\/MENU-MARC-26-TRAMUNTANA-SENSE-CARNS-PEIX-SI-1.pdf\" class=\"wp-block-file__button wp-element-button\" download aria-describedby=\"wp-block-file--media-8e3280de-6e65-457d-a0a4-70b2694c8df5\">Baixa<\/a><\/div>\n\n\n\n<p><strong>CALORIES I PROPOSTES DE SOPARS<\/strong><\/p>\n\n\n\n<div data-wp-interactive=\"core\/file\" class=\"wp-block-file\"><object data-wp-bind--hidden=\"!state.hasPdfPreview\" hidden class=\"wp-block-file__embed\" data=\"https:\/\/agora.xtec.cat\/ietramuntana\/wp-content\/uploads\/usu3053\/2026\/02\/MENU-MARC-26-TRAMUNTANA-CALORIES-I-SOPARS.pdf\" type=\"application\/pdf\" style=\"width:100%;height:600px\" aria-label=\"Incrustaci\u00f3 del fitxer MENU MAR\u00c7 26 TRAMUNTANA  CALORIES I SOPARS.\"><\/object><a id=\"wp-block-file--media-949f64db-8bc1-4dfb-bb60-eb8a45815286\" href=\"https:\/\/agora.xtec.cat\/ietramuntana\/wp-content\/uploads\/usu3053\/2026\/02\/MENU-MARC-26-TRAMUNTANA-CALORIES-I-SOPARS.pdf\">MENU MAR\u00c7 26 TRAMUNTANA  CALORIES I SOPARS<\/a><a href=\"https:\/\/agora.xtec.cat\/ietramuntana\/wp-content\/uploads\/usu3053\/2026\/02\/MENU-MARC-26-TRAMUNTANA-CALORIES-I-SOPARS.pdf\" class=\"wp-block-file__button wp-element-button\" download aria-describedby=\"wp-block-file--media-949f64db-8bc1-4dfb-bb60-eb8a45815286\">Baixa<\/a><\/div>\n\n\n\n<p><\/p>\n","protected":false},"excerpt":{"rendered":"<p>Aqu\u00ed trobareu els men\u00fas per a l&#8217;Institut Escola Tramuntana MAR\u00c7 2026 MEN\u00da BASAL MEN\u00da SENSE CARNS VERMELLES MEN\u00da HALAL MEN\u00da VEGETARI\u00c0 (OU I LLET S\u00cd) MEN\u00da SENSE AL\u00b7L\u00c8RGENS MEN\u00da SENSE CARNS (PEIX S\u00cd) CALORIES I PROPOSTES DE SOPARS<\/p>\n","protected":false},"author":6,"featured_media":0,"parent":0,"menu_order":0,"comment_status":"closed","ping_status":"close","template":"","meta":{"site-sidebar-layout":"default","site-content-layout":"","ast-site-content-layout":"default","site-content-style":"default","site-sidebar-style":"default","ast-global-header-display":"","ast-banner-title-visibility":"","ast-main-header-display":"","ast-hfb-above-header-display":"","ast-hfb-below-header-display":"","ast-hfb-mobile-header-display":"","site-post-title":"","ast-breadcrumbs-content":"","ast-featured-img":"","footer-sml-layout":"","theme-transparent-header-meta":"","adv-header-id-meta":"","stick-header-meta":"","header-above-stick-meta":"","header-main-stick-meta":"","header-below-stick-meta":"","astra-migrate-meta-layouts":"set","ast-page-background-enabled":"default","ast-page-background-meta":{"desktop":{"background-color":"var(--ast-global-color-4)","background-image":"","background-repeat":"repeat","background-position":"center center","background-size":"auto","background-attachment":"scroll","background-type":"","background-media":"","overlay-type":"","overlay-color":"","overlay-opacity":"","overlay-gradient":""},"tablet":{"background-color":"","background-image":"","background-repeat":"repeat","background-position":"center center","background-size":"auto","background-attachment":"scroll","background-type":"","background-media":"","overlay-type":"","overlay-color":"","overlay-opacity":"","overlay-gradient":""},"mobile":{"background-color":"","background-image":"","background-repeat":"repeat","background-position":"center center","background-size":"auto","background-attachment":"scroll","background-type":"","background-media":"","overlay-type":"","overlay-color":"","overlay-opacity":"","overlay-gradient":""}},"ast-content-background-meta":{"desktop":{"background-color":"var(--ast-global-color-5)","background-image":"","background-repeat":"repeat","background-position":"center center","background-size":"auto","background-attachment":"scroll","background-type":"","background-media":"","overlay-type":"","overlay-color":"","overlay-opacity":"","overlay-gradient":""},"tablet":{"background-color":"var(--ast-global-color-5)","background-image":"","background-repeat":"repeat","background-position":"center center","background-size":"auto","background-attachment":"scroll","background-type":"","background-media":"","overlay-type":"","overlay-color":"","overlay-opacity":"","overlay-gradient":""},"mobile":{"background-color":"var(--ast-global-color-5)","background-image":"","background-repeat":"repeat","background-position":"center center","background-size":"auto","background-attachment":"scroll","background-type":"","background-media":"","overlay-type":"","overlay-color":"","overlay-opacity":"","overlay-gradient":""}},"footnotes":""},"class_list":["post-1617","page","type-page","status-publish","hentry"],"post_mailing_queue_ids":[],"_links":{"self":[{"href":"https:\/\/agora.xtec.cat\/ietramuntana\/wp-json\/wp\/v2\/pages\/1617","targetHints":{"allow":["GET"]}}],"collection":[{"href":"https:\/\/agora.xtec.cat\/ietramuntana\/wp-json\/wp\/v2\/pages"}],"about":[{"href":"https:\/\/agora.xtec.cat\/ietramuntana\/wp-json\/wp\/v2\/types\/page"}],"author":[{"embeddable":true,"href":"https:\/\/agora.xtec.cat\/ietramuntana\/wp-json\/wp\/v2\/users\/6"}],"replies":[{"embeddable":true,"href":"https:\/\/agora.xtec.cat\/ietramuntana\/wp-json\/wp\/v2\/comments?post=1617"}],"version-history":[{"count":6,"href":"https:\/\/agora.xtec.cat\/ietramuntana\/wp-json\/wp\/v2\/pages\/1617\/revisions"}],"predecessor-version":[{"id":2431,"href":"https:\/\/agora.xtec.cat\/ietramuntana\/wp-json\/wp\/v2\/pages\/1617\/revisions\/2431"}],"wp:attachment":[{"href":"https:\/\/agora.xtec.cat\/ietramuntana\/wp-json\/wp\/v2\/media?parent=1617"}],"curies":[{"name":"wp","href":"https:\/\/api.w.org\/{rel}","templated":true}]}}