{"id":1431,"date":"2025-10-10T16:07:09","date_gmt":"2025-10-10T14:07:09","guid":{"rendered":"https:\/\/agora.xtec.cat\/ietramuntana\/?page_id=1431"},"modified":"2025-10-21T16:18:55","modified_gmt":"2025-10-21T14:18:55","slug":"consergeria","status":"publish","type":"page","link":"https:\/\/agora.xtec.cat\/ietramuntana\/consergeria\/","title":{"rendered":"Consergeria"},"content":{"rendered":"\n<div class=\"wp-block-media-text is-stacked-on-mobile\"><figure class=\"wp-block-media-text__media\"><img loading=\"lazy\" decoding=\"async\" width=\"1024\" height=\"768\" src=\"https:\/\/agora.xtec.cat\/ietramuntana\/wp-content\/uploads\/usu3053\/2025\/10\/20251015_165643-1024x768.jpg\" alt=\"\" class=\"wp-image-1548 size-full\" srcset=\"https:\/\/agora.xtec.cat\/ietramuntana\/wp-content\/uploads\/usu3053\/2025\/10\/20251015_165643-1024x768.jpg 1024w, https:\/\/agora.xtec.cat\/ietramuntana\/wp-content\/uploads\/usu3053\/2025\/10\/20251015_165643-300x225.jpg 300w, https:\/\/agora.xtec.cat\/ietramuntana\/wp-content\/uploads\/usu3053\/2025\/10\/20251015_165643-768x576.jpg 768w, https:\/\/agora.xtec.cat\/ietramuntana\/wp-content\/uploads\/usu3053\/2025\/10\/20251015_165643-1536x1152.jpg 1536w, https:\/\/agora.xtec.cat\/ietramuntana\/wp-content\/uploads\/usu3053\/2025\/10\/20251015_165643-2048x1536.jpg 2048w\" sizes=\"auto, (max-width: 1024px) 100vw, 1024px\" \/><\/figure><div class=\"wp-block-media-text__content\">\n<p>L&#8217;espai de consergeria, ubicat a l&#8217;entrada de l&#8217;edifici d&#8217;Infantil i Prim\u00e0ria, hi treballa un equip de dues persones. Us hi podeu adre\u00e7ar per venir a recollir els vostres fills i filles fora de l&#8217;horari habitual i per contactar-hi per tel\u00e8fon per avisar d&#8217;alguna incid\u00e8ncia relacionada amb el vostre fill o filla.<\/p>\n\n\n\n<p><strong>Contacte<\/strong>: 933456816 (tel\u00e8fon del centre) o<strong> <\/strong>consergeria@ietramuntana.cat<\/p>\n\n\n\n<p><strong>HORARI D&#8217;HIVERN <\/strong>(1 d&#8217;octubre a 31 de maig)<\/p>\n\n\n\n<p>Dilluns a divendres de 8:30 a 16:00<\/p>\n\n\n\n<p><strong>HORARI D&#8217;ESTIU <\/strong>(1 de juny a 30 de setembre)<\/p>\n\n\n\n<p>Dilluns a divendres de 8:30 a 15:00<\/p>\n<\/div><\/div>\n\n\n\n<p><\/p>\n","protected":false},"excerpt":{"rendered":"<p>L&#8217;espai de consergeria, ubicat a l&#8217;entrada de l&#8217;edifici d&#8217;Infantil i Prim\u00e0ria, hi treballa un equip de dues persones. Us hi podeu adre\u00e7ar per venir a recollir els vostres fills i filles fora de l&#8217;horari habitual i per contactar-hi per tel\u00e8fon per avisar d&#8217;alguna incid\u00e8ncia relacionada amb el vostre fill o filla. Contacte: 933456816 (tel\u00e8fon del [&hellip;]<\/p>\n","protected":false},"author":6,"featured_media":0,"parent":0,"menu_order":0,"comment_status":"closed","ping_status":"close","template":"","meta":{"site-sidebar-layout":"default","site-content-layout":"","ast-site-content-layout":"default","site-content-style":"default","site-sidebar-style":"default","ast-global-header-display":"","ast-banner-title-visibility":"","ast-main-header-display":"","ast-hfb-above-header-display":"","ast-hfb-below-header-display":"","ast-hfb-mobile-header-display":"","site-post-title":"","ast-breadcrumbs-content":"","ast-featured-img":"","footer-sml-layout":"","theme-transparent-header-meta":"","adv-header-id-meta":"","stick-header-meta":"","header-above-stick-meta":"","header-main-stick-meta":"","header-below-stick-meta":"","astra-migrate-meta-layouts":"set","ast-page-background-enabled":"default","ast-page-background-meta":{"desktop":{"background-color":"var(--ast-global-color-4)","background-image":"","background-repeat":"repeat","background-position":"center center","background-size":"auto","background-attachment":"scroll","background-type":"","background-media":"","overlay-type":"","overlay-color":"","overlay-opacity":"","overlay-gradient":""},"tablet":{"background-color":"","background-image":"","background-repeat":"repeat","background-position":"center center","background-size":"auto","background-attachment":"scroll","background-type":"","background-media":"","overlay-type":"","overlay-color":"","overlay-opacity":"","overlay-gradient":""},"mobile":{"background-color":"","background-image":"","background-repeat":"repeat","background-position":"center center","background-size":"auto","background-attachment":"scroll","background-type":"","background-media":"","overlay-type":"","overlay-color":"","overlay-opacity":"","overlay-gradient":""}},"ast-content-background-meta":{"desktop":{"background-color":"var(--ast-global-color-5)","background-image":"","background-repeat":"repeat","background-position":"center center","background-size":"auto","background-attachment":"scroll","background-type":"","background-media":"","overlay-type":"","overlay-color":"","overlay-opacity":"","overlay-gradient":""},"tablet":{"background-color":"var(--ast-global-color-5)","background-image":"","background-repeat":"repeat","background-position":"center center","background-size":"auto","background-attachment":"scroll","background-type":"","background-media":"","overlay-type":"","overlay-color":"","overlay-opacity":"","overlay-gradient":""},"mobile":{"background-color":"var(--ast-global-color-5)","background-image":"","background-repeat":"repeat","background-position":"center center","background-size":"auto","background-attachment":"scroll","background-type":"","background-media":"","overlay-type":"","overlay-color":"","overlay-opacity":"","overlay-gradient":""}},"footnotes":""},"class_list":["post-1431","page","type-page","status-publish","hentry"],"post_mailing_queue_ids":[],"_links":{"self":[{"href":"https:\/\/agora.xtec.cat\/ietramuntana\/wp-json\/wp\/v2\/pages\/1431","targetHints":{"allow":["GET"]}}],"collection":[{"href":"https:\/\/agora.xtec.cat\/ietramuntana\/wp-json\/wp\/v2\/pages"}],"about":[{"href":"https:\/\/agora.xtec.cat\/ietramuntana\/wp-json\/wp\/v2\/types\/page"}],"author":[{"embeddable":true,"href":"https:\/\/agora.xtec.cat\/ietramuntana\/wp-json\/wp\/v2\/users\/6"}],"replies":[{"embeddable":true,"href":"https:\/\/agora.xtec.cat\/ietramuntana\/wp-json\/wp\/v2\/comments?post=1431"}],"version-history":[{"count":6,"href":"https:\/\/agora.xtec.cat\/ietramuntana\/wp-json\/wp\/v2\/pages\/1431\/revisions"}],"predecessor-version":[{"id":1607,"href":"https:\/\/agora.xtec.cat\/ietramuntana\/wp-json\/wp\/v2\/pages\/1431\/revisions\/1607"}],"wp:attachment":[{"href":"https:\/\/agora.xtec.cat\/ietramuntana\/wp-json\/wp\/v2\/media?parent=1431"}],"curies":[{"name":"wp","href":"https:\/\/api.w.org\/{rel}","templated":true}]}}

<div class="wp-block-media-text is-stacked-on-mobile"><figure class="wp-block-media-text__media"><img loading="lazy" decoding="async" width="1024" height="768" src="https://agora.xtec.cat/ietramuntana/wp-content/uploads/usu3053/2025/10/20251015_165643-1024x768.jpg" alt="" class="wp-image-1548 size-full" srcset="https://agora.xtec.cat/ietramuntana/wp-content/uploads/usu3053/2025/10/20251015_165643-1024x768.jpg 1024w, https://agora.xtec.cat/ietramuntana/wp-content/uploads/usu3053/2025/10/20251015_165643-300x225.jpg 300w, https://agora.xtec.cat/ietramuntana/wp-content/uploads/usu3053/2025/10/20251015_165643-768x576.jpg 768w, https://agora.xtec.cat/ietramuntana/wp-content/uploads/usu3053/2025/10/20251015_165643-1536x1152.jpg 1536w, https://agora.xtec.cat/ietramuntana/wp-content/uploads/usu3053/2025/10/20251015_165643-2048x1536.jpg 2048w" sizes="auto, (max-width: 1024px) 100vw, 1024px" /></figure><div class="wp-block-media-text__content">
<p>L&#8217;espai de consergeria, ubicat a l&#8217;entrada de l&#8217;edifici d&#8217;Infantil i Primària, hi treballa un equip de dues persones. Us hi podeu adreçar per venir a recollir els vostres fills i filles fora de l&#8217;horari habitual i per contactar-hi per telèfon per avisar d&#8217;alguna incidència relacionada amb el vostre fill o filla.</p>



<p><strong>Contacte</strong>: 933456816 (telèfon del centre) o<strong> </strong>consergeria@ietramuntana.cat</p>



<p><strong>HORARI D&#8217;HIVERN </strong>(1 d&#8217;octubre a 31 de maig)</p>



<p>Dilluns a divendres de 8:30 a 16:00</p>



<p><strong>HORARI D&#8217;ESTIU </strong>(1 de juny a 30 de setembre)</p>



<p>Dilluns a divendres de 8:30 a 15:00</p>
</div></div>



<p></p>

<p>L&#8217;espai de consergeria, ubicat a l&#8217;entrada de l&#8217;edifici d&#8217;Infantil i Primària, hi treballa un equip de dues persones. Us hi podeu adreçar per venir a recollir els vostres fills i filles fora de l&#8217;horari habitual i per contactar-hi per telèfon per avisar d&#8217;alguna incidència relacionada amb el vostre fill o filla. Contacte: 933456816 (telèfon del [&hellip;]</p>
