{"id":12366,"date":"2023-02-08T13:12:26","date_gmt":"2023-02-08T12:12:26","guid":{"rendered":"https:\/\/agora.xtec.cat\/ietorrequeralt\/?page_id=12366"},"modified":"2025-06-16T10:05:12","modified_gmt":"2025-06-16T08:05:12","slug":"membres-de-lafa","status":"publish","type":"page","link":"https:\/\/agora.xtec.cat\/ietorrequeralt\/membres-de-lafa\/","title":{"rendered":"Membres de l&#8217;AFA"},"content":{"rendered":"<p>L&#8217;Associaci\u00f3 de Fam\u00edlies d&#8217;Alumnes est\u00e0 format per un grup de mares, pares i tutors dels alumnes de l\u2019IE Torre Queralt amb uns objectius clars: donar suport a les tasques desenvolupades pel centre i millorar les condicions educatives de tots els alumnes i les respectives fam\u00edlies.<\/p>\n<p>La junta treballa per tal de dur a terme diversos projectes i activitats al llarg del curs.<br \/>\nEls membres de la junta son els seg\u00fcents:<br \/>\n-Presidenta: Pilar Carri\u00f3n<br \/>\n-Tresorera: Neus Berzosa<br \/>\n-Vocal 1: Silvia Chordi<br \/>\n-Vocal 2: <\/p>\n<p><a href=\"https:\/\/agora.xtec.cat\/ietorrequeralt\/wp-content\/uploads\/usu1262\/2022\/09\/institut-escola-torre-queralt-millorem-conjuntament-ampa-355772.png\"><img loading=\"lazy\" decoding=\"async\" src=\"https:\/\/agora.xtec.cat\/ietorrequeralt\/wp-content\/uploads\/usu1262\/2022\/09\/institut-escola-torre-queralt-millorem-conjuntament-ampa-355772-1024x1024.png\" alt=\"\" width=\"1024\" height=\"1024\" class=\"alignnone size-large wp-image-11713\" srcset=\"https:\/\/agora.xtec.cat\/ietorrequeralt\/wp-content\/uploads\/usu1262\/2022\/09\/institut-escola-torre-queralt-millorem-conjuntament-ampa-355772-1024x1024.png 1024w, https:\/\/agora.xtec.cat\/ietorrequeralt\/wp-content\/uploads\/usu1262\/2022\/09\/institut-escola-torre-queralt-millorem-conjuntament-ampa-355772-300x300.png 300w, https:\/\/agora.xtec.cat\/ietorrequeralt\/wp-content\/uploads\/usu1262\/2022\/09\/institut-escola-torre-queralt-millorem-conjuntament-ampa-355772-150x150.png 150w, https:\/\/agora.xtec.cat\/ietorrequeralt\/wp-content\/uploads\/usu1262\/2022\/09\/institut-escola-torre-queralt-millorem-conjuntament-ampa-355772-768x768.png 768w, https:\/\/agora.xtec.cat\/ietorrequeralt\/wp-content\/uploads\/usu1262\/2022\/09\/institut-escola-torre-queralt-millorem-conjuntament-ampa-355772.png 1080w\" sizes=\"auto, (max-width: 1024px) 100vw, 1024px\" \/><\/a><\/p>\n","protected":false},"excerpt":{"rendered":"<p>L&#8217;Associaci\u00f3 de Fam\u00edlies d&#8217;Alumnes est\u00e0 format per un grup de mares, pares i tutors dels alumnes de l\u2019IE Torre Queralt amb uns objectius clars: donar suport a les tasques desenvolupades pel centre i millorar les condicions educatives de tots els alumnes i les respectives fam\u00edlies.<br \/>\nLa&hellip;  <a href=\"https:\/\/agora.xtec.cat\/ietorrequeralt\/membres-de-lafa\/\" title=\"Read Membres de l&#8217;AFA\">Llegeix m\u00e9s\u00bb<\/a><\/p>\n","protected":false},"author":1,"featured_media":0,"parent":0,"menu_order":0,"comment_status":"closed","ping_status":"closed","template":"","meta":{"_bbp_topic_count":0,"_bbp_reply_count":0,"_bbp_total_topic_count":0,"_bbp_total_reply_count":0,"_bbp_voice_count":0,"_bbp_anonymous_reply_count":0,"_bbp_topic_count_hidden":0,"_bbp_reply_count_hidden":0,"_bbp_forum_subforum_count":0,"footnotes":""},"class_list":["post-12366","page","type-page","status-publish","hentry"],"post_mailing_queue_ids":[],"_links":{"self":[{"href":"https:\/\/agora.xtec.cat\/ietorrequeralt\/wp-json\/wp\/v2\/pages\/12366","targetHints":{"allow":["GET"]}}],"collection":[{"href":"https:\/\/agora.xtec.cat\/ietorrequeralt\/wp-json\/wp\/v2\/pages"}],"about":[{"href":"https:\/\/agora.xtec.cat\/ietorrequeralt\/wp-json\/wp\/v2\/types\/page"}],"author":[{"embeddable":true,"href":"https:\/\/agora.xtec.cat\/ietorrequeralt\/wp-json\/wp\/v2\/users\/1"}],"replies":[{"embeddable":true,"href":"https:\/\/agora.xtec.cat\/ietorrequeralt\/wp-json\/wp\/v2\/comments?post=12366"}],"version-history":[{"count":4,"href":"https:\/\/agora.xtec.cat\/ietorrequeralt\/wp-json\/wp\/v2\/pages\/12366\/revisions"}],"predecessor-version":[{"id":15835,"href":"https:\/\/agora.xtec.cat\/ietorrequeralt\/wp-json\/wp\/v2\/pages\/12366\/revisions\/15835"}],"wp:attachment":[{"href":"https:\/\/agora.xtec.cat\/ietorrequeralt\/wp-json\/wp\/v2\/media?parent=12366"}],"curies":[{"name":"wp","href":"https:\/\/api.w.org\/{rel}","templated":true}]}}