{"id":73,"date":"2014-09-18T14:01:51","date_gmt":"2014-09-18T12:01:51","guid":{"rendered":"http:\/\/agora.xtec.cat\/ietorrelles\/?page_id=73"},"modified":"2024-02-03T21:34:52","modified_gmt":"2024-02-03T20:34:52","slug":"menjador-escolar","status":"publish","type":"page","link":"https:\/\/agora.xtec.cat\/ietorrelles\/serveis\/menjador-escolar\/","title":{"rendered":"Menjador escolar"},"content":{"rendered":"<p>Benvinguts al nostre <a href=\"https:\/\/menjadorietorrelles.wordpress.com\/\">menjador escolar<\/a>, un espai din\u00e0mic i acollidor on converteix la pausa per menjar en una oportunitat d&#8217;aprenentatge, conviv\u00e8ncia i nutrici\u00f3 saludable. Amb un fort comprom\u00eds amb el benestar dels nostres estudiants, el nostre menjador no \u00e9s nom\u00e9s un lloc per alimentar-se, sin\u00f3 un entorn on es fomenta la socialitzaci\u00f3, el respecte i els h\u00e0bits alimentaris saludables.<\/p>\n<p>Treballem amb dedicaci\u00f3 per oferir una oferta gastron\u00f2mica equilibrada, adaptada a les necessitats nutricionals dels estudiants, i mantenim una atenci\u00f3 especial a les diverses restriccions aliment\u00e0ries per assegurar que tots puguin gaudir d&#8217;una experi\u00e8ncia gastron\u00f2mica positiva. A m\u00e9s, el nostre personal de cuina est\u00e0 format per professionals compromesos amb la qualitat dels aliments i el servei.<\/p>\n<p>El <a href=\"https:\/\/menjadorietorrelles.wordpress.com\/\">menjador escolar<\/a> no \u00e9s nom\u00e9s un lloc on es reparteix menjar; \u00e9s un espai d&#8217;intercanvi, aprenentatge i moments agradables. Amb aquesta introducci\u00f3, us convidem a participar en aquesta experi\u00e8ncia compartida i a gaudir d&#8217;una pausa per menjar que no nom\u00e9s alimenta els cossos, sin\u00f3 que tamb\u00e9 enforteix els vincles comunitaris. Gr\u00e0cies per formar part de la nostra experi\u00e8ncia de menjador escolar.<\/p>\n<p style=\"text-align: center;\">Clicka la imatge per anar a la p\u00e0gina web del <a href=\"https:\/\/menjadorietorrelles.wordpress.com\/\">menjador escolar<\/a><\/p>\n<p><a href=\"https:\/\/menjadorietorrelles.wordpress.com\/\"><img loading=\"lazy\" decoding=\"async\" class=\"size-full wp-image-2007 aligncenter\" src=\"https:\/\/agora.xtec.cat\/ietorrelles\/wp-content\/uploads\/usu2293\/2024\/02\/b538dd0169241a2c51b4ebe68d8fc028.png\" alt=\"\" width=\"287\" height=\"369\" \/><\/a><\/p>\n","protected":false},"excerpt":{"rendered":"<p>Benvinguts al nostre <a href=\"https:\/\/menjadorietorrelles.wordpress.com\/\">menjador escolar<\/a>, un espai din\u00e0mic i acollidor on converteix la pausa per menjar en una oportunitat d&#8217;aprenentatge, conviv\u00e8ncia i nutrici\u00f3 saludable. Amb un fort comprom\u00eds amb el benestar dels nostres estudiants, el nostre menjador no \u00e9s nom\u00e9s un lloc per alimentar-se,&hellip;  <a href=\"https:\/\/agora.xtec.cat\/ietorrelles\/serveis\/menjador-escolar\/\" title=\"Read Menjador escolar\">Llegeix m\u00e9s\u00bb<\/a><\/p>\n","protected":false},"author":1,"featured_media":0,"parent":66,"menu_order":2,"comment_status":"closed","ping_status":"closed","template":"page-templates\/side-menu.php","meta":{"_bbp_topic_count":0,"_bbp_reply_count":0,"_bbp_total_topic_count":0,"_bbp_total_reply_count":0,"_bbp_voice_count":0,"_bbp_anonymous_reply_count":0,"_bbp_topic_count_hidden":0,"_bbp_reply_count_hidden":0,"_bbp_forum_subforum_count":0,"footnotes":""},"class_list":["post-73","page","type-page","status-publish","hentry"],"post_mailing_queue_ids":[],"_links":{"self":[{"href":"https:\/\/agora.xtec.cat\/ietorrelles\/wp-json\/wp\/v2\/pages\/73","targetHints":{"allow":["GET"]}}],"collection":[{"href":"https:\/\/agora.xtec.cat\/ietorrelles\/wp-json\/wp\/v2\/pages"}],"about":[{"href":"https:\/\/agora.xtec.cat\/ietorrelles\/wp-json\/wp\/v2\/types\/page"}],"author":[{"embeddable":true,"href":"https:\/\/agora.xtec.cat\/ietorrelles\/wp-json\/wp\/v2\/users\/1"}],"replies":[{"embeddable":true,"href":"https:\/\/agora.xtec.cat\/ietorrelles\/wp-json\/wp\/v2\/comments?post=73"}],"version-history":[{"count":0,"href":"https:\/\/agora.xtec.cat\/ietorrelles\/wp-json\/wp\/v2\/pages\/73\/revisions"}],"up":[{"embeddable":true,"href":"https:\/\/agora.xtec.cat\/ietorrelles\/wp-json\/wp\/v2\/pages\/66"}],"wp:attachment":[{"href":"https:\/\/agora.xtec.cat\/ietorrelles\/wp-json\/wp\/v2\/media?parent=73"}],"curies":[{"name":"wp","href":"https:\/\/api.w.org\/{rel}","templated":true}]}}

<p>Benvinguts al nostre <a href="https://menjadorietorrelles.wordpress.com/">menjador escolar</a>, un espai dinàmic i acollidor on converteix la pausa per menjar en una oportunitat d&#8217;aprenentatge, convivència i nutrició saludable. Amb un fort compromís amb el benestar dels nostres estudiants, el nostre menjador no és només un lloc per alimentar-se, sinó un entorn on es fomenta la socialització, el respecte i els hàbits alimentaris saludables.</p>
<p>Treballem amb dedicació per oferir una oferta gastronòmica equilibrada, adaptada a les necessitats nutricionals dels estudiants, i mantenim una atenció especial a les diverses restriccions alimentàries per assegurar que tots puguin gaudir d&#8217;una experiència gastronòmica positiva. A més, el nostre personal de cuina està format per professionals compromesos amb la qualitat dels aliments i el servei.</p>
<p>El <a href="https://menjadorietorrelles.wordpress.com/">menjador escolar</a> no és només un lloc on es reparteix menjar; és un espai d&#8217;intercanvi, aprenentatge i moments agradables. Amb aquesta introducció, us convidem a participar en aquesta experiència compartida i a gaudir d&#8217;una pausa per menjar que no només alimenta els cossos, sinó que també enforteix els vincles comunitaris. Gràcies per formar part de la nostra experiència de menjador escolar.</p>
<p style="text-align: center;">Clicka la imatge per anar a la pàgina web del <a href="https://menjadorietorrelles.wordpress.com/">menjador escolar</a></p>
<p><a href="https://menjadorietorrelles.wordpress.com/"><img loading="lazy" decoding="async" class="size-full wp-image-2007 aligncenter" src="https://agora.xtec.cat/ietorrelles/wp-content/uploads/usu2293/2024/02/b538dd0169241a2c51b4ebe68d8fc028.png" alt="" width="287" height="369" /></a></p>

<p>Benvinguts al nostre <a href="https://menjadorietorrelles.wordpress.com/">menjador escolar</a>, un espai dinàmic i acollidor on converteix la pausa per menjar en una oportunitat d&#8217;aprenentatge, convivència i nutrició saludable. Amb un fort compromís amb el benestar dels nostres estudiants, el nostre menjador no és només un lloc per alimentar-se,&hellip;  <a href="https://agora.xtec.cat/ietorrelles/serveis/menjador-escolar/" title="Read Menjador escolar">Llegeix més»</a></p>
