{"id":66,"date":"2014-09-18T12:40:47","date_gmt":"2014-09-18T10:40:47","guid":{"rendered":"http:\/\/agora.xtec.cat\/ietorrelles\/?page_id=66"},"modified":"2024-02-03T21:51:40","modified_gmt":"2024-02-03T20:51:40","slug":"serveis","status":"publish","type":"page","link":"https:\/\/agora.xtec.cat\/ietorrelles\/serveis\/","title":{"rendered":"Serveis"},"content":{"rendered":"<div class=\"flex-1 overflow-hidden\">\n<div class=\"react-scroll-to-bottom--css-eoglu-79elbk h-full\">\n<div class=\"react-scroll-to-bottom--css-eoglu-1n7m0yu\">\n<div class=\"flex flex-col pb-9 text-sm\">\n<div class=\"w-full text-token-text-primary\" data-testid=\"conversation-turn-19\">\n<div class=\"px-4 py-2 justify-center text-base md:gap-6 m-auto\">\n<div class=\"flex flex-1 text-base mx-auto gap-3 md:px-5 lg:px-1 xl:px-5 md:max-w-3xl lg:max-w-[40rem] xl:max-w-[48rem] group final-completion\">\n<div class=\"relative flex w-full flex-col lg:w-[calc(100%-115px)] agent-turn\">\n<div class=\"flex-col gap-1 md:gap-3\">\n<div class=\"flex flex-grow flex-col max-w-full\">\n<div class=\"min-h-[20px] text-message flex flex-col items-start gap-3 whitespace-pre-wrap break-words [.text-message+&amp;]:mt-5 overflow-x-auto\" data-message-author-role=\"assistant\" data-message-id=\"1a5f95f9-dbf4-4e17-b797-a82a8cc08e39\">\n<div class=\"markdown prose w-full break-words dark:prose-invert light\">\n<p>Aquest espai dedicat a enriquir l&#8217;experi\u00e8ncia dels estudiants va m\u00e9s enll\u00e0 de les hores lectives. Des de l&#8217;acollida matinal fins a les activitats extraescolars i els casals, aquests serveis s\u00f3n una part essencial del nostre comprom\u00eds amb el desenvolupament integral dels nostres alumnes.<\/p>\n<p>L&#8217;acollida matinal no nom\u00e9s \u00e9s un punt de trobada per iniciar el dia, sin\u00f3 un moment per establir connexions positives i preparar-se per a les aventures educatives que vindran. El nostre menjador escolar ofereix m\u00e9s que una simple pausa per menjar; \u00e9s un entorn de conviv\u00e8ncia on es fomenten h\u00e0bits alimentaris saludables i es construeixen relacions socials.<\/p>\n<p>Les activitats extraescolars, que van des de l&#8217;art i la m\u00fasica fins als esports, amplien l&#8217;abast de l&#8217;educaci\u00f3, permetent als estudiants explorar passions i desenvolupar talents. A m\u00e9s, els casals ofereixen oportunitats d&#8217;enriquiment durant les vacances escolars, mantenint l&#8217;aprenentatge viu i actiu.<\/p>\n<p>Amb aquests serveis, aspirem a proporcionar un entorn ric i variat que compleixi amb les necessitats diverses dels nostres alumnes, fomentant el creixement personal i la participaci\u00f3 activa. Us convidem a explorar aquest m\u00f3n d&#8217;oportunitats i a formar part activa d&#8217;aquesta experi\u00e8ncia educativa completa. Gr\u00e0cies per ser part de la nostra comunitat escolar.<\/p>\n<\/div>\n<\/div>\n<\/div>\n<\/div>\n<\/div>\n<\/div>\n<\/div>\n<\/div>\n<\/div>\n<\/div>\n<\/div>\n<\/div>\n","protected":false},"excerpt":{"rendered":"<p>Aquest espai dedicat a enriquir l&#8217;experi\u00e8ncia dels estudiants va m\u00e9s enll\u00e0 de les hores lectives. Des de l&#8217;acollida matinal fins a les activitats extraescolars i els casals, aquests serveis s\u00f3n una part essencial del nostre comprom\u00eds amb el desenvolupament integral dels nostres alumnes.<br \/>\nL&#8217;acollida matinal no&hellip;  <a href=\"https:\/\/agora.xtec.cat\/ietorrelles\/serveis\/\" title=\"Read Serveis\">Llegeix m\u00e9s\u00bb<\/a><\/p>\n","protected":false},"author":1,"featured_media":0,"parent":0,"menu_order":5,"comment_status":"closed","ping_status":"closed","template":"page-templates\/side-menu.php","meta":{"_bbp_topic_count":0,"_bbp_reply_count":0,"_bbp_total_topic_count":0,"_bbp_total_reply_count":0,"_bbp_voice_count":0,"_bbp_anonymous_reply_count":0,"_bbp_topic_count_hidden":0,"_bbp_reply_count_hidden":0,"_bbp_forum_subforum_count":0,"footnotes":""},"class_list":["post-66","page","type-page","status-publish","hentry"],"post_mailing_queue_ids":[],"_links":{"self":[{"href":"https:\/\/agora.xtec.cat\/ietorrelles\/wp-json\/wp\/v2\/pages\/66","targetHints":{"allow":["GET"]}}],"collection":[{"href":"https:\/\/agora.xtec.cat\/ietorrelles\/wp-json\/wp\/v2\/pages"}],"about":[{"href":"https:\/\/agora.xtec.cat\/ietorrelles\/wp-json\/wp\/v2\/types\/page"}],"author":[{"embeddable":true,"href":"https:\/\/agora.xtec.cat\/ietorrelles\/wp-json\/wp\/v2\/users\/1"}],"replies":[{"embeddable":true,"href":"https:\/\/agora.xtec.cat\/ietorrelles\/wp-json\/wp\/v2\/comments?post=66"}],"version-history":[{"count":0,"href":"https:\/\/agora.xtec.cat\/ietorrelles\/wp-json\/wp\/v2\/pages\/66\/revisions"}],"wp:attachment":[{"href":"https:\/\/agora.xtec.cat\/ietorrelles\/wp-json\/wp\/v2\/media?parent=66"}],"curies":[{"name":"wp","href":"https:\/\/api.w.org\/{rel}","templated":true}]}}

<div class="flex-1 overflow-hidden">
<div class="react-scroll-to-bottom--css-eoglu-79elbk h-full">
<div class="react-scroll-to-bottom--css-eoglu-1n7m0yu">
<div class="flex flex-col pb-9 text-sm">
<div class="w-full text-token-text-primary" data-testid="conversation-turn-19">
<div class="px-4 py-2 justify-center text-base md:gap-6 m-auto">
<div class="flex flex-1 text-base mx-auto gap-3 md:px-5 lg:px-1 xl:px-5 md:max-w-3xl lg:max-w-[40rem] xl:max-w-[48rem] group final-completion">
<div class="relative flex w-full flex-col lg:w-[calc(100%-115px)] agent-turn">
<div class="flex-col gap-1 md:gap-3">
<div class="flex flex-grow flex-col max-w-full">
<div class="min-h-[20px] text-message flex flex-col items-start gap-3 whitespace-pre-wrap break-words [.text-message+&amp;]:mt-5 overflow-x-auto" data-message-author-role="assistant" data-message-id="1a5f95f9-dbf4-4e17-b797-a82a8cc08e39">
<div class="markdown prose w-full break-words dark:prose-invert light">
<p>Aquest espai dedicat a enriquir l&#8217;experiència dels estudiants va més enllà de les hores lectives. Des de l&#8217;acollida matinal fins a les activitats extraescolars i els casals, aquests serveis són una part essencial del nostre compromís amb el desenvolupament integral dels nostres alumnes.</p>
<p>L&#8217;acollida matinal no només és un punt de trobada per iniciar el dia, sinó un moment per establir connexions positives i preparar-se per a les aventures educatives que vindran. El nostre menjador escolar ofereix més que una simple pausa per menjar; és un entorn de convivència on es fomenten hàbits alimentaris saludables i es construeixen relacions socials.</p>
<p>Les activitats extraescolars, que van des de l&#8217;art i la música fins als esports, amplien l&#8217;abast de l&#8217;educació, permetent als estudiants explorar passions i desenvolupar talents. A més, els casals ofereixen oportunitats d&#8217;enriquiment durant les vacances escolars, mantenint l&#8217;aprenentatge viu i actiu.</p>
<p>Amb aquests serveis, aspirem a proporcionar un entorn ric i variat que compleixi amb les necessitats diverses dels nostres alumnes, fomentant el creixement personal i la participació activa. Us convidem a explorar aquest món d&#8217;oportunitats i a formar part activa d&#8217;aquesta experiència educativa completa. Gràcies per ser part de la nostra comunitat escolar.</p>
</div>
</div>
</div>
</div>
</div>
</div>
</div>
</div>
</div>
</div>
</div>
</div>

<p>Aquest espai dedicat a enriquir l&#8217;experiència dels estudiants va més enllà de les hores lectives. Des de l&#8217;acollida matinal fins a les activitats extraescolars i els casals, aquests serveis són una part essencial del nostre compromís amb el desenvolupament integral dels nostres alumnes.<br />
L&#8217;acollida matinal no&hellip;  <a href="https://agora.xtec.cat/ietorrelles/serveis/" title="Read Serveis">Llegeix més»</a></p>
