{"id":4358,"date":"2026-09-03T14:20:08","date_gmt":"2026-09-03T12:20:08","guid":{"rendered":"https:\/\/agora.xtec.cat\/ietorrelles\/?page_id=4358"},"modified":"2026-09-03T14:20:08","modified_gmt":"2026-09-03T12:20:08","slug":"vals-escolars-2026-2027","status":"publish","type":"page","link":"https:\/\/agora.xtec.cat\/ietorrelles\/vals-escolars-2026-2027\/","title":{"rendered":"Vals escolars 2026-2027"},"content":{"rendered":"\n<figure class=\"wp-block-image size-large\"><a href=\"https:\/\/agora.xtec.cat\/ietorrelles\/wp-content\/uploads\/usu2293\/2026\/09\/Captura-de-pantalla-2026-09-01-221845.png\"><img loading=\"lazy\" decoding=\"async\" width=\"1024\" height=\"180\" src=\"https:\/\/agora.xtec.cat\/ietorrelles\/wp-content\/uploads\/usu2293\/2026\/09\/Captura-de-pantalla-2026-09-01-221845-1024x180.png\" alt=\"\" class=\"wp-image-4360\" srcset=\"https:\/\/agora.xtec.cat\/ietorrelles\/wp-content\/uploads\/usu2293\/2026\/09\/Captura-de-pantalla-2026-09-01-221845-1024x180.png 1024w, https:\/\/agora.xtec.cat\/ietorrelles\/wp-content\/uploads\/usu2293\/2026\/09\/Captura-de-pantalla-2026-09-01-221845-300x53.png 300w, https:\/\/agora.xtec.cat\/ietorrelles\/wp-content\/uploads\/usu2293\/2026\/09\/Captura-de-pantalla-2026-09-01-221845-768x135.png 768w, https:\/\/agora.xtec.cat\/ietorrelles\/wp-content\/uploads\/usu2293\/2026\/09\/Captura-de-pantalla-2026-09-01-221845-1536x270.png 1536w, https:\/\/agora.xtec.cat\/ietorrelles\/wp-content\/uploads\/usu2293\/2026\/09\/Captura-de-pantalla-2026-09-01-221845.png 1860w\" sizes=\"auto, (max-width: 1024px) 100vw, 1024px\" \/><\/a><\/figure>\n\n\n\n<h3 class=\"wp-block-heading\">Qu\u00e8 s\u00f3n els vals escolars?<\/h3>\n\n\n\n<p>Els&nbsp;<strong>vals escolars<\/strong>&nbsp;s\u00f3n un ajut econ\u00f2mic del Departament d\u2019Educaci\u00f3 i Formaci\u00f3 Professional de la Generalitat de Catalunya destinat a contribuir a les despeses de material escolar de l\u2019alumnat.<\/p>\n\n\n\n<p>Les fam\u00edlies benefici\u00e0ries poden utilitzar els vals als establiments adherits al programa o, si ho consideren oport\u00fa,&nbsp;<strong>cedir-los al centre educatiu<\/strong>&nbsp;perqu\u00e8 es destinin a les necessitats educatives de l\u2019alumnat.<\/p>\n\n\n\n<p>Recordeu que la cessi\u00f3 s&#8217;ha de completar\u00a0<strong>abans del 18 de setembre de 2026<\/strong>. Un cop superada aquesta data,\u00a0<strong>no ser\u00e0 possible cedir els vals als centres<\/strong>.<\/p>\n\n\n\n<h3 class=\"wp-block-heading\">On puc trobar els vals i les instruccions?<\/h3>\n\n\n\n<p>Podeu consultar tota la informaci\u00f3 oficial sobre els vals escolars al web del Departament d\u2019Educaci\u00f3 i Formaci\u00f3 Professional. Hi trobareu les instruccions per gestionar els vals, informaci\u00f3 sobre el seu funcionament i les preguntes freq\u00fcents.<\/p>\n\n\n\n<p><strong><a href=\"https:\/\/www.valescolar.cat\/\" data-type=\"link\" data-id=\"https:\/\/www.valescolar.cat\/\" target=\"_blank\" rel=\"noreferrer noopener\">Consulta la informaci\u00f3 oficial sobre els vals escolars<\/a><\/strong><\/p>\n\n\n\n<p>Us recomanem consultar les instruccions oficials abans de fer el tr\u00e0mit per assegurar-vos que seguiu correctament tots els passos.<\/p>\n\n\n\n<h3 class=\"wp-block-heading\">Com puc cedir els vals al centre?<\/h3>\n\n\n\n<p>La cessi\u00f3 dels vals es fa telem\u00e0ticament a trav\u00e9s del web de&nbsp;<a href=\"https:\/\/www.valescolar.cat\/\" rel=\"noreferrer noopener\" target=\"_blank\">Val Escolar<\/a>, dins de l\u2019apartat&nbsp;<strong>\u00abAccedeix als teus vals\u00bb<\/strong>.<\/p>\n\n\n\n<h4 class=\"wp-block-heading\">Qu\u00e8 necessito?<\/h4>\n\n\n\n<p>Per accedir als vals i fer-ne la gesti\u00f3, cal disposar de:<\/p>\n\n\n\n<ul class=\"wp-block-list\">\n<li><strong>L\u2019identificador de l\u2019alumne\/a.<\/strong><\/li>\n\n\n\n<li><strong>El codi PIN d\u2019activaci\u00f3<\/strong>\u00a0que la fam\u00edlia rep per correu electr\u00f2nic.<\/li>\n\n\n\n<li><strong>Un n\u00famero de tel\u00e8fon m\u00f2bil<\/strong>, on es rebr\u00e0 un codi de verificaci\u00f3.<\/li>\n<\/ul>\n\n\n\n<h4 class=\"wp-block-heading\">Passos per fer la cessi\u00f3<\/h4>\n\n\n\n<ol class=\"wp-block-list\">\n<li>Accediu a\u00a0<a href=\"https:\/\/www.valescolar.cat\/\" target=\"_blank\" rel=\"noreferrer noopener\">valescolar.cat<\/a>\u00a0i entreu a\u00a0<strong>\u00abAccedeix als teus vals\u00bb<\/strong>.<\/li>\n\n\n\n<li>Introdu\u00efu les dades necess\u00e0ries per accedir als vals.<\/li>\n\n\n\n<li>Consulteu i activeu els vals, si encara no ho heu fet.<\/li>\n\n\n\n<li>Seleccioneu l\u2019opci\u00f3 per\u00a0<strong>cedir els vals al centre educatiu<\/strong>.<\/li>\n\n\n\n<li>Cerqueu i seleccioneu el nostre centre.<\/li>\n\n\n\n<li>Comproveu que les dades del centre s\u00f3n correctes.<\/li>\n\n\n\n<li><strong>Confirmeu la cessi\u00f3.<\/strong><\/li>\n<\/ol>\n\n\n\n<p><strong>Important:<\/strong>&nbsp;un cop confirmada la cessi\u00f3,&nbsp;<strong>no es pot anul\u00b7lar ni modificar<\/strong>. Per tant, \u00e9s important comprovar que heu seleccionat correctament el centre abans de confirmar el tr\u00e0mit.<\/p>\n\n\n\n<p><strong>No cal lliurar els vals f\u00edsicament al centre.<\/strong>&nbsp;Tot el proc\u00e9s de cessi\u00f3 es realitza telem\u00e0ticament mitjan\u00e7ant el sistema habilitat.<\/p>\n\n\n\n<h3 class=\"wp-block-heading\">No he rebut el PIN d\u2019activaci\u00f3?<\/h3>\n\n\n\n<p>Si no heu rebut el correu electr\u00f2nic amb el PIN d\u2019activaci\u00f3, podeu obtenir-ne un de nou des del mateix web de&nbsp;<a href=\"https:\/\/www.valescolar.cat\/\" rel=\"noreferrer noopener\" target=\"_blank\">Val Escolar<\/a>.<\/p>\n\n\n\n<p>Per recuperar-lo, accediu a&nbsp;<strong>\u00abAccedeix als teus vals\u00bb<\/strong>, entreu a l\u2019apartat&nbsp;<strong>\u00abPIN d\u2019activaci\u00f3\u00bb<\/strong>&nbsp;i introdu\u00efu:<\/p>\n\n\n\n<ul class=\"wp-block-list\">\n<li>l\u2019<strong>identificador de l\u2019alumne\/a<\/strong>, i<\/li>\n\n\n\n<li>la\u00a0<strong>data de naixement de l\u2019alumne\/a<\/strong>.<\/li>\n<\/ul>\n\n\n\n<p>El sistema us permetr\u00e0 obtenir un nou PIN d\u2019activaci\u00f3 i continuar amb el proc\u00e9s.<\/p>\n\n\n\n<h3 class=\"wp-block-heading\">No s\u00e9 quin \u00e9s l\u2019identificador de l\u2019alumne\/a<\/h3>\n\n\n\n<p>Si no sabeu quin \u00e9s l\u2019identificador de l\u2019alumne\/a, podeu consultar-lo a trav\u00e9s dels canals habilitats pel Departament d\u2019Educaci\u00f3 i Formaci\u00f3 Professional o demanar ajuda al centre educatiu.<\/p>\n\n\n\n<p>Tamb\u00e9 podeu consultar la informaci\u00f3 disponible a l\u2019<a href=\"https:\/\/www.valescolar.cat\/ajuda-alumnes\/\" rel=\"noreferrer noopener\" target=\"_blank\">apartat d\u2019ajuda de Val Escolar<\/a>.<\/p>\n\n\n\n<h3 class=\"wp-block-heading\">On puc trobar m\u00e9s informaci\u00f3 i les instruccions?<\/h3>\n\n\n\n<p>Podeu consultar tota la informaci\u00f3 oficial sobre els vals escolars als canals del Departament d\u2019Educaci\u00f3 i Formaci\u00f3 Professional i al web de&nbsp;<strong>Val Escolar<\/strong>.<\/p>\n\n\n\n<ul class=\"wp-block-list\">\n<li><a href=\"https:\/\/www.valescolar.cat\/\" target=\"_blank\" rel=\"noreferrer noopener\">Web de Val Escolar<\/a><\/li>\n\n\n\n<li><a href=\"https:\/\/www.valescolar.cat\/ajuda-alumnes\/\" target=\"_blank\" rel=\"noreferrer noopener\">Ajuda i preguntes freq\u00fcents de Val Escolar<\/a><\/li>\n<\/ul>\n\n\n\n<h3 class=\"wp-block-heading\">Necessiteu ajuda?<\/h3>\n\n\n\n<p>Si teniu qualsevol problema durant el proc\u00e9s de consulta, activaci\u00f3 o cessi\u00f3 dels vals, us recomanem consultar primer les instruccions i les preguntes freq\u00fcents del Departament d\u2019Educaci\u00f3.<\/p>\n\n\n\n<p>Si, tot i aix\u00ed, teniu algun dubte o problema amb la cessi\u00f3 dels vals al centre, podeu contactar amb la Secretaria del centre a trav\u00e9s de l\u2019adre\u00e7a:<\/p>\n\n\n\n<p><strong>secretaria@ietorrelles.cat<\/strong><\/p>\n\n\n\n<p>Intentarem ajudar-vos en tot all\u00f2 que estigui al nostre abast.<\/p>\n","protected":false},"excerpt":{"rendered":"<p>Qu\u00e8 s\u00f3n els vals escolars? Els&nbsp;vals escolars&nbsp;s\u00f3n un ajut econ\u00f2mic del Departament d\u2019Educaci\u00f3 i Formaci\u00f3 Professional de la Generalitat de Catalunya destinat a contribuir a les despeses de material escolar de l\u2019alumnat. Les fam\u00edlies benefici\u00e0ries poden utilitzar els vals als establiments adherits al programa o, si ho consideren oport\u00fa,&nbsp;cedir-los al centre educatiu&nbsp;perqu\u00e8 es destinin a [&hellip;]<\/p>\n","protected":false},"author":74,"featured_media":0,"parent":0,"menu_order":0,"comment_status":"closed","ping_status":"close","template":"","meta":{"_bbp_topic_count":0,"_bbp_reply_count":0,"_bbp_total_topic_count":0,"_bbp_total_reply_count":0,"_bbp_voice_count":0,"_bbp_anonymous_reply_count":0,"_bbp_topic_count_hidden":0,"_bbp_reply_count_hidden":0,"_bbp_forum_subforum_count":0,"site-sidebar-layout":"default","site-content-layout":"","ast-site-content-layout":"default","site-content-style":"default","site-sidebar-style":"default","ast-global-header-display":"","ast-banner-title-visibility":"","ast-main-header-display":"","ast-hfb-above-header-display":"","ast-hfb-below-header-display":"","ast-hfb-mobile-header-display":"","site-post-title":"","ast-breadcrumbs-content":"","ast-featured-img":"","footer-sml-layout":"","theme-transparent-header-meta":"","adv-header-id-meta":"","stick-header-meta":"","header-above-stick-meta":"","header-main-stick-meta":"","header-below-stick-meta":"","astra-migrate-meta-layouts":"set","ast-page-background-enabled":"default","ast-page-background-meta":{"desktop":{"background-color":"var(--ast-global-color-4)","background-image":"","background-repeat":"repeat","background-position":"center center","background-size":"auto","background-attachment":"scroll","background-type":"","background-media":"","overlay-type":"","overlay-color":"","overlay-opacity":"","overlay-gradient":""},"tablet":{"background-color":"","background-image":"","background-repeat":"repeat","background-position":"center center","background-size":"auto","background-attachment":"scroll","background-type":"","background-media":"","overlay-type":"","overlay-color":"","overlay-opacity":"","overlay-gradient":""},"mobile":{"background-color":"","background-image":"","background-repeat":"repeat","background-position":"center center","background-size":"auto","background-attachment":"scroll","background-type":"","background-media":"","overlay-type":"","overlay-color":"","overlay-opacity":"","overlay-gradient":""}},"ast-content-background-meta":{"desktop":{"background-color":"var(--ast-global-color-5)","background-image":"","background-repeat":"repeat","background-position":"center center","background-size":"auto","background-attachment":"scroll","background-type":"","background-media":"","overlay-type":"","overlay-color":"","overlay-opacity":"","overlay-gradient":""},"tablet":{"background-color":"var(--ast-global-color-5)","background-image":"","background-repeat":"repeat","background-position":"center center","background-size":"auto","background-attachment":"scroll","background-type":"","background-media":"","overlay-type":"","overlay-color":"","overlay-opacity":"","overlay-gradient":""},"mobile":{"background-color":"var(--ast-global-color-5)","background-image":"","background-repeat":"repeat","background-position":"center center","background-size":"auto","background-attachment":"scroll","background-type":"","background-media":"","overlay-type":"","overlay-color":"","overlay-opacity":"","overlay-gradient":""}},"footnotes":""},"class_list":["post-4358","page","type-page","status-publish","hentry"],"post_mailing_queue_ids":[],"_links":{"self":[{"href":"https:\/\/agora.xtec.cat\/ietorrelles\/wp-json\/wp\/v2\/pages\/4358","targetHints":{"allow":["GET"]}}],"collection":[{"href":"https:\/\/agora.xtec.cat\/ietorrelles\/wp-json\/wp\/v2\/pages"}],"about":[{"href":"https:\/\/agora.xtec.cat\/ietorrelles\/wp-json\/wp\/v2\/types\/page"}],"author":[{"embeddable":true,"href":"https:\/\/agora.xtec.cat\/ietorrelles\/wp-json\/wp\/v2\/users\/74"}],"replies":[{"embeddable":true,"href":"https:\/\/agora.xtec.cat\/ietorrelles\/wp-json\/wp\/v2\/comments?post=4358"}],"version-history":[{"count":3,"href":"https:\/\/agora.xtec.cat\/ietorrelles\/wp-json\/wp\/v2\/pages\/4358\/revisions"}],"predecessor-version":[{"id":4362,"href":"https:\/\/agora.xtec.cat\/ietorrelles\/wp-json\/wp\/v2\/pages\/4358\/revisions\/4362"}],"wp:attachment":[{"href":"https:\/\/agora.xtec.cat\/ietorrelles\/wp-json\/wp\/v2\/media?parent=4358"}],"curies":[{"name":"wp","href":"https:\/\/api.w.org\/{rel}","templated":true}]}}

<figure class="wp-block-image size-large"><a href="https://agora.xtec.cat/ietorrelles/wp-content/uploads/usu2293/2026/09/Captura-de-pantalla-2026-09-01-221845.png"><img loading="lazy" decoding="async" width="1024" height="180" src="https://agora.xtec.cat/ietorrelles/wp-content/uploads/usu2293/2026/09/Captura-de-pantalla-2026-09-01-221845-1024x180.png" alt="" class="wp-image-4360" srcset="https://agora.xtec.cat/ietorrelles/wp-content/uploads/usu2293/2026/09/Captura-de-pantalla-2026-09-01-221845-1024x180.png 1024w, https://agora.xtec.cat/ietorrelles/wp-content/uploads/usu2293/2026/09/Captura-de-pantalla-2026-09-01-221845-300x53.png 300w, https://agora.xtec.cat/ietorrelles/wp-content/uploads/usu2293/2026/09/Captura-de-pantalla-2026-09-01-221845-768x135.png 768w, https://agora.xtec.cat/ietorrelles/wp-content/uploads/usu2293/2026/09/Captura-de-pantalla-2026-09-01-221845-1536x270.png 1536w, https://agora.xtec.cat/ietorrelles/wp-content/uploads/usu2293/2026/09/Captura-de-pantalla-2026-09-01-221845.png 1860w" sizes="auto, (max-width: 1024px) 100vw, 1024px" /></a></figure>



<h3 class="wp-block-heading">Què són els vals escolars?</h3>



<p>Els&nbsp;<strong>vals escolars</strong>&nbsp;són un ajut econòmic del Departament d’Educació i Formació Professional de la Generalitat de Catalunya destinat a contribuir a les despeses de material escolar de l’alumnat.</p>



<p>Les famílies beneficiàries poden utilitzar els vals als establiments adherits al programa o, si ho consideren oportú,&nbsp;<strong>cedir-los al centre educatiu</strong>&nbsp;perquè es destinin a les necessitats educatives de l’alumnat.</p>



<p>Recordeu que la cessió s&#8217;ha de completar <strong>abans del 18 de setembre de 2026</strong>. Un cop superada aquesta data, <strong>no serà possible cedir els vals als centres</strong>.</p>



<h3 class="wp-block-heading">On puc trobar els vals i les instruccions?</h3>



<p>Podeu consultar tota la informació oficial sobre els vals escolars al web del Departament d’Educació i Formació Professional. Hi trobareu les instruccions per gestionar els vals, informació sobre el seu funcionament i les preguntes freqüents.</p>



<p><strong><a href="https://www.valescolar.cat/" data-type="link" data-id="https://www.valescolar.cat/" target="_blank" rel="noreferrer noopener">Consulta la informació oficial sobre els vals escolars</a></strong></p>



<p>Us recomanem consultar les instruccions oficials abans de fer el tràmit per assegurar-vos que seguiu correctament tots els passos.</p>



<h3 class="wp-block-heading">Com puc cedir els vals al centre?</h3>



<p>La cessió dels vals es fa telemàticament a través del web de&nbsp;<a href="https://www.valescolar.cat/" rel="noreferrer noopener" target="_blank">Val Escolar</a>, dins de l’apartat&nbsp;<strong>«Accedeix als teus vals»</strong>.</p>



<h4 class="wp-block-heading">Què necessito?</h4>



<p>Per accedir als vals i fer-ne la gestió, cal disposar de:</p>



<ul class="wp-block-list">
<li><strong>L’identificador de l’alumne/a.</strong></li>



<li><strong>El codi PIN d’activació</strong> que la família rep per correu electrònic.</li>



<li><strong>Un número de telèfon mòbil</strong>, on es rebrà un codi de verificació.</li>
</ul>



<h4 class="wp-block-heading">Passos per fer la cessió</h4>



<ol class="wp-block-list">
<li>Accediu a <a href="https://www.valescolar.cat/" target="_blank" rel="noreferrer noopener">valescolar.cat</a> i entreu a <strong>«Accedeix als teus vals»</strong>.</li>



<li>Introduïu les dades necessàries per accedir als vals.</li>



<li>Consulteu i activeu els vals, si encara no ho heu fet.</li>



<li>Seleccioneu l’opció per <strong>cedir els vals al centre educatiu</strong>.</li>



<li>Cerqueu i seleccioneu el nostre centre.</li>



<li>Comproveu que les dades del centre són correctes.</li>



<li><strong>Confirmeu la cessió.</strong></li>
</ol>



<p><strong>Important:</strong>&nbsp;un cop confirmada la cessió,&nbsp;<strong>no es pot anul·lar ni modificar</strong>. Per tant, és important comprovar que heu seleccionat correctament el centre abans de confirmar el tràmit.</p>



<p><strong>No cal lliurar els vals físicament al centre.</strong>&nbsp;Tot el procés de cessió es realitza telemàticament mitjançant el sistema habilitat.</p>



<h3 class="wp-block-heading">No he rebut el PIN d’activació?</h3>



<p>Si no heu rebut el correu electrònic amb el PIN d’activació, podeu obtenir-ne un de nou des del mateix web de&nbsp;<a href="https://www.valescolar.cat/" rel="noreferrer noopener" target="_blank">Val Escolar</a>.</p>



<p>Per recuperar-lo, accediu a&nbsp;<strong>«Accedeix als teus vals»</strong>, entreu a l’apartat&nbsp;<strong>«PIN d’activació»</strong>&nbsp;i introduïu:</p>



<ul class="wp-block-list">
<li>l’<strong>identificador de l’alumne/a</strong>, i</li>



<li>la <strong>data de naixement de l’alumne/a</strong>.</li>
</ul>



<p>El sistema us permetrà obtenir un nou PIN d’activació i continuar amb el procés.</p>



<h3 class="wp-block-heading">No sé quin és l’identificador de l’alumne/a</h3>



<p>Si no sabeu quin és l’identificador de l’alumne/a, podeu consultar-lo a través dels canals habilitats pel Departament d’Educació i Formació Professional o demanar ajuda al centre educatiu.</p>



<p>També podeu consultar la informació disponible a l’<a href="https://www.valescolar.cat/ajuda-alumnes/" rel="noreferrer noopener" target="_blank">apartat d’ajuda de Val Escolar</a>.</p>



<h3 class="wp-block-heading">On puc trobar més informació i les instruccions?</h3>



<p>Podeu consultar tota la informació oficial sobre els vals escolars als canals del Departament d’Educació i Formació Professional i al web de&nbsp;<strong>Val Escolar</strong>.</p>



<ul class="wp-block-list">
<li><a href="https://www.valescolar.cat/" target="_blank" rel="noreferrer noopener">Web de Val Escolar</a></li>



<li><a href="https://www.valescolar.cat/ajuda-alumnes/" target="_blank" rel="noreferrer noopener">Ajuda i preguntes freqüents de Val Escolar</a></li>
</ul>



<h3 class="wp-block-heading">Necessiteu ajuda?</h3>



<p>Si teniu qualsevol problema durant el procés de consulta, activació o cessió dels vals, us recomanem consultar primer les instruccions i les preguntes freqüents del Departament d’Educació.</p>



<p>Si, tot i així, teniu algun dubte o problema amb la cessió dels vals al centre, podeu contactar amb la Secretaria del centre a través de l’adreça:</p>



<p><strong>secretaria@ietorrelles.cat</strong></p>



<p>Intentarem ajudar-vos en tot allò que estigui al nostre abast.</p>

<p>Què són els vals escolars? Els&nbsp;vals escolars&nbsp;són un ajut econòmic del Departament d’Educació i Formació Professional de la Generalitat de Catalunya destinat a contribuir a les despeses de material escolar de l’alumnat. Les famílies beneficiàries poden utilitzar els vals als establiments adherits al programa o, si ho consideren oportú,&nbsp;cedir-los al centre educatiu&nbsp;perquè es destinin a [&hellip;]</p>
