{"id":3718,"date":"2026-01-08T17:43:21","date_gmt":"2026-01-08T16:43:21","guid":{"rendered":"https:\/\/agora.xtec.cat\/ietorrelles\/?page_id=3718"},"modified":"2026-01-08T17:44:03","modified_gmt":"2026-01-08T16:44:03","slug":"recull-daccions-i-activitats-realitzades-1t-curs-2025-2026","status":"publish","type":"page","link":"https:\/\/agora.xtec.cat\/ietorrelles\/afa\/recull-daccions-i-activitats-realitzades-1t-curs-2025-2026\/","title":{"rendered":"Recull d&#8217;accions i activitats realitzades 1T curs 2025-2026"},"content":{"rendered":"<article class=\"post\">\n<div class=\"entry-content\">\n<p>\n      Des de l&#8217;AFA de l&#8217;Institut Escola Torrelles compartim un resum del que hem fet durant aquest primer trimestre del curs 2025-2026, seguint la l\u00ednia de treball d&#8217;una escola viva, participativa i al servei de totes les fam\u00edlies.\n    <\/p>\n<h2>Inici de curs i espais de participaci\u00f3<\/h2>\n<ul>\n<li>Benvinguda d&#8217;inici de curs 2025-2026 i presentaci\u00f3 de les l\u00ednies de treball de l&#8217;AFA.<\/li>\n<li>Posada en marxa i seguiment d&#8217; extraescolars.<\/li>\n<li>Repartir a l&#8217;alumnat soci de l&#8217; AFA el corresponents llibres socialitzats<\/li>\n<li>Assemblea anual de fam\u00edlies.<\/li>\n<li>Participaci\u00f3 en el Consell Escolar i al Consell de Menjador.<\/li>\n<\/ul>\n<h2>Coordinaci\u00f3 amb l&#8217;escola i l&#8217;administraci\u00f3<\/h2>\n<ul>\n<li>Reunions mensuals amb la direcci\u00f3 de l&#8217;Institut Escola Torrelles.<\/li>\n<li>Reunions amb la regidoria d&#8217;educaci\u00f3 per al seguiment de les obres de la cuina de l&#8217;edifici groc.<\/li>\n<li>Reunions peri\u00f2diques amb l&#8217;empresa de menjador per revisar men\u00fas, organitzaci\u00f3 i qualitat del servei.<\/li>\n<li>Reunions mensuals amb la coordinadora cultural del poble.<\/li>\n<\/ul>\n<h2>Patis, espais exteriors i benestar<\/h2>\n<ul>\n<li>Reunions de la comissi\u00f3 mixta de patis per coordinar amb l&#8217;Ajuntament la instal\u00b7laci\u00f3 de p\u00e8rgoles als espais exteriors.<\/li>\n<li>Treball conjunt per a la plantada d&#8217;arbres a l&#8217;antic hort de la muntanyeta.<\/li>\n<li>Inspecci\u00f3 de l&#8217;estat de l&#8217;edifici groc per traslladar a l&#8217;Ajuntament un llistat de millores.<\/li>\n<li>Reuni\u00f3 amb direcci\u00f3 per al seguiment de les entrades d&#8217;aigua als dos edificis.<\/li>\n<\/ul>\n<h2>Menjador i acci\u00f3 de seguiment<\/h2>\n<ul>\n<li>Participaci\u00f3 en el Consell de Menjador.<\/li>\n<li>Visites d&#8217;inspecci\u00f3 i seguiment davant queixes sobre la qualitat del servei de menjador.<\/li>\n<li>Continu\u00eftat en l&#8217;an\u00e0lisi de men\u00fas i funcionament del servei, en la l\u00ednia de millora iniciada en trimestres anteriors.<\/li>\n<\/ul>\n<h2>Acci\u00f3 solid\u00e0ria i comunit\u00e0ria<\/h2>\n<ul>\n<li>Organitzaci\u00f3 d&#8217;una recaptaci\u00f3 solid\u00e0ria per La Marat\u00f3 com a alternativa a la Caminada Familiar Solid\u00e0ria, cancel\u00b7lada enguany per la pesta porcina africana.<\/li>\n<li>Foment dels valors de cooperaci\u00f3 i comprom\u00eds social entre l&#8217;alumnat i les fam\u00edlies.<\/li>\n<\/ul>\n<p>\n      Entre totes i tots fem possible una escola millor; l&#8217;AFA continua necessitant m\u00e9s mans i m\u00e9s veus per continuar avan\u00e7ant en aquests projectes al servei de tota la comunitat educativa.\n    <\/p>\n<\/p><\/div>\n<\/article>\n","protected":false},"excerpt":{"rendered":"<p>      Des de l&#8217;AFA de l&#8217;Institut Escola Torrelles compartim un resum del que hem fet durant aquest primer trimestre del curs 2025-2026, seguint la l\u00ednia de treball d&#8217;una escola viva, participativa i al servei de totes les fam\u00edlies.<br \/>\n  &hellip;  <a href=\"https:\/\/agora.xtec.cat\/ietorrelles\/afa\/recull-daccions-i-activitats-realitzades-1t-curs-2025-2026\/\" title=\"Read Recull d&#8217;accions i activitats realitzades 1T curs 2025-2026\">Llegeix m\u00e9s\u00bb<\/a><\/p>\n","protected":false},"author":73,"featured_media":0,"parent":3550,"menu_order":0,"comment_status":"closed","ping_status":"closed","template":"","meta":{"_bbp_topic_count":0,"_bbp_reply_count":0,"_bbp_total_topic_count":0,"_bbp_total_reply_count":0,"_bbp_voice_count":0,"_bbp_anonymous_reply_count":0,"_bbp_topic_count_hidden":0,"_bbp_reply_count_hidden":0,"_bbp_forum_subforum_count":0,"footnotes":""},"class_list":["post-3718","page","type-page","status-publish","hentry"],"post_mailing_queue_ids":[],"_links":{"self":[{"href":"https:\/\/agora.xtec.cat\/ietorrelles\/wp-json\/wp\/v2\/pages\/3718","targetHints":{"allow":["GET"]}}],"collection":[{"href":"https:\/\/agora.xtec.cat\/ietorrelles\/wp-json\/wp\/v2\/pages"}],"about":[{"href":"https:\/\/agora.xtec.cat\/ietorrelles\/wp-json\/wp\/v2\/types\/page"}],"author":[{"embeddable":true,"href":"https:\/\/agora.xtec.cat\/ietorrelles\/wp-json\/wp\/v2\/users\/73"}],"replies":[{"embeddable":true,"href":"https:\/\/agora.xtec.cat\/ietorrelles\/wp-json\/wp\/v2\/comments?post=3718"}],"version-history":[{"count":3,"href":"https:\/\/agora.xtec.cat\/ietorrelles\/wp-json\/wp\/v2\/pages\/3718\/revisions"}],"predecessor-version":[{"id":3721,"href":"https:\/\/agora.xtec.cat\/ietorrelles\/wp-json\/wp\/v2\/pages\/3718\/revisions\/3721"}],"up":[{"embeddable":true,"href":"https:\/\/agora.xtec.cat\/ietorrelles\/wp-json\/wp\/v2\/pages\/3550"}],"wp:attachment":[{"href":"https:\/\/agora.xtec.cat\/ietorrelles\/wp-json\/wp\/v2\/media?parent=3718"}],"curies":[{"name":"wp","href":"https:\/\/api.w.org\/{rel}","templated":true}]}}

<article class="post">
<div class="entry-content">
<p>
      Des de l&#8217;AFA de l&#8217;Institut Escola Torrelles compartim un resum del que hem fet durant aquest primer trimestre del curs 2025-2026, seguint la línia de treball d&#8217;una escola viva, participativa i al servei de totes les famílies.
    </p>
<h2>Inici de curs i espais de participació</h2>
<ul>
<li>Benvinguda d&#8217;inici de curs 2025-2026 i presentació de les línies de treball de l&#8217;AFA.</li>
<li>Posada en marxa i seguiment d&#8217; extraescolars.</li>
<li>Repartir a l&#8217;alumnat soci de l&#8217; AFA el corresponents llibres socialitzats</li>
<li>Assemblea anual de famílies.</li>
<li>Participació en el Consell Escolar i al Consell de Menjador.</li>
</ul>
<h2>Coordinació amb l&#8217;escola i l&#8217;administració</h2>
<ul>
<li>Reunions mensuals amb la direcció de l&#8217;Institut Escola Torrelles.</li>
<li>Reunions amb la regidoria d&#8217;educació per al seguiment de les obres de la cuina de l&#8217;edifici groc.</li>
<li>Reunions periòdiques amb l&#8217;empresa de menjador per revisar menús, organització i qualitat del servei.</li>
<li>Reunions mensuals amb la coordinadora cultural del poble.</li>
</ul>
<h2>Patis, espais exteriors i benestar</h2>
<ul>
<li>Reunions de la comissió mixta de patis per coordinar amb l&#8217;Ajuntament la instal·lació de pèrgoles als espais exteriors.</li>
<li>Treball conjunt per a la plantada d&#8217;arbres a l&#8217;antic hort de la muntanyeta.</li>
<li>Inspecció de l&#8217;estat de l&#8217;edifici groc per traslladar a l&#8217;Ajuntament un llistat de millores.</li>
<li>Reunió amb direcció per al seguiment de les entrades d&#8217;aigua als dos edificis.</li>
</ul>
<h2>Menjador i acció de seguiment</h2>
<ul>
<li>Participació en el Consell de Menjador.</li>
<li>Visites d&#8217;inspecció i seguiment davant queixes sobre la qualitat del servei de menjador.</li>
<li>Continuïtat en l&#8217;anàlisi de menús i funcionament del servei, en la línia de millora iniciada en trimestres anteriors.</li>
</ul>
<h2>Acció solidària i comunitària</h2>
<ul>
<li>Organització d&#8217;una recaptació solidària per La Marató com a alternativa a la Caminada Familiar Solidària, cancel·lada enguany per la pesta porcina africana.</li>
<li>Foment dels valors de cooperació i compromís social entre l&#8217;alumnat i les famílies.</li>
</ul>
<p>
      Entre totes i tots fem possible una escola millor; l&#8217;AFA continua necessitant més mans i més veus per continuar avançant en aquests projectes al servei de tota la comunitat educativa.
    </p>
</p></div>
</article>

<p>      Des de l&#8217;AFA de l&#8217;Institut Escola Torrelles compartim un resum del que hem fet durant aquest primer trimestre del curs 2025-2026, seguint la línia de treball d&#8217;una escola viva, participativa i al servei de totes les famílies.<br />
  &hellip;  <a href="https://agora.xtec.cat/ietorrelles/afa/recull-daccions-i-activitats-realitzades-1t-curs-2025-2026/" title="Read Recull d&#8217;accions i activitats realitzades 1T curs 2025-2026">Llegeix més»</a></p>
