{"id":3637,"date":"2025-10-25T11:45:45","date_gmt":"2025-10-25T09:45:45","guid":{"rendered":"https:\/\/agora.xtec.cat\/ietorrelles\/?page_id=3637"},"modified":"2025-10-25T12:16:24","modified_gmt":"2025-10-25T10:16:24","slug":"afa-enllacos-dinteres","status":"publish","type":"page","link":"https:\/\/agora.xtec.cat\/ietorrelles\/afa\/afa-documentacio-i-formularis\/afa-enllacos-dinteres\/","title":{"rendered":"AFA Enlla\u00e7os d&#8217;inter\u00e8s"},"content":{"rendered":"<section>\n<div>\n<h4><\/h4>\n<h4 style=\"color: #4caf50; margin-top: 0; margin-bottom: 8px;\"><span style=\"color: #2c3e50; font-size: 1.375em;\">Enlla\u00e7os d&#8217;inter\u00e8s per a fam\u00edlies s\u00f2cies<\/span><\/h4>\n<p>&nbsp;<\/p>\n<\/div>\n<div>\n<ul style=\"list-style-type: disc; padding-left: 25px; color: #34495e; font-size: 1.05em;\">\n<li style=\"margin-bottom: 12px;\"><a style=\"color: #1976d2; text-decoration: underline;\" href=\"https:\/\/web.gencat.cat\/ca\/educacio\/\" target=\"_blank\" rel=\"noopener\">Departament d\u2019Educaci\u00f3 de la Generalitat de Catalunya<\/a> \u2013 Informaci\u00f3 oficial, normativa i recursos educatius.<\/li>\n<li style=\"margin-bottom: 12px;\"><a style=\"color: #1976d2; text-decoration: underline;\" href=\"https:\/\/serveiseducatius.gencat.cat\/\" target=\"_blank\" rel=\"noopener\">Serveis Educatius de l&#8217;AFA<\/a> \u2013 Recursos espec\u00edfics per a fam\u00edlies, com catalogaci\u00f3 de serveis i activitats extraescolars.<\/li>\n<li style=\"margin-bottom: 12px;\"><a style=\"color: #1976d2; text-decoration: underline;\" href=\"https:\/\/xarxaafa.cat\/\" target=\"_blank\" rel=\"noopener\">Xarxa d\u2019AFAs i AMPA de Catalunya<\/a> \u2013 Plataforma per compartir experi\u00e8ncies i recursos.<\/li>\n<li style=\"margin-bottom: 12px;\"><a style=\"color: #1976d2; text-decoration: underline;\" href=\"https:\/\/www.equilibratech.cat\/\" target=\"_blank\" rel=\"noopener\">Equilibratech<\/a> \u2013 Recursos i orientaci\u00f3 per a la gesti\u00f3 del temps i l\u2019educaci\u00f3 digital dels fills\/es.<\/li>\n<li style=\"margin-bottom: 12px;\"><a style=\"color: #1976d2; text-decoration: underline;\" href=\"https:\/\/agora.xtec.cat\/\" target=\"_blank\" rel=\"noopener\">XTEC &#8211; Xarxa Telem\u00e0tica Educativa de Catalunya<\/a> \u2013 Plataforma docent amb materials i eines d\u2019ensenyament-aprenentatge.<\/li>\n<li style=\"margin-bottom: 12px;\"><a style=\"color: #1976d2; text-decoration: underline;\" href=\"https:\/\/educaccio.gencat.cat\/ca\/serveis-educatius\/families\/canal-families\/\" target=\"_blank\" rel=\"noopener\">Canal Fam\u00edlies<\/a> \u2013 Informaci\u00f3 i suport orientat a les fam\u00edlies amb infants i joves en edats escolars.<\/li>\n<li style=\"margin-bottom: 12px;\"><a style=\"color: #1976d2; text-decoration: underline;\" href=\"https:\/\/www.xarxanet.org\/\" target=\"_blank\" rel=\"noopener\">Xarxanet<\/a> \u2013 Portal de recursos per a entitats i fam\u00edlies, amb informaci\u00f3 social i cultural.<\/li>\n<\/ul>\n<\/div>\n<\/section>\n","protected":false},"excerpt":{"rendered":"<p>Enlla\u00e7os d&#8217;inter\u00e8s per a fam\u00edlies s\u00f2cies<br \/>\n&nbsp;<\/p>\n<ul style=\"list-style-type: disc; padding-left: 25px; color: #34495e; font-size: 1.05em;\">\n<li style=\"margin-bottom: 12px;\"><a style=\"color: #1976d2; text-decoration: underline;\" href=\"https:\/\/web.gencat.cat\/ca\/educacio\/\" target=\"_blank\" rel=\"noopener\">Departament d\u2019Educaci\u00f3 de la Generalitat de Catalunya<\/a> \u2013 Informaci\u00f3 oficial, normativa i recursos educatius.<\/li>\n<li style=\"margin-bottom: 12px;\"><a style=\"color: #1976d2; text-decoration: underline;\" href=\"https:\/\/serveiseducatius.gencat.cat\/\" target=\"_blank\" rel=\"noopener\">Serveis&hellip;  <a href=\"https:\/\/agora.xtec.cat\/ietorrelles\/afa\/afa-documentacio-i-formularis\/afa-enllacos-dinteres\/\" title=\"Read AFA Enlla\u00e7os d&#8217;inter\u00e8s\">Llegeix m\u00e9s\u00bb<\/a><br \/>\n","protected":false},"author":73,"featured_media":0,"parent":3615,"menu_order":0,"comment_status":"closed","ping_status":"closed","template":"","meta":{"_bbp_topic_count":0,"_bbp_reply_count":0,"_bbp_total_topic_count":0,"_bbp_total_reply_count":0,"_bbp_voice_count":0,"_bbp_anonymous_reply_count":0,"_bbp_topic_count_hidden":0,"_bbp_reply_count_hidden":0,"_bbp_forum_subforum_count":0,"footnotes":""},"class_list":["post-3637","page","type-page","status-publish","hentry"],"post_mailing_queue_ids":[],"_links":{"self":[{"href":"https:\/\/agora.xtec.cat\/ietorrelles\/wp-json\/wp\/v2\/pages\/3637","targetHints":{"allow":["GET"]}}],"collection":[{"href":"https:\/\/agora.xtec.cat\/ietorrelles\/wp-json\/wp\/v2\/pages"}],"about":[{"href":"https:\/\/agora.xtec.cat\/ietorrelles\/wp-json\/wp\/v2\/types\/page"}],"author":[{"embeddable":true,"href":"https:\/\/agora.xtec.cat\/ietorrelles\/wp-json\/wp\/v2\/users\/73"}],"replies":[{"embeddable":true,"href":"https:\/\/agora.xtec.cat\/ietorrelles\/wp-json\/wp\/v2\/comments?post=3637"}],"version-history":[{"count":1,"href":"https:\/\/agora.xtec.cat\/ietorrelles\/wp-json\/wp\/v2\/pages\/3637\/revisions"}],"predecessor-version":[{"id":3639,"href":"https:\/\/agora.xtec.cat\/ietorrelles\/wp-json\/wp\/v2\/pages\/3637\/revisions\/3639"}],"up":[{"embeddable":true,"href":"https:\/\/agora.xtec.cat\/ietorrelles\/wp-json\/wp\/v2\/pages\/3615"}],"wp:attachment":[{"href":"https:\/\/agora.xtec.cat\/ietorrelles\/wp-json\/wp\/v2\/media?parent=3637"}],"curies":[{"name":"wp","href":"https:\/\/api.w.org\/{rel}","templated":true}]}}

AFA Enllaços d&#8217;interès

<section>
<div>
<h4></h4>
<h4 style="color: #4caf50; margin-top: 0; margin-bottom: 8px;"><span style="color: #2c3e50; font-size: 1.375em;">Enllaços d&#8217;interès per a famílies sòcies</span></h4>
<p>&nbsp;</p>
</div>
<div>
<ul style="list-style-type: disc; padding-left: 25px; color: #34495e; font-size: 1.05em;">
<li style="margin-bottom: 12px;"><a style="color: #1976d2; text-decoration: underline;" href="https://web.gencat.cat/ca/educacio/" target="_blank" rel="noopener">Departament d’Educació de la Generalitat de Catalunya</a> – Informació oficial, normativa i recursos educatius.</li>
<li style="margin-bottom: 12px;"><a style="color: #1976d2; text-decoration: underline;" href="https://serveiseducatius.gencat.cat/" target="_blank" rel="noopener">Serveis Educatius de l&#8217;AFA</a> – Recursos específics per a famílies, com catalogació de serveis i activitats extraescolars.</li>
<li style="margin-bottom: 12px;"><a style="color: #1976d2; text-decoration: underline;" href="https://xarxaafa.cat/" target="_blank" rel="noopener">Xarxa d’AFAs i AMPA de Catalunya</a> – Plataforma per compartir experiències i recursos.</li>
<li style="margin-bottom: 12px;"><a style="color: #1976d2; text-decoration: underline;" href="https://www.equilibratech.cat/" target="_blank" rel="noopener">Equilibratech</a> – Recursos i orientació per a la gestió del temps i l’educació digital dels fills/es.</li>
<li style="margin-bottom: 12px;"><a style="color: #1976d2; text-decoration: underline;" href="https://agora.xtec.cat/" target="_blank" rel="noopener">XTEC &#8211; Xarxa Telemàtica Educativa de Catalunya</a> – Plataforma docent amb materials i eines d’ensenyament-aprenentatge.</li>
<li style="margin-bottom: 12px;"><a style="color: #1976d2; text-decoration: underline;" href="https://educaccio.gencat.cat/ca/serveis-educatius/families/canal-families/" target="_blank" rel="noopener">Canal Famílies</a> – Informació i suport orientat a les famílies amb infants i joves en edats escolars.</li>
<li style="margin-bottom: 12px;"><a style="color: #1976d2; text-decoration: underline;" href="https://www.xarxanet.org/" target="_blank" rel="noopener">Xarxanet</a> – Portal de recursos per a entitats i famílies, amb informació social i cultural.</li>
</ul>
</div>
</section>

<p>Enllaços d&#8217;interès per a famílies sòcies<br />
&nbsp;</p>
<ul style="list-style-type: disc; padding-left: 25px; color: #34495e; font-size: 1.05em;">
<li style="margin-bottom: 12px;"><a style="color: #1976d2; text-decoration: underline;" href="https://web.gencat.cat/ca/educacio/" target="_blank" rel="noopener">Departament d’Educació de la Generalitat de Catalunya</a> – Informació oficial, normativa i recursos educatius.</li>
<li style="margin-bottom: 12px;"><a style="color: #1976d2; text-decoration: underline;" href="https://serveiseducatius.gencat.cat/" target="_blank" rel="noopener">Serveis&hellip;  <a href="https://agora.xtec.cat/ietorrelles/afa/afa-documentacio-i-formularis/afa-enllacos-dinteres/" title="Read AFA Enllaços d&#8217;interès">Llegeix més»</a><br />
