{"id":3581,"date":"2025-10-10T11:56:57","date_gmt":"2025-10-10T09:56:57","guid":{"rendered":"https:\/\/agora.xtec.cat\/ietorrelles\/?page_id=3581"},"modified":"2025-10-10T11:56:57","modified_gmt":"2025-10-10T09:56:57","slug":"ulae","status":"publish","type":"page","link":"https:\/\/agora.xtec.cat\/ietorrelles\/comissions\/ulae\/","title":{"rendered":"ULAE"},"content":{"rendered":"<p>El nostre centre s\u2019incorpora a la Xarxa ULAE<\/p>\n<p>Aquest curs, el nostre centre s\u2019incorpora a la xarxa ULAE (Usos Ling\u00fc\u00edstics en l\u2019\u00c0mbit Educatiu), una iniciativa que promou la reflexi\u00f3 i el treball compartit per millorar la gesti\u00f3 de la diversitat ling\u00fc\u00edstica i afavorir l\u2019aprenentatge i l\u2019\u00fas del catal\u00e0 com a llengua de cohesi\u00f3 i de conviv\u00e8ncia.<\/p>\n<p>A trav\u00e9s del taller de sensibilitzaci\u00f3 ULAE, comen\u00e7arem un proc\u00e9s de reflexi\u00f3 col\u00b7lectiva sobre els usos ling\u00fc\u00edstics del centre, amb l\u2019objectiu d\u2019impulsar estrat\u00e8gies i accions concretes que reforcin el paper del catal\u00e0 com a llengua vehicular i d\u2019aprenentatge.<\/p>\n<p>Al llarg del curs, el nostre equip participar\u00e0 en cinc sessions de treball centrades en temes com el docent com a model ling\u00fc\u00edstic, la comunicaci\u00f3 amb les fam\u00edlies i la creaci\u00f3 d\u2019espais d\u2019\u00fas real del catal\u00e0 dins i fora de l\u2019aula.<\/p>\n<p>Amb aquesta incorporaci\u00f3, volem contribuir a una escola plural, cohesionada i compromesa amb la llengua catalana com a eix vertebrador de la nostra comunitat educativa.<\/p>\n","protected":false},"excerpt":{"rendered":"<p>El nostre centre s\u2019incorpora a la Xarxa ULAE<br \/>\nAquest curs, el nostre centre s\u2019incorpora a la xarxa ULAE (Usos Ling\u00fc\u00edstics en l\u2019\u00c0mbit Educatiu), una iniciativa que promou la reflexi\u00f3 i el treball compartit per millorar la gesti\u00f3 de la diversitat ling\u00fc\u00edstica i afavorir l\u2019aprenentatge i l\u2019\u00fas&hellip;  <a href=\"https:\/\/agora.xtec.cat\/ietorrelles\/comissions\/ulae\/\" title=\"Read ULAE\">Llegeix m\u00e9s\u00bb<\/a><\/p>\n","protected":false},"author":74,"featured_media":0,"parent":3485,"menu_order":0,"comment_status":"closed","ping_status":"closed","template":"","meta":{"_bbp_topic_count":0,"_bbp_reply_count":0,"_bbp_total_topic_count":0,"_bbp_total_reply_count":0,"_bbp_voice_count":0,"_bbp_anonymous_reply_count":0,"_bbp_topic_count_hidden":0,"_bbp_reply_count_hidden":0,"_bbp_forum_subforum_count":0,"footnotes":""},"class_list":["post-3581","page","type-page","status-publish","hentry"],"post_mailing_queue_ids":[],"_links":{"self":[{"href":"https:\/\/agora.xtec.cat\/ietorrelles\/wp-json\/wp\/v2\/pages\/3581","targetHints":{"allow":["GET"]}}],"collection":[{"href":"https:\/\/agora.xtec.cat\/ietorrelles\/wp-json\/wp\/v2\/pages"}],"about":[{"href":"https:\/\/agora.xtec.cat\/ietorrelles\/wp-json\/wp\/v2\/types\/page"}],"author":[{"embeddable":true,"href":"https:\/\/agora.xtec.cat\/ietorrelles\/wp-json\/wp\/v2\/users\/74"}],"replies":[{"embeddable":true,"href":"https:\/\/agora.xtec.cat\/ietorrelles\/wp-json\/wp\/v2\/comments?post=3581"}],"version-history":[{"count":1,"href":"https:\/\/agora.xtec.cat\/ietorrelles\/wp-json\/wp\/v2\/pages\/3581\/revisions"}],"predecessor-version":[{"id":3582,"href":"https:\/\/agora.xtec.cat\/ietorrelles\/wp-json\/wp\/v2\/pages\/3581\/revisions\/3582"}],"up":[{"embeddable":true,"href":"https:\/\/agora.xtec.cat\/ietorrelles\/wp-json\/wp\/v2\/pages\/3485"}],"wp:attachment":[{"href":"https:\/\/agora.xtec.cat\/ietorrelles\/wp-json\/wp\/v2\/media?parent=3581"}],"curies":[{"name":"wp","href":"https:\/\/api.w.org\/{rel}","templated":true}]}}

<p>El nostre centre s’incorpora a la Xarxa ULAE</p>
<p>Aquest curs, el nostre centre s’incorpora a la xarxa ULAE (Usos Lingüístics en l’Àmbit Educatiu), una iniciativa que promou la reflexió i el treball compartit per millorar la gestió de la diversitat lingüística i afavorir l’aprenentatge i l’ús del català com a llengua de cohesió i de convivència.</p>
<p>A través del taller de sensibilització ULAE, començarem un procés de reflexió col·lectiva sobre els usos lingüístics del centre, amb l’objectiu d’impulsar estratègies i accions concretes que reforcin el paper del català com a llengua vehicular i d’aprenentatge.</p>
<p>Al llarg del curs, el nostre equip participarà en cinc sessions de treball centrades en temes com el docent com a model lingüístic, la comunicació amb les famílies i la creació d’espais d’ús real del català dins i fora de l’aula.</p>
<p>Amb aquesta incorporació, volem contribuir a una escola plural, cohesionada i compromesa amb la llengua catalana com a eix vertebrador de la nostra comunitat educativa.</p>

<p>El nostre centre s’incorpora a la Xarxa ULAE<br />
Aquest curs, el nostre centre s’incorpora a la xarxa ULAE (Usos Lingüístics en l’Àmbit Educatiu), una iniciativa que promou la reflexió i el treball compartit per millorar la gestió de la diversitat lingüística i afavorir l’aprenentatge i l’ús&hellip;  <a href="https://agora.xtec.cat/ietorrelles/comissions/ulae/" title="Read ULAE">Llegeix més»</a></p>
