{"id":3559,"date":"2025-09-22T11:14:20","date_gmt":"2025-09-22T09:14:20","guid":{"rendered":"https:\/\/agora.xtec.cat\/ietorrelles\/?page_id=3559"},"modified":"2025-09-22T11:14:20","modified_gmt":"2025-09-22T09:14:20","slug":"departament-deducacio","status":"publish","type":"page","link":"https:\/\/agora.xtec.cat\/ietorrelles\/departament-deducacio\/","title":{"rendered":"Departament d&#8217;Educaci\u00f3"},"content":{"rendered":"<div class=\"flex-1 overflow-hidden\">\n<div class=\"react-scroll-to-bottom--css-eoglu-79elbk h-full\">\n<div class=\"react-scroll-to-bottom--css-eoglu-1n7m0yu\">\n<div class=\"flex flex-col pb-9 text-sm\">\n<div class=\"w-full text-token-text-primary\" data-testid=\"conversation-turn-23\">\n<div class=\"px-4 py-2 justify-center text-base md:gap-6 m-auto\">\n<div class=\"flex flex-1 text-base mx-auto gap-3 md:px-5 lg:px-1 xl:px-5 md:max-w-3xl lg:max-w-[40rem] xl:max-w-[48rem] group final-completion\">\n<div class=\"relative flex w-full flex-col lg:w-[calc(100%-115px)] agent-turn\">\n<div class=\"flex-col gap-1 md:gap-3\">\n<div class=\"flex flex-grow flex-col max-w-full\">\n<div class=\"min-h-[20px] text-message flex flex-col items-start gap-3 whitespace-pre-wrap break-words [.text-message+&amp;]:mt-5 overflow-x-auto\" data-message-author-role=\"assistant\" data-message-id=\"8592c786-c7a1-4355-bfe3-f5ade6c07972\">\n<div class=\"markdown prose w-full break-words dark:prose-invert light\">\n<p>Benvinguts al <a href=\"https:\/\/educacio.gencat.cat\/ca\/inici\/index.html\">Departament d&#8217;Educaci\u00f3<\/a>, un pilar fonamental en la nostra missi\u00f3 d&#8217;oferir una educaci\u00f3 excepcional i integral als estudiants. Com a entitat dedicada a guiar i suportar les pr\u00e0ctiques educatives, el nostre departament t\u00e9 l&#8217;honor de ser el vincle entre les pol\u00edtiques educatives m\u00e9s \u00e0mplies i la realitat quotidiana de l&#8217;aula.<\/p>\n<p>Amb un fort comprom\u00eds amb la qualitat de l&#8217;ensenyament i l&#8217;aprenentatge, treballem estretament amb els docents, el personal i altres actors clau per assegurar-nos que les pr\u00e0ctiques educatives reflecteixin les \u00faltimes tend\u00e8ncies pedag\u00f2giques i les necessitats dels nostres estudiants. El Departament d&#8217;Educaci\u00f3 juga un paper crucial en el disseny i la implementaci\u00f3 de programes educatius innovadors que preparen els estudiants per al m\u00f3n canviant i desafiador del segle XXI.<\/p>\n<p>Mitjan\u00e7ant la formaci\u00f3 professional, el desenvolupament de curr\u00edculum i la implementaci\u00f3 de pol\u00edtiques educatives, aspirem a crear un entorn educatiu que estimuli la curiositat, la creativitat i el pensament cr\u00edtic. Estem compromesos a donar suport a les escoles en la seva missi\u00f3 de formar ciutadans competents, compromesos i preparats per afrontar els reptes de la vida.<\/p>\n<p>Us convidem a explorar els recursos i les oportunitats que ofereix el nostre <a href=\"https:\/\/educacio.gencat.cat\/ca\/inici\/index.html\">Departament d&#8217;Educaci\u00f3<\/a> i a ser part activa del proc\u00e9s educatiu. La vostra participaci\u00f3 \u00e9s clau per a l&#8217;\u00e8xit continuat dels nostres estudiants. Gr\u00e0cies per la vostra col\u00b7laboraci\u00f3 en la creaci\u00f3 d&#8217;un entorn educatiu ric i inspirador.<\/p>\n<\/div>\n<\/div>\n<\/div>\n<\/div>\n<\/div>\n<\/div>\n<\/div>\n<\/div>\n<\/div>\n<\/div>\n<\/div>\n<\/div>\n<p style=\"text-align: center;\">Clica la imatge per anar a la p\u00e0gina web del <a href=\"https:\/\/educacio.gencat.cat\/ca\/inici\/index.html\">Departament d&#8217;Educaci\u00f3<\/a>.<br \/>\n<a href=\"https:\/\/educacio.gencat.cat\/ca\/inici\/index.html\"><br \/>\n<img loading=\"lazy\" decoding=\"async\" class=\"wp-image-2028 aligncenter\" src=\"https:\/\/agora.xtec.cat\/ietorrelles\/wp-content\/uploads\/usu2293\/2025\/09\/Web3_1583750929.png\" alt=\"\" width=\"537\" height=\"322\" \/><br \/>\n<\/a><\/p>\n","protected":false},"excerpt":{"rendered":"<p>Benvinguts al <a href=\"https:\/\/educacio.gencat.cat\/ca\/inici\/index.html\">Departament d&#8217;Educaci\u00f3<\/a>, un pilar fonamental en la nostra missi\u00f3 d&#8217;oferir una educaci\u00f3 excepcional i integral als estudiants. Com a entitat dedicada a guiar i suportar les pr\u00e0ctiques educatives, el nostre departament t\u00e9 l&#8217;honor de ser el vincle entre les pol\u00edtiques educatives m\u00e9s&hellip;  <a href=\"https:\/\/agora.xtec.cat\/ietorrelles\/departament-deducacio\/\" title=\"Read Departament d&#8217;Educaci\u00f3\">Llegeix m\u00e9s\u00bb<\/a><\/p>\n","protected":false},"author":2,"featured_media":0,"parent":0,"menu_order":0,"comment_status":"closed","ping_status":"closed","template":"","meta":{"_bbp_topic_count":0,"_bbp_reply_count":0,"_bbp_total_topic_count":0,"_bbp_total_reply_count":0,"_bbp_voice_count":0,"_bbp_anonymous_reply_count":0,"_bbp_topic_count_hidden":0,"_bbp_reply_count_hidden":0,"_bbp_forum_subforum_count":0,"footnotes":""},"class_list":["post-3559","page","type-page","status-publish","hentry"],"post_mailing_queue_ids":[],"_links":{"self":[{"href":"https:\/\/agora.xtec.cat\/ietorrelles\/wp-json\/wp\/v2\/pages\/3559","targetHints":{"allow":["GET"]}}],"collection":[{"href":"https:\/\/agora.xtec.cat\/ietorrelles\/wp-json\/wp\/v2\/pages"}],"about":[{"href":"https:\/\/agora.xtec.cat\/ietorrelles\/wp-json\/wp\/v2\/types\/page"}],"author":[{"embeddable":true,"href":"https:\/\/agora.xtec.cat\/ietorrelles\/wp-json\/wp\/v2\/users\/2"}],"replies":[{"embeddable":true,"href":"https:\/\/agora.xtec.cat\/ietorrelles\/wp-json\/wp\/v2\/comments?post=3559"}],"version-history":[{"count":1,"href":"https:\/\/agora.xtec.cat\/ietorrelles\/wp-json\/wp\/v2\/pages\/3559\/revisions"}],"predecessor-version":[{"id":3562,"href":"https:\/\/agora.xtec.cat\/ietorrelles\/wp-json\/wp\/v2\/pages\/3559\/revisions\/3562"}],"wp:attachment":[{"href":"https:\/\/agora.xtec.cat\/ietorrelles\/wp-json\/wp\/v2\/media?parent=3559"}],"curies":[{"name":"wp","href":"https:\/\/api.w.org\/{rel}","templated":true}]}}

Departament d&#8217;Educació

<div class="flex-1 overflow-hidden">
<div class="react-scroll-to-bottom--css-eoglu-79elbk h-full">
<div class="react-scroll-to-bottom--css-eoglu-1n7m0yu">
<div class="flex flex-col pb-9 text-sm">
<div class="w-full text-token-text-primary" data-testid="conversation-turn-23">
<div class="px-4 py-2 justify-center text-base md:gap-6 m-auto">
<div class="flex flex-1 text-base mx-auto gap-3 md:px-5 lg:px-1 xl:px-5 md:max-w-3xl lg:max-w-[40rem] xl:max-w-[48rem] group final-completion">
<div class="relative flex w-full flex-col lg:w-[calc(100%-115px)] agent-turn">
<div class="flex-col gap-1 md:gap-3">
<div class="flex flex-grow flex-col max-w-full">
<div class="min-h-[20px] text-message flex flex-col items-start gap-3 whitespace-pre-wrap break-words [.text-message+&amp;]:mt-5 overflow-x-auto" data-message-author-role="assistant" data-message-id="8592c786-c7a1-4355-bfe3-f5ade6c07972">
<div class="markdown prose w-full break-words dark:prose-invert light">
<p>Benvinguts al <a href="https://educacio.gencat.cat/ca/inici/index.html">Departament d&#8217;Educació</a>, un pilar fonamental en la nostra missió d&#8217;oferir una educació excepcional i integral als estudiants. Com a entitat dedicada a guiar i suportar les pràctiques educatives, el nostre departament té l&#8217;honor de ser el vincle entre les polítiques educatives més àmplies i la realitat quotidiana de l&#8217;aula.</p>
<p>Amb un fort compromís amb la qualitat de l&#8217;ensenyament i l&#8217;aprenentatge, treballem estretament amb els docents, el personal i altres actors clau per assegurar-nos que les pràctiques educatives reflecteixin les últimes tendències pedagògiques i les necessitats dels nostres estudiants. El Departament d&#8217;Educació juga un paper crucial en el disseny i la implementació de programes educatius innovadors que preparen els estudiants per al món canviant i desafiador del segle XXI.</p>
<p>Mitjançant la formació professional, el desenvolupament de currículum i la implementació de polítiques educatives, aspirem a crear un entorn educatiu que estimuli la curiositat, la creativitat i el pensament crític. Estem compromesos a donar suport a les escoles en la seva missió de formar ciutadans competents, compromesos i preparats per afrontar els reptes de la vida.</p>
<p>Us convidem a explorar els recursos i les oportunitats que ofereix el nostre <a href="https://educacio.gencat.cat/ca/inici/index.html">Departament d&#8217;Educació</a> i a ser part activa del procés educatiu. La vostra participació és clau per a l&#8217;èxit continuat dels nostres estudiants. Gràcies per la vostra col·laboració en la creació d&#8217;un entorn educatiu ric i inspirador.</p>
</div>
</div>
</div>
</div>
</div>
</div>
</div>
</div>
</div>
</div>
</div>
</div>
<p style="text-align: center;">Clica la imatge per anar a la pàgina web del <a href="https://educacio.gencat.cat/ca/inici/index.html">Departament d&#8217;Educació</a>.<br />
<a href="https://educacio.gencat.cat/ca/inici/index.html"><br />
<img loading="lazy" decoding="async" class="wp-image-2028 aligncenter" src="https://agora.xtec.cat/ietorrelles/wp-content/uploads/usu2293/2025/09/Web3_1583750929.png" alt="" width="537" height="322" /><br />
</a></p>

<p>Benvinguts al <a href="https://educacio.gencat.cat/ca/inici/index.html">Departament d&#8217;Educació</a>, un pilar fonamental en la nostra missió d&#8217;oferir una educació excepcional i integral als estudiants. Com a entitat dedicada a guiar i suportar les pràctiques educatives, el nostre departament té l&#8217;honor de ser el vincle entre les polítiques educatives més&hellip;  <a href="https://agora.xtec.cat/ietorrelles/departament-deducacio/" title="Read Departament d&#8217;Educació">Llegeix més»</a></p>
