{"id":3546,"date":"2025-09-22T11:06:01","date_gmt":"2025-09-22T09:06:01","guid":{"rendered":"https:\/\/agora.xtec.cat\/ietorrelles\/?page_id=3546"},"modified":"2025-09-22T11:06:01","modified_gmt":"2025-09-22T09:06:01","slug":"enllacos-descola","status":"publish","type":"page","link":"https:\/\/agora.xtec.cat\/ietorrelles\/enllacos-descola\/","title":{"rendered":"Enlla\u00e7os d&#8217;Escola"},"content":{"rendered":"<div class=\"flex-1 overflow-hidden\">\n<div class=\"react-scroll-to-bottom--css-eoglu-79elbk h-full\">\n<div class=\"react-scroll-to-bottom--css-eoglu-1n7m0yu\">\n<div class=\"flex flex-col pb-9 text-sm\">\n<div class=\"w-full text-token-text-primary\" data-testid=\"conversation-turn-21\">\n<div class=\"px-4 py-2 justify-center text-base md:gap-6 m-auto\">\n<div class=\"flex flex-1 text-base mx-auto gap-3 md:px-5 lg:px-1 xl:px-5 md:max-w-3xl lg:max-w-[40rem] xl:max-w-[48rem] group final-completion\">\n<div class=\"relative flex w-full flex-col lg:w-[calc(100%-115px)] agent-turn\">\n<div class=\"flex-col gap-1 md:gap-3\">\n<div class=\"flex flex-grow flex-col max-w-full\">\n<div class=\"min-h-[20px] text-message flex flex-col items-start gap-3 whitespace-pre-wrap break-words [.text-message+&amp;]:mt-5 overflow-x-auto\" data-message-author-role=\"assistant\" data-message-id=\"f69f2ed5-5958-495e-b5f8-8db007a1722c\">\n<div class=\"markdown prose w-full break-words dark:prose-invert light\">\n<p>Benvinguts als enlla\u00e7os essencials que formen la xarxa de suport i col\u00b7laboraci\u00f3 de la nostra escola. Estem compromesos a establir connexions significatives amb tres pilars fonamentals: l&#8217;Associaci\u00f3 de Fam\u00edlies d&#8217;Alumnes (AFA), l&#8217;Ajuntament de la nostra localitat i el Departament d&#8217;Educaci\u00f3.<\/p>\n<p><a href=\"https:\/\/agora.xtec.cat\/ietorrelles\/wp-content\/uploads\/usu2293\/2025\/09\/1253351.png\"><img loading=\"lazy\" decoding=\"async\" class=\"size-full wp-image-2023 alignleft\" src=\"https:\/\/agora.xtec.cat\/ietorrelles\/wp-content\/uploads\/usu2293\/2025\/09\/1253351.png\" alt=\"\" width=\"256\" height=\"256\" \/><\/a>L&#8217;AFA \u00e9s el cor de la participaci\u00f3 comunit\u00e0ria, connectant les fam\u00edlies amb l&#8217;educaci\u00f3 dels seus fills. A trav\u00e9s d&#8217;activitats, esdeveniments i iniciatives, l&#8217;AFA enriqueix la vida escolar i contribueix a la creaci\u00f3 d&#8217;un entorn educatiu positiu. El seu comprom\u00eds \u00e9s essencial per al nostre creixement com a comunitat.<\/p>\n<p>L&#8217;Ajuntament \u00e9s un soci clau, col\u00b7laborant amb l&#8217;escola per a iniciatives locals i oferint suport en projectes que benefici\u00efn tota la comunitat educativa. La seva col\u00b7laboraci\u00f3 \u00e9s fonamental per a l&#8217;\u00e8xit continuat dels nostres estudiants i per a la creaci\u00f3 d&#8217;un ambient educatiu que reflecteixi les necessitats de la nostra localitat.<\/p>\n<p>El Departament d&#8217;Educaci\u00f3 \u00e9s el vincle amb les pol\u00edtiques educatives m\u00e9s \u00e0mplies i les directrius que guien la nostra pr\u00e0ctica pedag\u00f2gica. Treballem estretament amb aquesta entitat per garantir que oferim una educaci\u00f3 de qualitat que compleixi amb els est\u00e0ndards i prepari els estudiants per al seu futur.<\/p>\n<p>A trav\u00e9s d&#8217;aquesta col\u00b7laboraci\u00f3 entre l&#8217;AFA, l&#8217;Ajuntament i el Departament d&#8217;Educaci\u00f3, forgem una xarxa de suport robusta que ens ajuda a cr\u00e9ixer, millorar i oferir als nostres estudiants les millors oportunitats educatives. Us convidem a ser part activa d&#8217;aquesta col\u00b7lectiva missi\u00f3 de formar els ciutadans del futur. Gr\u00e0cies per la vostra contribuci\u00f3 a la nostra comunitat educativa.<\/p>\n<\/div>\n<\/div>\n<\/div>\n<\/div>\n<\/div>\n<\/div>\n<\/div>\n<\/div>\n<\/div>\n<\/div>\n<\/div>\n<\/div>\n","protected":false},"excerpt":{"rendered":"<p>Benvinguts als enlla\u00e7os essencials que formen la xarxa de suport i col\u00b7laboraci\u00f3 de la nostra escola. Estem compromesos a establir connexions significatives amb tres pilars fonamentals: l&#8217;Associaci\u00f3 de Fam\u00edlies d&#8217;Alumnes (AFA), l&#8217;Ajuntament de la nostra localitat i el Departament d&#8217;Educaci\u00f3.<br \/>\n<a href=\"https:\/\/agora.xtec.cat\/ietorrelles\/wp-content\/uploads\/usu2293\/2025\/09\/1253351.png\"><\/a>L&#8217;AFA \u00e9s el cor de&hellip;  <a href=\"https:\/\/agora.xtec.cat\/ietorrelles\/enllacos-descola\/\" title=\"Read Enlla\u00e7os d&#8217;Escola\">Llegeix m\u00e9s\u00bb<\/a><\/p>\n","protected":false},"author":2,"featured_media":0,"parent":0,"menu_order":0,"comment_status":"closed","ping_status":"closed","template":"","meta":{"_bbp_topic_count":0,"_bbp_reply_count":0,"_bbp_total_topic_count":0,"_bbp_total_reply_count":0,"_bbp_voice_count":0,"_bbp_anonymous_reply_count":0,"_bbp_topic_count_hidden":0,"_bbp_reply_count_hidden":0,"_bbp_forum_subforum_count":0,"footnotes":""},"class_list":["post-3546","page","type-page","status-publish","hentry"],"post_mailing_queue_ids":[],"_links":{"self":[{"href":"https:\/\/agora.xtec.cat\/ietorrelles\/wp-json\/wp\/v2\/pages\/3546","targetHints":{"allow":["GET"]}}],"collection":[{"href":"https:\/\/agora.xtec.cat\/ietorrelles\/wp-json\/wp\/v2\/pages"}],"about":[{"href":"https:\/\/agora.xtec.cat\/ietorrelles\/wp-json\/wp\/v2\/types\/page"}],"author":[{"embeddable":true,"href":"https:\/\/agora.xtec.cat\/ietorrelles\/wp-json\/wp\/v2\/users\/2"}],"replies":[{"embeddable":true,"href":"https:\/\/agora.xtec.cat\/ietorrelles\/wp-json\/wp\/v2\/comments?post=3546"}],"version-history":[{"count":1,"href":"https:\/\/agora.xtec.cat\/ietorrelles\/wp-json\/wp\/v2\/pages\/3546\/revisions"}],"predecessor-version":[{"id":3549,"href":"https:\/\/agora.xtec.cat\/ietorrelles\/wp-json\/wp\/v2\/pages\/3546\/revisions\/3549"}],"wp:attachment":[{"href":"https:\/\/agora.xtec.cat\/ietorrelles\/wp-json\/wp\/v2\/media?parent=3546"}],"curies":[{"name":"wp","href":"https:\/\/api.w.org\/{rel}","templated":true}]}}

Enllaços d&#8217;Escola

<div class="flex-1 overflow-hidden">
<div class="react-scroll-to-bottom--css-eoglu-79elbk h-full">
<div class="react-scroll-to-bottom--css-eoglu-1n7m0yu">
<div class="flex flex-col pb-9 text-sm">
<div class="w-full text-token-text-primary" data-testid="conversation-turn-21">
<div class="px-4 py-2 justify-center text-base md:gap-6 m-auto">
<div class="flex flex-1 text-base mx-auto gap-3 md:px-5 lg:px-1 xl:px-5 md:max-w-3xl lg:max-w-[40rem] xl:max-w-[48rem] group final-completion">
<div class="relative flex w-full flex-col lg:w-[calc(100%-115px)] agent-turn">
<div class="flex-col gap-1 md:gap-3">
<div class="flex flex-grow flex-col max-w-full">
<div class="min-h-[20px] text-message flex flex-col items-start gap-3 whitespace-pre-wrap break-words [.text-message+&amp;]:mt-5 overflow-x-auto" data-message-author-role="assistant" data-message-id="f69f2ed5-5958-495e-b5f8-8db007a1722c">
<div class="markdown prose w-full break-words dark:prose-invert light">
<p>Benvinguts als enllaços essencials que formen la xarxa de suport i col·laboració de la nostra escola. Estem compromesos a establir connexions significatives amb tres pilars fonamentals: l&#8217;Associació de Famílies d&#8217;Alumnes (AFA), l&#8217;Ajuntament de la nostra localitat i el Departament d&#8217;Educació.</p>
<p><a href="https://agora.xtec.cat/ietorrelles/wp-content/uploads/usu2293/2025/09/1253351.png"><img loading="lazy" decoding="async" class="size-full wp-image-2023 alignleft" src="https://agora.xtec.cat/ietorrelles/wp-content/uploads/usu2293/2025/09/1253351.png" alt="" width="256" height="256" /></a>L&#8217;AFA és el cor de la participació comunitària, connectant les famílies amb l&#8217;educació dels seus fills. A través d&#8217;activitats, esdeveniments i iniciatives, l&#8217;AFA enriqueix la vida escolar i contribueix a la creació d&#8217;un entorn educatiu positiu. El seu compromís és essencial per al nostre creixement com a comunitat.</p>
<p>L&#8217;Ajuntament és un soci clau, col·laborant amb l&#8217;escola per a iniciatives locals i oferint suport en projectes que beneficiïn tota la comunitat educativa. La seva col·laboració és fonamental per a l&#8217;èxit continuat dels nostres estudiants i per a la creació d&#8217;un ambient educatiu que reflecteixi les necessitats de la nostra localitat.</p>
<p>El Departament d&#8217;Educació és el vincle amb les polítiques educatives més àmplies i les directrius que guien la nostra pràctica pedagògica. Treballem estretament amb aquesta entitat per garantir que oferim una educació de qualitat que compleixi amb els estàndards i prepari els estudiants per al seu futur.</p>
<p>A través d&#8217;aquesta col·laboració entre l&#8217;AFA, l&#8217;Ajuntament i el Departament d&#8217;Educació, forgem una xarxa de suport robusta que ens ajuda a créixer, millorar i oferir als nostres estudiants les millors oportunitats educatives. Us convidem a ser part activa d&#8217;aquesta col·lectiva missió de formar els ciutadans del futur. Gràcies per la vostra contribució a la nostra comunitat educativa.</p>
</div>
</div>
</div>
</div>
</div>
</div>
</div>
</div>
</div>
</div>
</div>
</div>

<p>Benvinguts als enllaços essencials que formen la xarxa de suport i col·laboració de la nostra escola. Estem compromesos a establir connexions significatives amb tres pilars fonamentals: l&#8217;Associació de Famílies d&#8217;Alumnes (AFA), l&#8217;Ajuntament de la nostra localitat i el Departament d&#8217;Educació.<br />
<a href="https://agora.xtec.cat/ietorrelles/wp-content/uploads/usu2293/2025/09/1253351.png"></a>L&#8217;AFA és el cor de&hellip;  <a href="https://agora.xtec.cat/ietorrelles/enllacos-descola/" title="Read Enllaços d&#8217;Escola">Llegeix més»</a></p>
