{"id":3533,"date":"2025-09-22T10:56:43","date_gmt":"2025-09-22T08:56:43","guid":{"rendered":"https:\/\/agora.xtec.cat\/ietorrelles\/?page_id=3533"},"modified":"2025-09-22T10:56:43","modified_gmt":"2025-09-22T08:56:43","slug":"projecte-linguistic-plc","status":"publish","type":"page","link":"https:\/\/agora.xtec.cat\/ietorrelles\/projecte-linguistic-plc\/","title":{"rendered":"Projecte Ling\u00fc\u00edstic (PLC)"},"content":{"rendered":"<p>En aquest Institut Escola, considerem que el multiling\u00fcisme \u00e9s una riquesa i un valor fonamental en la formaci\u00f3 del nostre alumnat. El nostre Projecte Ling\u00fc\u00edstic t\u00e9 com a objectiu desenvolupar les compet\u00e8ncies ling\u00fc\u00edstiques en catal\u00e0, castell\u00e0 i angl\u00e8s, aix\u00ed com fomentar el respecte per la diversitat ling\u00fc\u00edstica i cultural.<\/p>\n<p>Creiem que la compet\u00e8ncia en diverses lleng\u00fces \u00e9s clau per al futur dels nostres alumnes, obrint-los portes a noves oportunitats acad\u00e8miques, professionals i personals.<\/p>\n<p>Podeu consultar la versi\u00f3 I del Projecte Ling\u00fc\u00edstic de Centre de l&#8217;IE Torrelles, fent clic sobre la imatge.<\/p>\n<p><a href=\"https:\/\/agora.xtec.cat\/ietorrelles\/wp-content\/uploads\/usu2293\/2025\/09\/PROJECTE-LINGUISTIC-CENTRE.-IE-TORRELLES-LLOBREGAT.docx-1.pdf\"><img loading=\"lazy\" decoding=\"async\" class=\"wp-image-3079 aligncenter\" src=\"https:\/\/agora.xtec.cat\/ietorrelles\/wp-content\/uploads\/usu2293\/2025\/09\/PLC.png\" alt=\"\" width=\"250\" height=\"250\" \/><\/a><\/p>\n","protected":false},"excerpt":{"rendered":"<p>En aquest Institut Escola, considerem que el multiling\u00fcisme \u00e9s una riquesa i un valor fonamental en la formaci\u00f3 del nostre alumnat. El nostre Projecte Ling\u00fc\u00edstic t\u00e9 com a objectiu desenvolupar les compet\u00e8ncies ling\u00fc\u00edstiques en catal\u00e0, castell\u00e0 i angl\u00e8s, aix\u00ed com fomentar el respecte per la&hellip;  <a href=\"https:\/\/agora.xtec.cat\/ietorrelles\/projecte-linguistic-plc\/\" title=\"Read Projecte Ling\u00fc\u00edstic (PLC)\">Llegeix m\u00e9s\u00bb<\/a><\/p>\n","protected":false},"author":2,"featured_media":0,"parent":0,"menu_order":0,"comment_status":"closed","ping_status":"closed","template":"","meta":{"_bbp_topic_count":0,"_bbp_reply_count":0,"_bbp_total_topic_count":0,"_bbp_total_reply_count":0,"_bbp_voice_count":0,"_bbp_anonymous_reply_count":0,"_bbp_topic_count_hidden":0,"_bbp_reply_count_hidden":0,"_bbp_forum_subforum_count":0,"footnotes":""},"class_list":["post-3533","page","type-page","status-publish","hentry"],"post_mailing_queue_ids":[],"_links":{"self":[{"href":"https:\/\/agora.xtec.cat\/ietorrelles\/wp-json\/wp\/v2\/pages\/3533","targetHints":{"allow":["GET"]}}],"collection":[{"href":"https:\/\/agora.xtec.cat\/ietorrelles\/wp-json\/wp\/v2\/pages"}],"about":[{"href":"https:\/\/agora.xtec.cat\/ietorrelles\/wp-json\/wp\/v2\/types\/page"}],"author":[{"embeddable":true,"href":"https:\/\/agora.xtec.cat\/ietorrelles\/wp-json\/wp\/v2\/users\/2"}],"replies":[{"embeddable":true,"href":"https:\/\/agora.xtec.cat\/ietorrelles\/wp-json\/wp\/v2\/comments?post=3533"}],"version-history":[{"count":1,"href":"https:\/\/agora.xtec.cat\/ietorrelles\/wp-json\/wp\/v2\/pages\/3533\/revisions"}],"predecessor-version":[{"id":3537,"href":"https:\/\/agora.xtec.cat\/ietorrelles\/wp-json\/wp\/v2\/pages\/3533\/revisions\/3537"}],"wp:attachment":[{"href":"https:\/\/agora.xtec.cat\/ietorrelles\/wp-json\/wp\/v2\/media?parent=3533"}],"curies":[{"name":"wp","href":"https:\/\/api.w.org\/{rel}","templated":true}]}}

Projecte Lingüístic (PLC)

<p>En aquest Institut Escola, considerem que el multilingüisme és una riquesa i un valor fonamental en la formació del nostre alumnat. El nostre Projecte Lingüístic té com a objectiu desenvolupar les competències lingüístiques en català, castellà i anglès, així com fomentar el respecte per la diversitat lingüística i cultural.</p>
<p>Creiem que la competència en diverses llengües és clau per al futur dels nostres alumnes, obrint-los portes a noves oportunitats acadèmiques, professionals i personals.</p>
<p>Podeu consultar la versió I del Projecte Lingüístic de Centre de l&#8217;IE Torrelles, fent clic sobre la imatge.</p>
<p><a href="https://agora.xtec.cat/ietorrelles/wp-content/uploads/usu2293/2025/09/PROJECTE-LINGUISTIC-CENTRE.-IE-TORRELLES-LLOBREGAT.docx-1.pdf"><img loading="lazy" decoding="async" class="wp-image-3079 aligncenter" src="https://agora.xtec.cat/ietorrelles/wp-content/uploads/usu2293/2025/09/PLC.png" alt="" width="250" height="250" /></a></p>

<p>En aquest Institut Escola, considerem que el multilingüisme és una riquesa i un valor fonamental en la formació del nostre alumnat. El nostre Projecte Lingüístic té com a objectiu desenvolupar les competències lingüístiques en català, castellà i anglès, així com fomentar el respecte per la&hellip;  <a href="https://agora.xtec.cat/ietorrelles/projecte-linguistic-plc/" title="Read Projecte Lingüístic (PLC)">Llegeix més»</a></p>
