{"id":3524,"date":"2025-09-22T10:41:00","date_gmt":"2025-09-22T08:41:00","guid":{"rendered":"https:\/\/agora.xtec.cat\/ietorrelles\/?page_id=3524"},"modified":"2025-09-22T10:41:00","modified_gmt":"2025-09-22T08:41:00","slug":"projecte-educatiu-pec","status":"publish","type":"page","link":"https:\/\/agora.xtec.cat\/ietorrelles\/projecte-educatiu-pec\/","title":{"rendered":"Projecte Educatiu (PEC)"},"content":{"rendered":"<p>A l&#8217;IE Torrelles tenim com a objectiu principal oferir una educaci\u00f3 integral i de qualitat que fomenti el desenvolupament personal, acad\u00e8mic i social del nostre alumnat. Mitjan\u00e7ant una metodologia innovadora i participativa, volem potenciar les habilitats i compet\u00e8ncies dels estudiants per preparar-los per als reptes del futur.<\/p>\n<p>Sent un centre de nova creaci\u00f3, estem treballant activament en l&#8217;elaboraci\u00f3 del nostre Projecte Educatiu de Centre, fonamentat en els seg\u00fcents pilars:<\/p>\n<ol start=\"1\">\n<li><strong>Inclusi\u00f3 i Diversitat:<\/strong> Promovem un entorn educatiu inclusiu on tots els alumnes, independentment de les seves capacitats i contextos socials, puguin desenvolupar-se plenament.<\/li>\n<li><strong>Innovaci\u00f3 Pedag\u00f2gica:<\/strong> Apostem per una metodologia activa, que integra les noves tecnologies i fomenta el pensament cr\u00edtic i creatiu.<\/li>\n<li><strong>Educaci\u00f3 en Valors:<\/strong> Treballem per inculcar valors com el respecte, la solidaritat i la responsabilitat, formant ciutadans compromesos amb la societat.<\/li>\n<li><strong>Participaci\u00f3 i Comunitat:<\/strong> Impulsem la participaci\u00f3 de tota la comunitat educativa, incloent fam\u00edlies i agents socials, per construir una escola oberta i participativa.<\/li>\n<\/ol>\n<p>A l&#8217;Institut Escola Torrelles creiem que l&#8217;educaci\u00f3 \u00e9s la clau per a un futur millor, i ens esforcem cada dia per aconseguir que els nostres alumnes assoleixin els seus somnis i objectius.<\/p>\n<p>Quan tinguem el Projecte definitiu, el compartirem amb tots vosaltres en aquest apartat.<\/p>\n","protected":false},"excerpt":{"rendered":"<p>A l&#8217;IE Torrelles tenim com a objectiu principal oferir una educaci\u00f3 integral i de qualitat que fomenti el desenvolupament personal, acad\u00e8mic i social del nostre alumnat. Mitjan\u00e7ant una metodologia innovadora i participativa, volem potenciar les habilitats i compet\u00e8ncies dels estudiants per preparar-los per als reptes&hellip;  <a href=\"https:\/\/agora.xtec.cat\/ietorrelles\/projecte-educatiu-pec\/\" title=\"Read Projecte Educatiu (PEC)\">Llegeix m\u00e9s\u00bb<\/a><\/p>\n","protected":false},"author":2,"featured_media":0,"parent":0,"menu_order":0,"comment_status":"closed","ping_status":"closed","template":"","meta":{"_bbp_topic_count":0,"_bbp_reply_count":0,"_bbp_total_topic_count":0,"_bbp_total_reply_count":0,"_bbp_voice_count":0,"_bbp_anonymous_reply_count":0,"_bbp_topic_count_hidden":0,"_bbp_reply_count_hidden":0,"_bbp_forum_subforum_count":0,"footnotes":""},"class_list":["post-3524","page","type-page","status-publish","hentry"],"post_mailing_queue_ids":[],"_links":{"self":[{"href":"https:\/\/agora.xtec.cat\/ietorrelles\/wp-json\/wp\/v2\/pages\/3524","targetHints":{"allow":["GET"]}}],"collection":[{"href":"https:\/\/agora.xtec.cat\/ietorrelles\/wp-json\/wp\/v2\/pages"}],"about":[{"href":"https:\/\/agora.xtec.cat\/ietorrelles\/wp-json\/wp\/v2\/types\/page"}],"author":[{"embeddable":true,"href":"https:\/\/agora.xtec.cat\/ietorrelles\/wp-json\/wp\/v2\/users\/2"}],"replies":[{"embeddable":true,"href":"https:\/\/agora.xtec.cat\/ietorrelles\/wp-json\/wp\/v2\/comments?post=3524"}],"version-history":[{"count":1,"href":"https:\/\/agora.xtec.cat\/ietorrelles\/wp-json\/wp\/v2\/pages\/3524\/revisions"}],"predecessor-version":[{"id":3526,"href":"https:\/\/agora.xtec.cat\/ietorrelles\/wp-json\/wp\/v2\/pages\/3524\/revisions\/3526"}],"wp:attachment":[{"href":"https:\/\/agora.xtec.cat\/ietorrelles\/wp-json\/wp\/v2\/media?parent=3524"}],"curies":[{"name":"wp","href":"https:\/\/api.w.org\/{rel}","templated":true}]}}