{"id":3520,"date":"2025-09-22T10:39:33","date_gmt":"2025-09-22T08:39:33","guid":{"rendered":"https:\/\/agora.xtec.cat\/ietorrelles\/?page_id=3520"},"modified":"2025-09-22T10:39:33","modified_gmt":"2025-09-22T08:39:33","slug":"projecte-de-direccio-2","status":"publish","type":"page","link":"https:\/\/agora.xtec.cat\/ietorrelles\/projecte-de-direccio-2\/","title":{"rendered":"Projecte de direcci\u00f3"},"content":{"rendered":"<p>Benvinguts al nostre Projecte de Direcci\u00f3, un espai dedicat al creixement personal i acad\u00e8mic dels nostres estudiants. Amb una visi\u00f3 centrada en l&#8217;excel\u00b7l\u00e8ncia educativa i el desenvolupament integral, aspirem a crear un ambient propici per a l&#8217;aprenentatge, la creativitat i la formaci\u00f3 de ciutadans responsables.<\/p>\n<p>A trav\u00e9s d&#8217;aquest projecte, pretenem implementar pr\u00e0ctiques innovadores, fomentar la participaci\u00f3 activa de tots els membres de la comunitat educativa i establir una cultura basada en la diversitat, la inclusi\u00f3 i el respecte mutu. La nostra missi\u00f3 \u00e9s proporcionar una educaci\u00f3 de qualitat que prepari els estudiants per a les demandes del segle XXI, equipant-los amb les habilitats i coneixements necessaris per afrontar els reptes del futur.<\/p>\n<p>Us convidem a ser part d&#8217;aquesta emocionant jornada educativa i a col\u00b7laborar en la creaci\u00f3 d&#8217;un entorn educatiu que inspiri, motivi i transformi les vides dels nostres alumnes. Gr\u00e0cies per unir-vos a nosaltres en aquesta apassionant aventura educativa.<\/p>\n<p>Cliqueu sobre la imatge si voleu con\u00e8ixer el nostre Projecte de Direcci\u00f3.<\/p>\n<p><a href=\"https:\/\/prezi.com\/view\/hosSFGIAhcWI2K2EWSnt\/\"><img loading=\"lazy\" decoding=\"async\" class=\"wp-image-3067 aligncenter\" src=\"https:\/\/agora.xtec.cat\/ietorrelles\/wp-content\/uploads\/usu2293\/2025\/09\/Projecte-de-Direccio.png\" alt=\"\" width=\"212\" height=\"212\" \/><\/a><\/p>\n","protected":false},"excerpt":{"rendered":"<p>Benvinguts al nostre Projecte de Direcci\u00f3, un espai dedicat al creixement personal i acad\u00e8mic dels nostres estudiants. Amb una visi\u00f3 centrada en l&#8217;excel\u00b7l\u00e8ncia educativa i el desenvolupament integral, aspirem a crear un ambient propici per a l&#8217;aprenentatge, la creativitat i la formaci\u00f3 de ciutadans responsables.<br \/>\nA&hellip;  <a href=\"https:\/\/agora.xtec.cat\/ietorrelles\/projecte-de-direccio-2\/\" title=\"Read Projecte de direcci\u00f3\">Llegeix m\u00e9s\u00bb<\/a><\/p>\n","protected":false},"author":2,"featured_media":0,"parent":0,"menu_order":0,"comment_status":"closed","ping_status":"closed","template":"","meta":{"_bbp_topic_count":0,"_bbp_reply_count":0,"_bbp_total_topic_count":0,"_bbp_total_reply_count":0,"_bbp_voice_count":0,"_bbp_anonymous_reply_count":0,"_bbp_topic_count_hidden":0,"_bbp_reply_count_hidden":0,"_bbp_forum_subforum_count":0,"footnotes":""},"class_list":["post-3520","page","type-page","status-publish","hentry"],"post_mailing_queue_ids":[],"_links":{"self":[{"href":"https:\/\/agora.xtec.cat\/ietorrelles\/wp-json\/wp\/v2\/pages\/3520","targetHints":{"allow":["GET"]}}],"collection":[{"href":"https:\/\/agora.xtec.cat\/ietorrelles\/wp-json\/wp\/v2\/pages"}],"about":[{"href":"https:\/\/agora.xtec.cat\/ietorrelles\/wp-json\/wp\/v2\/types\/page"}],"author":[{"embeddable":true,"href":"https:\/\/agora.xtec.cat\/ietorrelles\/wp-json\/wp\/v2\/users\/2"}],"replies":[{"embeddable":true,"href":"https:\/\/agora.xtec.cat\/ietorrelles\/wp-json\/wp\/v2\/comments?post=3520"}],"version-history":[{"count":1,"href":"https:\/\/agora.xtec.cat\/ietorrelles\/wp-json\/wp\/v2\/pages\/3520\/revisions"}],"predecessor-version":[{"id":3523,"href":"https:\/\/agora.xtec.cat\/ietorrelles\/wp-json\/wp\/v2\/pages\/3520\/revisions\/3523"}],"wp:attachment":[{"href":"https:\/\/agora.xtec.cat\/ietorrelles\/wp-json\/wp\/v2\/media?parent=3520"}],"curies":[{"name":"wp","href":"https:\/\/api.w.org\/{rel}","templated":true}]}}

Projecte de direcció

<p>Benvinguts al nostre Projecte de Direcció, un espai dedicat al creixement personal i acadèmic dels nostres estudiants. Amb una visió centrada en l&#8217;excel·lència educativa i el desenvolupament integral, aspirem a crear un ambient propici per a l&#8217;aprenentatge, la creativitat i la formació de ciutadans responsables.</p>
<p>A través d&#8217;aquest projecte, pretenem implementar pràctiques innovadores, fomentar la participació activa de tots els membres de la comunitat educativa i establir una cultura basada en la diversitat, la inclusió i el respecte mutu. La nostra missió és proporcionar una educació de qualitat que prepari els estudiants per a les demandes del segle XXI, equipant-los amb les habilitats i coneixements necessaris per afrontar els reptes del futur.</p>
<p>Us convidem a ser part d&#8217;aquesta emocionant jornada educativa i a col·laborar en la creació d&#8217;un entorn educatiu que inspiri, motivi i transformi les vides dels nostres alumnes. Gràcies per unir-vos a nosaltres en aquesta apassionant aventura educativa.</p>
<p>Cliqueu sobre la imatge si voleu conèixer el nostre Projecte de Direcció.</p>
<p><a href="https://prezi.com/view/hosSFGIAhcWI2K2EWSnt/"><img loading="lazy" decoding="async" class="wp-image-3067 aligncenter" src="https://agora.xtec.cat/ietorrelles/wp-content/uploads/usu2293/2025/09/Projecte-de-Direccio.png" alt="" width="212" height="212" /></a></p>

<p>Benvinguts al nostre Projecte de Direcció, un espai dedicat al creixement personal i acadèmic dels nostres estudiants. Amb una visió centrada en l&#8217;excel·lència educativa i el desenvolupament integral, aspirem a crear un ambient propici per a l&#8217;aprenentatge, la creativitat i la formació de ciutadans responsables.<br />
A&hellip;  <a href="https://agora.xtec.cat/ietorrelles/projecte-de-direccio-2/" title="Read Projecte de direcció">Llegeix més»</a></p>
