{"id":3501,"date":"2025-09-22T10:18:18","date_gmt":"2025-09-22T08:18:18","guid":{"rendered":"https:\/\/agora.xtec.cat\/ietorrelles\/?page_id=3501"},"modified":"2025-09-22T10:18:18","modified_gmt":"2025-09-22T08:18:18","slug":"cocobe-2","status":"publish","type":"page","link":"https:\/\/agora.xtec.cat\/ietorrelles\/cocobe-2\/","title":{"rendered":"Cocobe"},"content":{"rendered":"<p>La comissi\u00f3 t\u00e9 com a objectiu vetllar per la conviv\u00e8ncia, la coeducaci\u00f3 i el benestar emocional de tot l\u2019alumnat i ser referents en aquestes mat\u00e8ries, per a l\u2019alumnat i el professorat del centre.<\/p>\n<p><span style=\"font-weight: 400;\">Entre les diverses responsabilitats d\u2019aquesta comissi\u00f3, es troben:<\/span><\/p>\n<ol>\n<li><span style=\"font-weight: 400;\"><strong>Gesti\u00f3 de conflictes:<\/strong> S&#8217;encarrega de resoldre conflictes entre l\u2019alumnat, promoure la mediaci\u00f3 i fomentar la cultura del di\u00e0leg i la toler\u00e0ncia.<\/span><\/li>\n<li><span style=\"font-weight: 400;\"><strong>Implementaci\u00f3 de programes de coeducaci\u00f3:<\/strong> Desenvolupa programes i activitats per promoure la igualtat de g\u00e8nere, combatre estereotips i fomentar el respecte i la diversitat.<\/span><\/li>\n<li><span style=\"font-weight: 400;\"><strong>Suport emocional:<\/strong> Proporciona suport emocional a l\u2019alumnat, oferint espais de contenci\u00f3 i orientaci\u00f3 per gestionar l&#8217;estr\u00e8s, l&#8217;ansietat i altres problem\u00e0tiques emocionals.<\/span><\/li>\n<li><span style=\"font-weight: 400;\"><strong>Promoci\u00f3 del benestar:<\/strong> Desenvolupa accions per promoure el benestar emocional i social dels alumnes, incloent-hi activitats de prevenci\u00f3 de l&#8217;assetjament escolar, foment de la resili\u00e8ncia i estrat\u00e8gies per millorar la salut mental.<\/span><\/li>\n<\/ol>\n<p><span style=\"font-weight: 400;\">La comissi\u00f3 treballa per crear un entorn escolar segur, inclusiu i respectu\u00f3s, on tots els alumnes puguin desenvolupar-se plenament i sentir-se a gust.<\/span><\/p>\n<p><img loading=\"lazy\" decoding=\"async\" class=\"aligncenter\" src=\"https:\/\/agora.xtec.cat\/ietorrelles\/wp-content\/uploads\/usu2293\/2025\/09\/Cocobe.png\" width=\"485\" height=\"372\" \/><\/p>\n","protected":false},"excerpt":{"rendered":"<p>La comissi\u00f3 t\u00e9 com a objectiu vetllar per la conviv\u00e8ncia, la coeducaci\u00f3 i el benestar emocional de tot l\u2019alumnat i ser referents en aquestes mat\u00e8ries, per a l\u2019alumnat i el professorat del centre.<br \/>\nEntre les diverses responsabilitats d\u2019aquesta comissi\u00f3, es troben:<\/p>\n<ol>\n<li>Gesti\u00f3 de conflictes: S&#8217;encarrega de resoldre&hellip;  <a href=\"https:\/\/agora.xtec.cat\/ietorrelles\/cocobe-2\/\" title=\"Read Cocobe\">Llegeix m\u00e9s\u00bb<\/a><br \/>\n","protected":false},"author":2,"featured_media":0,"parent":0,"menu_order":0,"comment_status":"closed","ping_status":"closed","template":"","meta":{"_bbp_topic_count":0,"_bbp_reply_count":0,"_bbp_total_topic_count":0,"_bbp_total_reply_count":0,"_bbp_voice_count":0,"_bbp_anonymous_reply_count":0,"_bbp_topic_count_hidden":0,"_bbp_reply_count_hidden":0,"_bbp_forum_subforum_count":0,"footnotes":""},"class_list":["post-3501","page","type-page","status-publish","hentry"],"post_mailing_queue_ids":[],"_links":{"self":[{"href":"https:\/\/agora.xtec.cat\/ietorrelles\/wp-json\/wp\/v2\/pages\/3501","targetHints":{"allow":["GET"]}}],"collection":[{"href":"https:\/\/agora.xtec.cat\/ietorrelles\/wp-json\/wp\/v2\/pages"}],"about":[{"href":"https:\/\/agora.xtec.cat\/ietorrelles\/wp-json\/wp\/v2\/types\/page"}],"author":[{"embeddable":true,"href":"https:\/\/agora.xtec.cat\/ietorrelles\/wp-json\/wp\/v2\/users\/2"}],"replies":[{"embeddable":true,"href":"https:\/\/agora.xtec.cat\/ietorrelles\/wp-json\/wp\/v2\/comments?post=3501"}],"version-history":[{"count":1,"href":"https:\/\/agora.xtec.cat\/ietorrelles\/wp-json\/wp\/v2\/pages\/3501\/revisions"}],"predecessor-version":[{"id":3504,"href":"https:\/\/agora.xtec.cat\/ietorrelles\/wp-json\/wp\/v2\/pages\/3501\/revisions\/3504"}],"wp:attachment":[{"href":"https:\/\/agora.xtec.cat\/ietorrelles\/wp-json\/wp\/v2\/media?parent=3501"}],"curies":[{"name":"wp","href":"https:\/\/api.w.org\/{rel}","templated":true}]}}

<p>La comissió té com a objectiu vetllar per la convivència, la coeducació i el benestar emocional de tot l’alumnat i ser referents en aquestes matèries, per a l’alumnat i el professorat del centre.</p>
<p><span style="font-weight: 400;">Entre les diverses responsabilitats d’aquesta comissió, es troben:</span></p>
<ol>
<li><span style="font-weight: 400;"><strong>Gestió de conflictes:</strong> S&#8217;encarrega de resoldre conflictes entre l’alumnat, promoure la mediació i fomentar la cultura del diàleg i la tolerància.</span></li>
<li><span style="font-weight: 400;"><strong>Implementació de programes de coeducació:</strong> Desenvolupa programes i activitats per promoure la igualtat de gènere, combatre estereotips i fomentar el respecte i la diversitat.</span></li>
<li><span style="font-weight: 400;"><strong>Suport emocional:</strong> Proporciona suport emocional a l’alumnat, oferint espais de contenció i orientació per gestionar l&#8217;estrès, l&#8217;ansietat i altres problemàtiques emocionals.</span></li>
<li><span style="font-weight: 400;"><strong>Promoció del benestar:</strong> Desenvolupa accions per promoure el benestar emocional i social dels alumnes, incloent-hi activitats de prevenció de l&#8217;assetjament escolar, foment de la resiliència i estratègies per millorar la salut mental.</span></li>
</ol>
<p><span style="font-weight: 400;">La comissió treballa per crear un entorn escolar segur, inclusiu i respectuós, on tots els alumnes puguin desenvolupar-se plenament i sentir-se a gust.</span></p>
<p><img loading="lazy" decoding="async" class="aligncenter" src="https://agora.xtec.cat/ietorrelles/wp-content/uploads/usu2293/2025/09/Cocobe.png" width="485" height="372" /></p>

<p>La comissió té com a objectiu vetllar per la convivència, la coeducació i el benestar emocional de tot l’alumnat i ser referents en aquestes matèries, per a l’alumnat i el professorat del centre.<br />
Entre les diverses responsabilitats d’aquesta comissió, es troben:</p>
<ol>
<li>Gestió de conflictes: S&#8217;encarrega de resoldre&hellip;  <a href="https://agora.xtec.cat/ietorrelles/cocobe-2/" title="Read Cocobe">Llegeix més»</a><br />
