{"id":3492,"date":"2025-09-22T10:12:58","date_gmt":"2025-09-22T08:12:58","guid":{"rendered":"https:\/\/agora.xtec.cat\/ietorrelles\/?page_id=3492"},"modified":"2025-09-22T10:12:58","modified_gmt":"2025-09-22T08:12:58","slug":"biblioteca","status":"publish","type":"page","link":"https:\/\/agora.xtec.cat\/ietorrelles\/biblioteca\/","title":{"rendered":"Biblioteca"},"content":{"rendered":"<p>Benvinguts a la <a href=\"https:\/\/bibliotecaietorrelles.blogspot.com\/\">biblioteca de l&#8217;escola<\/a>, un lloc on els llibres cobren vida i la imaginaci\u00f3 floreix. Estem emocionats de presentar-vos el nostre concurs anual del personatge misteri\u00f3s, una oportunitat \u00fanica per aprofundir en el m\u00f3n de la lectura mentre posem a prova les vostres habilitats detectivesques.<\/p>\n<p>Aquest concurs, creat amb amor per la narrativa i el misteri, ofereix als estudiants la possibilitat de submergir-se en trames intrigants i descobrir personatges ocults entre les p\u00e0gines dels llibres. Desenvolupat per estimular la curiositat i fomentar la lectura, el concurs del personatge misteri\u00f3s us convida a embarcar-vos en una recerca liter\u00e0ria que posar\u00e0 a prova la vostra perspic\u00e0cia i coneixement dels personatges literaris.<\/p>\n<p>Amb premis emocionants en joc i el plaer de la descoberta com a recompensa, aquest concurs no nom\u00e9s celebra la lectura sin\u00f3 tamb\u00e9 la comunitat que crea al voltant d&#8217;aquesta passi\u00f3 compartida. Us convidem a unir-vos a nosaltres en aquesta aventura liter\u00e0ria, on els llibres s\u00f3n les estrelles i cada p\u00e0gina \u00e9s una nova pista a seguir. Que comenci la recerca i que la hist\u00f2ria mai s&#8217;aturi!<\/p>\n<p style=\"text-align: center;\">Clica la imatge per anar a la p\u00e0gina web de la <a href=\"https:\/\/bibliotecaietorrelles.blogspot.com\/\">biblioteca de l&#8217;escola<\/a>!<\/p>\n<p><a href=\"https:\/\/bibliotecaietorrelles.blogspot.com\/\"><img loading=\"lazy\" decoding=\"async\" class=\"size-full wp-image-2010 aligncenter\" src=\"https:\/\/agora.xtec.cat\/ietorrelles\/wp-content\/uploads\/usu2293\/2025\/09\/llibres.png\" alt=\"\" width=\"512\" height=\"512\" \/><\/a><\/p>\n","protected":false},"excerpt":{"rendered":"<p>Benvinguts a la <a href=\"https:\/\/bibliotecaietorrelles.blogspot.com\/\">biblioteca de l&#8217;escola<\/a>, un lloc on els llibres cobren vida i la imaginaci\u00f3 floreix. Estem emocionats de presentar-vos el nostre concurs anual del personatge misteri\u00f3s, una oportunitat \u00fanica per aprofundir en el m\u00f3n de la lectura mentre posem a prova les&hellip;  <a href=\"https:\/\/agora.xtec.cat\/ietorrelles\/biblioteca\/\" title=\"Read Biblioteca\">Llegeix m\u00e9s\u00bb<\/a><\/p>\n","protected":false},"author":2,"featured_media":0,"parent":0,"menu_order":0,"comment_status":"closed","ping_status":"closed","template":"","meta":{"_bbp_topic_count":0,"_bbp_reply_count":0,"_bbp_total_topic_count":0,"_bbp_total_reply_count":0,"_bbp_voice_count":0,"_bbp_anonymous_reply_count":0,"_bbp_topic_count_hidden":0,"_bbp_reply_count_hidden":0,"_bbp_forum_subforum_count":0,"footnotes":""},"class_list":["post-3492","page","type-page","status-publish","hentry"],"post_mailing_queue_ids":[],"_links":{"self":[{"href":"https:\/\/agora.xtec.cat\/ietorrelles\/wp-json\/wp\/v2\/pages\/3492","targetHints":{"allow":["GET"]}}],"collection":[{"href":"https:\/\/agora.xtec.cat\/ietorrelles\/wp-json\/wp\/v2\/pages"}],"about":[{"href":"https:\/\/agora.xtec.cat\/ietorrelles\/wp-json\/wp\/v2\/types\/page"}],"author":[{"embeddable":true,"href":"https:\/\/agora.xtec.cat\/ietorrelles\/wp-json\/wp\/v2\/users\/2"}],"replies":[{"embeddable":true,"href":"https:\/\/agora.xtec.cat\/ietorrelles\/wp-json\/wp\/v2\/comments?post=3492"}],"version-history":[{"count":1,"href":"https:\/\/agora.xtec.cat\/ietorrelles\/wp-json\/wp\/v2\/pages\/3492\/revisions"}],"predecessor-version":[{"id":3495,"href":"https:\/\/agora.xtec.cat\/ietorrelles\/wp-json\/wp\/v2\/pages\/3492\/revisions\/3495"}],"wp:attachment":[{"href":"https:\/\/agora.xtec.cat\/ietorrelles\/wp-json\/wp\/v2\/media?parent=3492"}],"curies":[{"name":"wp","href":"https:\/\/api.w.org\/{rel}","templated":true}]}}

<p>Benvinguts a la <a href="https://bibliotecaietorrelles.blogspot.com/">biblioteca de l&#8217;escola</a>, un lloc on els llibres cobren vida i la imaginació floreix. Estem emocionats de presentar-vos el nostre concurs anual del personatge misteriós, una oportunitat única per aprofundir en el món de la lectura mentre posem a prova les vostres habilitats detectivesques.</p>
<p>Aquest concurs, creat amb amor per la narrativa i el misteri, ofereix als estudiants la possibilitat de submergir-se en trames intrigants i descobrir personatges ocults entre les pàgines dels llibres. Desenvolupat per estimular la curiositat i fomentar la lectura, el concurs del personatge misteriós us convida a embarcar-vos en una recerca literària que posarà a prova la vostra perspicàcia i coneixement dels personatges literaris.</p>
<p>Amb premis emocionants en joc i el plaer de la descoberta com a recompensa, aquest concurs no només celebra la lectura sinó també la comunitat que crea al voltant d&#8217;aquesta passió compartida. Us convidem a unir-vos a nosaltres en aquesta aventura literària, on els llibres són les estrelles i cada pàgina és una nova pista a seguir. Que comenci la recerca i que la història mai s&#8217;aturi!</p>
<p style="text-align: center;">Clica la imatge per anar a la pàgina web de la <a href="https://bibliotecaietorrelles.blogspot.com/">biblioteca de l&#8217;escola</a>!</p>
<p><a href="https://bibliotecaietorrelles.blogspot.com/"><img loading="lazy" decoding="async" class="size-full wp-image-2010 aligncenter" src="https://agora.xtec.cat/ietorrelles/wp-content/uploads/usu2293/2025/09/llibres.png" alt="" width="512" height="512" /></a></p>

<p>Benvinguts a la <a href="https://bibliotecaietorrelles.blogspot.com/">biblioteca de l&#8217;escola</a>, un lloc on els llibres cobren vida i la imaginació floreix. Estem emocionats de presentar-vos el nostre concurs anual del personatge misteriós, una oportunitat única per aprofundir en el món de la lectura mentre posem a prova les&hellip;  <a href="https://agora.xtec.cat/ietorrelles/biblioteca/" title="Read Biblioteca">Llegeix més»</a></p>
