{"id":3485,"date":"2025-09-22T10:09:28","date_gmt":"2025-09-22T08:09:28","guid":{"rendered":"https:\/\/agora.xtec.cat\/ietorrelles\/?page_id=3485"},"modified":"2025-09-22T10:09:28","modified_gmt":"2025-09-22T08:09:28","slug":"comissions","status":"publish","type":"page","link":"https:\/\/agora.xtec.cat\/ietorrelles\/comissions\/","title":{"rendered":"Comissions"},"content":{"rendered":"<div class=\"flex-1 overflow-hidden\">\n<div class=\"react-scroll-to-bottom--css-eoglu-79elbk h-full\">\n<div class=\"react-scroll-to-bottom--css-eoglu-1n7m0yu\">\n<div class=\"flex flex-col pb-9 text-sm\">\n<div class=\"w-full text-token-text-primary\" data-testid=\"conversation-turn-15\">\n<div class=\"px-4 py-2 justify-center text-base md:gap-6 m-auto\">\n<div class=\"flex flex-1 text-base mx-auto gap-3 md:px-5 lg:px-1 xl:px-5 md:max-w-3xl lg:max-w-[40rem] xl:max-w-[48rem] group final-completion\">\n<div class=\"relative flex w-full flex-col lg:w-[calc(100%-115px)] agent-turn\">\n<div class=\"flex-col gap-1 md:gap-3\">\n<div class=\"flex flex-grow flex-col max-w-full\">\n<div class=\"min-h-[20px] text-message flex flex-col items-start gap-3 whitespace-pre-wrap break-words [.text-message+&amp;]:mt-5 overflow-x-auto\" data-message-author-role=\"assistant\" data-message-id=\"23fc113c-fc0f-44b1-a912-56a6523de94f\">\n<div class=\"markdown prose w-full break-words dark:prose-invert light\">\n<p>Benvinguts a les comissions de l&#8217;escola, un espai vibrants d&#8217;oportunitats i col\u00b7laboraci\u00f3 on la participaci\u00f3 activa dels estudiants i del personal educatiu contribueix al desenvolupament integral de la nostra comunitat escolar. Les comissions s\u00f3n la for\u00e7a impulsora d&#8217;innovaci\u00f3, creativitat i millora continua dins la nostra instituci\u00f3.<\/p>\n<p>Cada comissi\u00f3 representa una \u00e0rea espec\u00edfica d&#8217;enriquiment, des de la cultura i l&#8217;esport fins a la sostenibilitat i la inclusi\u00f3. Treballem junts per crear un entorn escolar divers i din\u00e0mic, on tots els membres tenen la oportunitat de contribuir amb les seves passions i talents. Les comissions no nom\u00e9s fomenten l&#8217;aprenentatge m\u00e9s enll\u00e0 de les aules, sin\u00f3 que tamb\u00e9 serveixen com a pont per connectar-se amb altres membres de la comunitat.<\/p>\n<p>Ja sigui mitjan\u00e7ant la organitzaci\u00f3 d&#8217;esdeveniments, la implementaci\u00f3 de projectes comunitaris o la promoci\u00f3 de la salut mental, les comissions s\u00f3n el motor del canvi positiu a la nostra escola. Us convidem a explorar les diferents comissions, trobar aquella que ressoni amb les vostres passions i unir-vos a nosaltres en la construcci\u00f3 d&#8217;una comunitat escolar vibrant i participativa. Podem fer la difer\u00e8ncia i construir un futur educatiu m\u00e9s ric i significatiu per a tots.<\/p>\n<\/div>\n<\/div>\n<\/div>\n<div class=\"mt-1 flex justify-start gap-3 empty:hidden\"><\/div>\n<\/div>\n<div class=\"absolute\">\n<div class=\"flex w-full gap-2 items-center justify-center\"><a href=\"https:\/\/agora.xtec.cat\/ietorrelles\/wp-content\/uploads\/usu2293\/2025\/09\/copq.jpg\"><img loading=\"lazy\" decoding=\"async\" class=\"size-full wp-image-2015 aligncenter\" src=\"https:\/\/agora.xtec.cat\/ietorrelles\/wp-content\/uploads\/usu2293\/2025\/09\/copq.jpg\" alt=\"\" width=\"512\" height=\"512\" \/><\/a><\/div>\n<\/div>\n<\/div>\n<\/div>\n<\/div>\n<\/div>\n<\/div>\n<\/div>\n<\/div>\n<\/div>\n<div class=\"w-full pt-2 md:pt-0 dark:border-white\/20 md:border-transparent md:dark:border-transparent md:w-[calc(100%-.5rem)]\">\n<form class=\"stretch mx-2 flex flex-row gap-3 last:mb-2 md:mx-4 md:last:mb-6 lg:mx-auto lg:max-w-2xl xl:max-w-3xl\">\n<div class=\"relative flex h-full flex-1 items-stretch md:flex-col\">\n<div class=\"flex w-full items-center\"><\/div>\n<\/div>\n<\/form>\n<\/div>\n","protected":false},"excerpt":{"rendered":"<p>Benvinguts a les comissions de l&#8217;escola, un espai vibrants d&#8217;oportunitats i col\u00b7laboraci\u00f3 on la participaci\u00f3 activa dels estudiants i del personal educatiu contribueix al desenvolupament integral de la nostra comunitat escolar. Les comissions s\u00f3n la for\u00e7a impulsora d&#8217;innovaci\u00f3, creativitat i millora continua dins la nostra&hellip;  <a href=\"https:\/\/agora.xtec.cat\/ietorrelles\/comissions\/\" title=\"Read Comissions\">Llegeix m\u00e9s\u00bb<\/a><\/p>\n","protected":false},"author":2,"featured_media":0,"parent":0,"menu_order":0,"comment_status":"closed","ping_status":"closed","template":"","meta":{"_bbp_topic_count":0,"_bbp_reply_count":0,"_bbp_total_topic_count":0,"_bbp_total_reply_count":0,"_bbp_voice_count":0,"_bbp_anonymous_reply_count":0,"_bbp_topic_count_hidden":0,"_bbp_reply_count_hidden":0,"_bbp_forum_subforum_count":0,"footnotes":""},"class_list":["post-3485","page","type-page","status-publish","hentry"],"post_mailing_queue_ids":[],"_links":{"self":[{"href":"https:\/\/agora.xtec.cat\/ietorrelles\/wp-json\/wp\/v2\/pages\/3485","targetHints":{"allow":["GET"]}}],"collection":[{"href":"https:\/\/agora.xtec.cat\/ietorrelles\/wp-json\/wp\/v2\/pages"}],"about":[{"href":"https:\/\/agora.xtec.cat\/ietorrelles\/wp-json\/wp\/v2\/types\/page"}],"author":[{"embeddable":true,"href":"https:\/\/agora.xtec.cat\/ietorrelles\/wp-json\/wp\/v2\/users\/2"}],"replies":[{"embeddable":true,"href":"https:\/\/agora.xtec.cat\/ietorrelles\/wp-json\/wp\/v2\/comments?post=3485"}],"version-history":[{"count":2,"href":"https:\/\/agora.xtec.cat\/ietorrelles\/wp-json\/wp\/v2\/pages\/3485\/revisions"}],"predecessor-version":[{"id":3490,"href":"https:\/\/agora.xtec.cat\/ietorrelles\/wp-json\/wp\/v2\/pages\/3485\/revisions\/3490"}],"wp:attachment":[{"href":"https:\/\/agora.xtec.cat\/ietorrelles\/wp-json\/wp\/v2\/media?parent=3485"}],"curies":[{"name":"wp","href":"https:\/\/api.w.org\/{rel}","templated":true}]}}

<div class="flex-1 overflow-hidden">
<div class="react-scroll-to-bottom--css-eoglu-79elbk h-full">
<div class="react-scroll-to-bottom--css-eoglu-1n7m0yu">
<div class="flex flex-col pb-9 text-sm">
<div class="w-full text-token-text-primary" data-testid="conversation-turn-15">
<div class="px-4 py-2 justify-center text-base md:gap-6 m-auto">
<div class="flex flex-1 text-base mx-auto gap-3 md:px-5 lg:px-1 xl:px-5 md:max-w-3xl lg:max-w-[40rem] xl:max-w-[48rem] group final-completion">
<div class="relative flex w-full flex-col lg:w-[calc(100%-115px)] agent-turn">
<div class="flex-col gap-1 md:gap-3">
<div class="flex flex-grow flex-col max-w-full">
<div class="min-h-[20px] text-message flex flex-col items-start gap-3 whitespace-pre-wrap break-words [.text-message+&amp;]:mt-5 overflow-x-auto" data-message-author-role="assistant" data-message-id="23fc113c-fc0f-44b1-a912-56a6523de94f">
<div class="markdown prose w-full break-words dark:prose-invert light">
<p>Benvinguts a les comissions de l&#8217;escola, un espai vibrants d&#8217;oportunitats i col·laboració on la participació activa dels estudiants i del personal educatiu contribueix al desenvolupament integral de la nostra comunitat escolar. Les comissions són la força impulsora d&#8217;innovació, creativitat i millora continua dins la nostra institució.</p>
<p>Cada comissió representa una àrea específica d&#8217;enriquiment, des de la cultura i l&#8217;esport fins a la sostenibilitat i la inclusió. Treballem junts per crear un entorn escolar divers i dinàmic, on tots els membres tenen la oportunitat de contribuir amb les seves passions i talents. Les comissions no només fomenten l&#8217;aprenentatge més enllà de les aules, sinó que també serveixen com a pont per connectar-se amb altres membres de la comunitat.</p>
<p>Ja sigui mitjançant la organització d&#8217;esdeveniments, la implementació de projectes comunitaris o la promoció de la salut mental, les comissions són el motor del canvi positiu a la nostra escola. Us convidem a explorar les diferents comissions, trobar aquella que ressoni amb les vostres passions i unir-vos a nosaltres en la construcció d&#8217;una comunitat escolar vibrant i participativa. Podem fer la diferència i construir un futur educatiu més ric i significatiu per a tots.</p>
</div>
</div>
</div>
<div class="mt-1 flex justify-start gap-3 empty:hidden"></div>
</div>
<div class="absolute">
<div class="flex w-full gap-2 items-center justify-center"><a href="https://agora.xtec.cat/ietorrelles/wp-content/uploads/usu2293/2025/09/copq.jpg"><img loading="lazy" decoding="async" class="size-full wp-image-2015 aligncenter" src="https://agora.xtec.cat/ietorrelles/wp-content/uploads/usu2293/2025/09/copq.jpg" alt="" width="512" height="512" /></a></div>
</div>
</div>
</div>
</div>
</div>
</div>
</div>
</div>
</div>
<div class="w-full pt-2 md:pt-0 dark:border-white/20 md:border-transparent md:dark:border-transparent md:w-[calc(100%-.5rem)]">
<form class="stretch mx-2 flex flex-row gap-3 last:mb-2 md:mx-4 md:last:mb-6 lg:mx-auto lg:max-w-2xl xl:max-w-3xl">
<div class="relative flex h-full flex-1 items-stretch md:flex-col">
<div class="flex w-full items-center"></div>
</div>
</form>
</div>

<p>Benvinguts a les comissions de l&#8217;escola, un espai vibrants d&#8217;oportunitats i col·laboració on la participació activa dels estudiants i del personal educatiu contribueix al desenvolupament integral de la nostra comunitat escolar. Les comissions són la força impulsora d&#8217;innovació, creativitat i millora continua dins la nostra&hellip;  <a href="https://agora.xtec.cat/ietorrelles/comissions/" title="Read Comissions">Llegeix més»</a></p>
