{"id":3438,"date":"2025-06-30T17:32:04","date_gmt":"2025-06-30T15:32:04","guid":{"rendered":"https:\/\/agora.xtec.cat\/ietorrelles\/?page_id=3438"},"modified":"2026-01-08T17:39:10","modified_gmt":"2026-01-08T16:39:10","slug":"recull-daccions-i-activitats-realitzades-3t-2025","status":"publish","type":"page","link":"https:\/\/agora.xtec.cat\/ietorrelles\/afa\/recull-daccions-i-activitats-realitzades-3t-2025\/","title":{"rendered":"Recull d&#8217;accions i activitats realitzades 3T 2024-2025"},"content":{"rendered":"<p>Ara que el curs arriba al seu final, volem compartir amb vosaltres un breu resum de les accions i activitats que s\u2019han dut a terme des de l\u2019AFA Institut Escola Torrelles de Llobregat durant aquest 3r trimestre:<\/p>\n<p>\ud83d\udcd6 Sant Jordi<br \/>\n\u2013 Hem organitzat el taller \u201cRoses dolces per paraules boniques\u201d, amb una alta participaci\u00f3 de les fam\u00edlies. Es van fer prop de 200 roses, plenes de dol\u00e7or i missatges bonics.<\/p>\n<p>\ud83c\udf7d\ufe0f Menjador<br \/>\n\u2013 S\u2019ha completat la substituci\u00f3 de safates per plats a tots els cursos.<br \/>\n\u2013 Des de l\u2019AFA es revisen mensualment els men\u00fas amb antelaci\u00f3 per proposar millores a l\u2019empresa de menjador.<br \/>\n\u2013 S\u2019ha gestionat que, a partir del curs vinent, els dimecres i divendres els alumnes de l\u2019ESO no puguin fer \u00fas del m\u00f2bil durant l\u2019espai de menjador, promovent un ambient m\u00e9s saludable i social.<\/p>\n<p>\ud83c\udf89 Festa de final de curs<br \/>\n\u2013 Hem organitzat la festa de final de curs, un espai de trobada i celebraci\u00f3 amb m\u00fasica, activitats i bon ambient. Gr\u00e0cies a totes les fam\u00edlies que ho vau fer possible!<\/p>\n<p>\ud83d\udcd8 Educaci\u00f3 i participaci\u00f3<br \/>\n\u2013 Hem col\u00b7laborat econ\u00f2micament en els anuaris de 4t d\u2019ESO.<br \/>\n\u2013 Continuem donant suport al projecte de socialitzaci\u00f3 de llibres.<br \/>\n\u2013 El cicle de \u201cXerrem en fam\u00edlia\u201d ha quedat anul\u00b7lat per manca d\u2019assist\u00e8ncia.<br \/>\n\u2013 S\u2019han iniciat les reunions de la comissi\u00f3 de patis, amb l\u2019objectiu d\u2019introduir millores als espais exteriors de l\u2019escola.<br \/>\n\u2013 Estem treballant en noves propostes d\u2019extraescolars de cara al curs vinent, adaptades als interessos de l\u2019alumnat.<\/p>\n<p>\ud83e\udd1d Participaci\u00f3 institucional i coordinaci\u00f3<br \/>\n\u2013 Hem mantingut reunions mensuals amb direcci\u00f3 i amb la coordinadora cultural.<br \/>\n\u2013 Tamb\u00e9 hem participat a les reunions del Consell Escolar, el Consell Escolar Municipal i el Consell de Menjador, representant les inquietuds i propostes de les fam\u00edlies.<br \/>\n\u2013 A m\u00e9s, s\u2019ha mantingut una reuni\u00f3 amb la regidora d\u2019educaci\u00f3 per fer seguiment del projecte de reforma de la cuina de l\u2019edifici groc.<\/p>\n<p>Aprofitem per acomiadar-nos del curs i desitjar-vos un molt bon estiu a totes les fam\u00edlies.<br \/>\nGr\u00e0cies per la vostra confian\u00e7a i col\u00b7laboraci\u00f3.<\/p>\n<p>\ud83d\udc9b AFA Institut Escola Torrelles de Llobregat<\/p>\n","protected":false},"excerpt":{"rendered":"<p>Ara que el curs arriba al seu final, volem compartir amb vosaltres un breu resum de les accions i activitats que s\u2019han dut a terme des de l\u2019AFA Institut Escola Torrelles de Llobregat durant aquest 3r trimestre:<br \/>\n\ud83d\udcd6 Sant Jordi<br \/>\n\u2013 Hem organitzat el taller \u201cRoses dolces&hellip;  <a href=\"https:\/\/agora.xtec.cat\/ietorrelles\/afa\/recull-daccions-i-activitats-realitzades-3t-2025\/\" title=\"Read Recull d&#8217;accions i activitats realitzades 3T 2024-2025\">Llegeix m\u00e9s\u00bb<\/a><\/p>\n","protected":false},"author":73,"featured_media":0,"parent":3550,"menu_order":1,"comment_status":"closed","ping_status":"closed","template":"","meta":{"_bbp_topic_count":0,"_bbp_reply_count":0,"_bbp_total_topic_count":0,"_bbp_total_reply_count":0,"_bbp_voice_count":0,"_bbp_anonymous_reply_count":0,"_bbp_topic_count_hidden":0,"_bbp_reply_count_hidden":0,"_bbp_forum_subforum_count":0,"footnotes":""},"class_list":["post-3438","page","type-page","status-publish","hentry"],"post_mailing_queue_ids":[],"_links":{"self":[{"href":"https:\/\/agora.xtec.cat\/ietorrelles\/wp-json\/wp\/v2\/pages\/3438","targetHints":{"allow":["GET"]}}],"collection":[{"href":"https:\/\/agora.xtec.cat\/ietorrelles\/wp-json\/wp\/v2\/pages"}],"about":[{"href":"https:\/\/agora.xtec.cat\/ietorrelles\/wp-json\/wp\/v2\/types\/page"}],"author":[{"embeddable":true,"href":"https:\/\/agora.xtec.cat\/ietorrelles\/wp-json\/wp\/v2\/users\/73"}],"replies":[{"embeddable":true,"href":"https:\/\/agora.xtec.cat\/ietorrelles\/wp-json\/wp\/v2\/comments?post=3438"}],"version-history":[{"count":2,"href":"https:\/\/agora.xtec.cat\/ietorrelles\/wp-json\/wp\/v2\/pages\/3438\/revisions"}],"predecessor-version":[{"id":3716,"href":"https:\/\/agora.xtec.cat\/ietorrelles\/wp-json\/wp\/v2\/pages\/3438\/revisions\/3716"}],"up":[{"embeddable":true,"href":"https:\/\/agora.xtec.cat\/ietorrelles\/wp-json\/wp\/v2\/pages\/3550"}],"wp:attachment":[{"href":"https:\/\/agora.xtec.cat\/ietorrelles\/wp-json\/wp\/v2\/media?parent=3438"}],"curies":[{"name":"wp","href":"https:\/\/api.w.org\/{rel}","templated":true}]}}

<p>Ara que el curs arriba al seu final, volem compartir amb vosaltres un breu resum de les accions i activitats que s’han dut a terme des de l’AFA Institut Escola Torrelles de Llobregat durant aquest 3r trimestre:</p>
<p>📖 Sant Jordi<br />
– Hem organitzat el taller “Roses dolces per paraules boniques”, amb una alta participació de les famílies. Es van fer prop de 200 roses, plenes de dolçor i missatges bonics.</p>
<p>🍽️ Menjador<br />
– S’ha completat la substitució de safates per plats a tots els cursos.<br />
– Des de l’AFA es revisen mensualment els menús amb antelació per proposar millores a l’empresa de menjador.<br />
– S’ha gestionat que, a partir del curs vinent, els dimecres i divendres els alumnes de l’ESO no puguin fer ús del mòbil durant l’espai de menjador, promovent un ambient més saludable i social.</p>
<p>🎉 Festa de final de curs<br />
– Hem organitzat la festa de final de curs, un espai de trobada i celebració amb música, activitats i bon ambient. Gràcies a totes les famílies que ho vau fer possible!</p>
<p>📘 Educació i participació<br />
– Hem col·laborat econòmicament en els anuaris de 4t d’ESO.<br />
– Continuem donant suport al projecte de socialització de llibres.<br />
– El cicle de “Xerrem en família” ha quedat anul·lat per manca d’assistència.<br />
– S’han iniciat les reunions de la comissió de patis, amb l’objectiu d’introduir millores als espais exteriors de l’escola.<br />
– Estem treballant en noves propostes d’extraescolars de cara al curs vinent, adaptades als interessos de l’alumnat.</p>
<p>🤝 Participació institucional i coordinació<br />
– Hem mantingut reunions mensuals amb direcció i amb la coordinadora cultural.<br />
– També hem participat a les reunions del Consell Escolar, el Consell Escolar Municipal i el Consell de Menjador, representant les inquietuds i propostes de les famílies.<br />
– A més, s’ha mantingut una reunió amb la regidora d’educació per fer seguiment del projecte de reforma de la cuina de l’edifici groc.</p>
<p>Aprofitem per acomiadar-nos del curs i desitjar-vos un molt bon estiu a totes les famílies.<br />
Gràcies per la vostra confiança i col·laboració.</p>
<p>💛 AFA Institut Escola Torrelles de Llobregat</p>

<p>Ara que el curs arriba al seu final, volem compartir amb vosaltres un breu resum de les accions i activitats que s’han dut a terme des de l’AFA Institut Escola Torrelles de Llobregat durant aquest 3r trimestre:<br />
📖 Sant Jordi<br />
– Hem organitzat el taller “Roses dolces&hellip;  <a href="https://agora.xtec.cat/ietorrelles/afa/recull-daccions-i-activitats-realitzades-3t-2025/" title="Read Recull d&#8217;accions i activitats realitzades 3T 2024-2025">Llegeix més»</a></p>
