{"id":3396,"date":"2025-05-19T14:34:17","date_gmt":"2025-05-19T12:34:17","guid":{"rendered":"https:\/\/agora.xtec.cat\/ietorrelles\/?page_id=3396"},"modified":"2026-01-08T17:39:38","modified_gmt":"2026-01-08T16:39:38","slug":"recull-daccions-i-activitats-realitzades-2t-2025","status":"publish","type":"page","link":"https:\/\/agora.xtec.cat\/ietorrelles\/afa\/recull-daccions-i-activitats-realitzades-2t-2025\/","title":{"rendered":"Recull d&#8217;accions i activitats realitzades 2T 2024-2025"},"content":{"rendered":"<p>Benvolgudes fam\u00edlies,<\/p>\n<p>Des de l\u2019AFA de l\u2019Institut Escola Torrelles us volem compartir un petit recull de les accions i activitats realitzades durant aquest segon trimestre. Ha estat un per\u00edode intens i ple d\u2019iniciatives, sempre amb l\u2019objectiu de contribuir a una escola viva, participativa i al servei de tota la comunitat educativa.<\/p>\n<p>Aquest trimestre hem participat activament en:<\/p>\n<p>\ud83c\udfad La rua i festa de Carnestoltes, amb xocolatada inclosa per a totes les fam\u00edlies.<br \/>\n\ud83c\udfc3 L\u2019organitzaci\u00f3 de la cursa popular, una jornada esportiva i de conviv\u00e8ncia oberta al poble.<br \/>\n\ud83d\udcda Els tallers de Sant Jordi, plens de creativitat i complicitat.<br \/>\n\ud83d\udeaa La jornada de portes obertes, col\u00b7laborant per oferir una acollida c\u00e0lida i informativa a les noves fam\u00edlies.<\/p>\n<p>Tamb\u00e9 hem continuat impulsant espais de reflexi\u00f3 i suport per a les fam\u00edlies amb el cicle de xerrades &#8220;Xerrem en fam\u00edlia&#8221;, ara amb un nou format m\u00e9s proper i dist\u00e8s, on l\u2019AFA ofereix berenar per afavorir un ambient acollidor. Aquest cicle tindr\u00e0 continu\u00eftat durant el tercer trimestre, on esperem comptar amb una participaci\u00f3 encara m\u00e9s gran.<\/p>\n<p>Pel que fa al treball de fons, hem estat presents en:<\/p>\n<p>\ud83e\udd1d Reunions regulars amb l\u2019equip directiu, la regidoria d\u2019educaci\u00f3 i l\u2019empresa de menjador, per fer seguiment de diversos temes i aportar millores. En especial, s\u2019est\u00e0 fent seguiment de les obres de millora de la cuina de l\u2019edifici groc, que es duran a terme properament.<br \/>\n\ud83c\udfde\ufe0f Hem impulsat la creaci\u00f3 de la nova comissi\u00f3 mixta de patis, un espai on pr\u00f2ximament podrem treballar conjuntament amb l\u2019escola i l\u2019alumnat per repensar els espais de joc.<br \/>\n\ud83c\udf7d\ufe0f Hem acompanyat els canvis en el servei de menjador, com la substituci\u00f3 de les safates per plats per als alumnes de 4t, 5\u00e8 i 6\u00e8 de prim\u00e0ria. Properament aquest canvi tamb\u00e9 es far\u00e0 a 2n i 3r de prim\u00e0ria i a l\u2019ESO.<\/p>\n<p>Tot aix\u00f2 no seria possible sense la col\u00b7laboraci\u00f3 de les fam\u00edlies. Per\u00f2 cal dir-ho: la implicaci\u00f3 ha estat molt redu\u00efda i costa molt fer-ho tot amb tan poques mans. Des de l\u2019AFA volem agrair sincerament a les persones que hi han estat, per\u00f2 tamb\u00e9 fem una crida a sumar esfor\u00e7os. Necessitem m\u00e9s mans i m\u00e9s veus per continuar impulsant accions que millorin la vida escolar dels nostres infants i joves.<\/p>\n<p>Entre totes i tots, fem escola. T\u2019hi sumes?<\/p>\n<p>Una forta abra\u00e7ada,<br \/>\nL\u2019Equip de l\u2019AFA de l\u2019Institut Escola Torrelles<\/p>\n","protected":false},"excerpt":{"rendered":"<p>Benvolgudes fam\u00edlies,<br \/>\nDes de l\u2019AFA de l\u2019Institut Escola Torrelles us volem compartir un petit recull de les accions i activitats realitzades durant aquest segon trimestre. Ha estat un per\u00edode intens i ple d\u2019iniciatives, sempre amb l\u2019objectiu de contribuir a una escola viva, participativa i al servei&hellip;  <a href=\"https:\/\/agora.xtec.cat\/ietorrelles\/afa\/recull-daccions-i-activitats-realitzades-2t-2025\/\" title=\"Read Recull d&#8217;accions i activitats realitzades 2T 2024-2025\">Llegeix m\u00e9s\u00bb<\/a><\/p>\n","protected":false},"author":73,"featured_media":0,"parent":3550,"menu_order":0,"comment_status":"closed","ping_status":"closed","template":"","meta":{"_bbp_topic_count":0,"_bbp_reply_count":0,"_bbp_total_topic_count":0,"_bbp_total_reply_count":0,"_bbp_voice_count":0,"_bbp_anonymous_reply_count":0,"_bbp_topic_count_hidden":0,"_bbp_reply_count_hidden":0,"_bbp_forum_subforum_count":0,"footnotes":""},"class_list":["post-3396","page","type-page","status-publish","hentry"],"post_mailing_queue_ids":[],"_links":{"self":[{"href":"https:\/\/agora.xtec.cat\/ietorrelles\/wp-json\/wp\/v2\/pages\/3396","targetHints":{"allow":["GET"]}}],"collection":[{"href":"https:\/\/agora.xtec.cat\/ietorrelles\/wp-json\/wp\/v2\/pages"}],"about":[{"href":"https:\/\/agora.xtec.cat\/ietorrelles\/wp-json\/wp\/v2\/types\/page"}],"author":[{"embeddable":true,"href":"https:\/\/agora.xtec.cat\/ietorrelles\/wp-json\/wp\/v2\/users\/73"}],"replies":[{"embeddable":true,"href":"https:\/\/agora.xtec.cat\/ietorrelles\/wp-json\/wp\/v2\/comments?post=3396"}],"version-history":[{"count":2,"href":"https:\/\/agora.xtec.cat\/ietorrelles\/wp-json\/wp\/v2\/pages\/3396\/revisions"}],"predecessor-version":[{"id":3717,"href":"https:\/\/agora.xtec.cat\/ietorrelles\/wp-json\/wp\/v2\/pages\/3396\/revisions\/3717"}],"up":[{"embeddable":true,"href":"https:\/\/agora.xtec.cat\/ietorrelles\/wp-json\/wp\/v2\/pages\/3550"}],"wp:attachment":[{"href":"https:\/\/agora.xtec.cat\/ietorrelles\/wp-json\/wp\/v2\/media?parent=3396"}],"curies":[{"name":"wp","href":"https:\/\/api.w.org\/{rel}","templated":true}]}}

<p>Benvolgudes famílies,</p>
<p>Des de l’AFA de l’Institut Escola Torrelles us volem compartir un petit recull de les accions i activitats realitzades durant aquest segon trimestre. Ha estat un període intens i ple d’iniciatives, sempre amb l’objectiu de contribuir a una escola viva, participativa i al servei de tota la comunitat educativa.</p>
<p>Aquest trimestre hem participat activament en:</p>
<p>🎭 La rua i festa de Carnestoltes, amb xocolatada inclosa per a totes les famílies.<br />
🏃 L’organització de la cursa popular, una jornada esportiva i de convivència oberta al poble.<br />
📚 Els tallers de Sant Jordi, plens de creativitat i complicitat.<br />
🚪 La jornada de portes obertes, col·laborant per oferir una acollida càlida i informativa a les noves famílies.</p>
<p>També hem continuat impulsant espais de reflexió i suport per a les famílies amb el cicle de xerrades &#8220;Xerrem en família&#8221;, ara amb un nou format més proper i distès, on l’AFA ofereix berenar per afavorir un ambient acollidor. Aquest cicle tindrà continuïtat durant el tercer trimestre, on esperem comptar amb una participació encara més gran.</p>
<p>Pel que fa al treball de fons, hem estat presents en:</p>
<p>🤝 Reunions regulars amb l’equip directiu, la regidoria d’educació i l’empresa de menjador, per fer seguiment de diversos temes i aportar millores. En especial, s’està fent seguiment de les obres de millora de la cuina de l’edifici groc, que es duran a terme properament.<br />
🏞️ Hem impulsat la creació de la nova comissió mixta de patis, un espai on pròximament podrem treballar conjuntament amb l’escola i l’alumnat per repensar els espais de joc.<br />
🍽️ Hem acompanyat els canvis en el servei de menjador, com la substitució de les safates per plats per als alumnes de 4t, 5è i 6è de primària. Properament aquest canvi també es farà a 2n i 3r de primària i a l’ESO.</p>
<p>Tot això no seria possible sense la col·laboració de les famílies. Però cal dir-ho: la implicació ha estat molt reduïda i costa molt fer-ho tot amb tan poques mans. Des de l’AFA volem agrair sincerament a les persones que hi han estat, però també fem una crida a sumar esforços. Necessitem més mans i més veus per continuar impulsant accions que millorin la vida escolar dels nostres infants i joves.</p>
<p>Entre totes i tots, fem escola. T’hi sumes?</p>
<p>Una forta abraçada,<br />
L’Equip de l’AFA de l’Institut Escola Torrelles</p>

<p>Benvolgudes famílies,<br />
Des de l’AFA de l’Institut Escola Torrelles us volem compartir un petit recull de les accions i activitats realitzades durant aquest segon trimestre. Ha estat un període intens i ple d’iniciatives, sempre amb l’objectiu de contribuir a una escola viva, participativa i al servei&hellip;  <a href="https://agora.xtec.cat/ietorrelles/afa/recull-daccions-i-activitats-realitzades-2t-2025/" title="Read Recull d&#8217;accions i activitats realitzades 2T 2024-2025">Llegeix més»</a></p>
