{"id":28,"date":"2014-09-18T12:29:35","date_gmt":"2014-09-18T10:29:35","guid":{"rendered":"http:\/\/agora.xtec.cat\/ietorrelles\/?page_id=28"},"modified":"2025-10-29T14:58:59","modified_gmt":"2025-10-29T13:58:59","slug":"consell-escolar","status":"publish","type":"page","link":"https:\/\/agora.xtec.cat\/ietorrelles\/lescola\/consell-escolar\/","title":{"rendered":"Consell escolar"},"content":{"rendered":"<p><strong>Qu\u00e8 \u00e9s el Consell Escolar?<\/strong><\/p>\n<p>El Consell Escolar \u00e9s l\u2019\u00f2rgan col\u00b7legiat de participaci\u00f3 de tota la comunitat educativa en el funcionament i la gesti\u00f3 del centre. En formen part representants del professorat, les fam\u00edlies, l\u2019alumnat, el personal d\u2019administraci\u00f3 i serveis, l\u2019Ajuntament i l\u2019equip directiu.<\/p>\n<p>Aquest \u00f2rgan \u00e9s un espai de di\u00e0leg, reflexi\u00f3 i presa de decisions compartides, on es treballa per millorar la qualitat educativa i la conviv\u00e8ncia al centre.<\/p>\n<p><strong>Quines funcions t\u00e9?<\/strong><\/p>\n<ul>\n<li>Aprova i fa el seguiment del Projecte Educatiu de Centre.<\/li>\n<li>Participa en l\u2019elaboraci\u00f3 i avaluaci\u00f3 de la programaci\u00f3 general anual.<\/li>\n<li>Informa i aprova aspectes rellevants com el pressupost, les activitats complement\u00e0ries i extraescolars o les normes d\u2019organitzaci\u00f3 i funcionament.<\/li>\n<li>Fomenta la col\u00b7laboraci\u00f3 entre escola, fam\u00edlies i entorn.<\/li>\n<\/ul>\n<p><strong>Per qu\u00e8 \u00e9s important?<\/strong><\/p>\n<p>Perqu\u00e8 garanteix que totes les veus tinguin representaci\u00f3 en les decisions que afecten la vida del centre. \u00c9s una eina de participaci\u00f3 democr\u00e0tica que contribueix a fer una escola m\u00e9s oberta, transparent i compartida.<\/p>\n<p>&nbsp;<\/p>\n","protected":false},"excerpt":{"rendered":"<p>Qu\u00e8 \u00e9s el Consell Escolar?<br \/>\nEl Consell Escolar \u00e9s l\u2019\u00f2rgan col\u00b7legiat de participaci\u00f3 de tota la comunitat educativa en el funcionament i la gesti\u00f3 del centre. En formen part representants del professorat, les fam\u00edlies, l\u2019alumnat, el personal d\u2019administraci\u00f3 i serveis, l\u2019Ajuntament i l\u2019equip directiu.<br \/>\nAquest \u00f2rgan \u00e9s&hellip;  <a href=\"https:\/\/agora.xtec.cat\/ietorrelles\/lescola\/consell-escolar\/\" title=\"Read Consell escolar\">Llegeix m\u00e9s\u00bb<\/a><\/p>\n","protected":false},"author":1,"featured_media":0,"parent":22,"menu_order":5,"comment_status":"closed","ping_status":"closed","template":"page-templates\/side-menu.php","meta":{"_bbp_topic_count":0,"_bbp_reply_count":0,"_bbp_total_topic_count":0,"_bbp_total_reply_count":0,"_bbp_voice_count":0,"_bbp_anonymous_reply_count":0,"_bbp_topic_count_hidden":0,"_bbp_reply_count_hidden":0,"_bbp_forum_subforum_count":0,"footnotes":""},"class_list":["post-28","page","type-page","status-publish","hentry"],"post_mailing_queue_ids":[],"_links":{"self":[{"href":"https:\/\/agora.xtec.cat\/ietorrelles\/wp-json\/wp\/v2\/pages\/28","targetHints":{"allow":["GET"]}}],"collection":[{"href":"https:\/\/agora.xtec.cat\/ietorrelles\/wp-json\/wp\/v2\/pages"}],"about":[{"href":"https:\/\/agora.xtec.cat\/ietorrelles\/wp-json\/wp\/v2\/types\/page"}],"author":[{"embeddable":true,"href":"https:\/\/agora.xtec.cat\/ietorrelles\/wp-json\/wp\/v2\/users\/1"}],"replies":[{"embeddable":true,"href":"https:\/\/agora.xtec.cat\/ietorrelles\/wp-json\/wp\/v2\/comments?post=28"}],"version-history":[{"count":4,"href":"https:\/\/agora.xtec.cat\/ietorrelles\/wp-json\/wp\/v2\/pages\/28\/revisions"}],"predecessor-version":[{"id":3665,"href":"https:\/\/agora.xtec.cat\/ietorrelles\/wp-json\/wp\/v2\/pages\/28\/revisions\/3665"}],"up":[{"embeddable":true,"href":"https:\/\/agora.xtec.cat\/ietorrelles\/wp-json\/wp\/v2\/pages\/22"}],"wp:attachment":[{"href":"https:\/\/agora.xtec.cat\/ietorrelles\/wp-json\/wp\/v2\/media?parent=28"}],"curies":[{"name":"wp","href":"https:\/\/api.w.org\/{rel}","templated":true}]}}

<p><strong>Què és el Consell Escolar?</strong></p>
<p>El Consell Escolar és l’òrgan col·legiat de participació de tota la comunitat educativa en el funcionament i la gestió del centre. En formen part representants del professorat, les famílies, l’alumnat, el personal d’administració i serveis, l’Ajuntament i l’equip directiu.</p>
<p>Aquest òrgan és un espai de diàleg, reflexió i presa de decisions compartides, on es treballa per millorar la qualitat educativa i la convivència al centre.</p>
<p><strong>Quines funcions té?</strong></p>
<ul>
<li>Aprova i fa el seguiment del Projecte Educatiu de Centre.</li>
<li>Participa en l’elaboració i avaluació de la programació general anual.</li>
<li>Informa i aprova aspectes rellevants com el pressupost, les activitats complementàries i extraescolars o les normes d’organització i funcionament.</li>
<li>Fomenta la col·laboració entre escola, famílies i entorn.</li>
</ul>
<p><strong>Per què és important?</strong></p>
<p>Perquè garanteix que totes les veus tinguin representació en les decisions que afecten la vida del centre. És una eina de participació democràtica que contribueix a fer una escola més oberta, transparent i compartida.</p>
<p>&nbsp;</p>

<p>Què és el Consell Escolar?<br />
El Consell Escolar és l’òrgan col·legiat de participació de tota la comunitat educativa en el funcionament i la gestió del centre. En formen part representants del professorat, les famílies, l’alumnat, el personal d’administració i serveis, l’Ajuntament i l’equip directiu.<br />
Aquest òrgan és&hellip;  <a href="https://agora.xtec.cat/ietorrelles/lescola/consell-escolar/" title="Read Consell escolar">Llegeix més»</a></p>
