{"id":26,"date":"2014-09-18T12:24:32","date_gmt":"2014-09-18T10:24:32","guid":{"rendered":"http:\/\/agora.xtec.cat\/ietorrelles\/?page_id=26"},"modified":"2025-10-09T16:18:47","modified_gmt":"2025-10-09T14:18:47","slug":"historia","status":"publish","type":"page","link":"https:\/\/agora.xtec.cat\/ietorrelles\/lescola\/historia\/","title":{"rendered":"Hist\u00f2ria"},"content":{"rendered":"<p>L\u2019Institut-Escola Torrelles va n\u00e9ixer el curs 2022-2023 com a resposta a la davallada de la natalitat i de les matriculacions escolars, una situaci\u00f3 que tamb\u00e9 afecta molts altres municipis del nostre entorn. Davant aquesta situaci\u00f3, tot i l&#8217;oposici\u00f3 majorit\u00e0ria de les fam\u00edlies i del personal docent, que van expressar en repetides ocasions el seu rebuig al projecte, el Departament d\u2019Educaci\u00f3 va decidir fusionar tres centres del poble \u2014l\u2019Escola Can Coll, l\u2019Escola Sant Mart\u00ed i l\u2019Institut Torrelles\u2014 amb la voluntat de garantir l\u2019arrelament i l\u2019escolaritzaci\u00f3 dins del municipi i d\u2019oferir un itinerari educatiu complet i continuat des de l\u2019educaci\u00f3 infantil fins a l\u2019ESO.<\/p>\n<p>El centre ofereix un projecte educatiu \u00fanic, basat en metodologies actives, treball per projectes, compet\u00e8ncies digitals i l\u2019\u00fas de l\u2019angl\u00e8s com a llengua vehicular en algunes mat\u00e8ries. Tot aix\u00f2 en el marc d\u2019una comunitat educativa compromesa amb la qualitat, la cohesi\u00f3 i el vincle amb el nostre poble.<\/p>\n<p>El centre es troba distribu\u00eft en dos edificis separats m\u00e9s de 2 km entre ells, la qual cosa dificulta enormement la gesti\u00f3 del funcionament i l&#8217;organitzaci\u00f3 del personal docent (especialment a l&#8217;etapa de prim\u00e0ria). L\u2019Edifici Verd, antic espai de l\u2019Escola Can Coll, acull els cursos d\u2019educaci\u00f3 infantil i els primers anys de prim\u00e0ria, mentre que l\u2019Edifici Groc, hereu de l\u2019Escola Sant Mart\u00ed, concentra els darrers cursos de prim\u00e0ria i tota l\u2019etapa de l\u2019ESO.<\/p>\n<p>Tot i la seva joventut, l\u2019Institut-Escola Torrelles s\u2019ha consolidat com una comunitat educativa viva i participativa, que treballa per garantir que cada alumne disposi d\u2019un itinerari coherent, complet i de qualitat, tot mantenint un fort sentiment de pertinen\u00e7a al poble i al seu entorn.<\/p>\n","protected":false},"excerpt":{"rendered":"<p>L\u2019Institut-Escola Torrelles va n\u00e9ixer el curs 2022-2023 com a resposta a la davallada de la natalitat i de les matriculacions escolars, una situaci\u00f3 que tamb\u00e9 afecta molts altres municipis del nostre entorn. Davant aquesta situaci\u00f3, tot i l&#8217;oposici\u00f3 majorit\u00e0ria de les fam\u00edlies i del personal&hellip;  <a href=\"https:\/\/agora.xtec.cat\/ietorrelles\/lescola\/historia\/\" title=\"Read Hist\u00f2ria\">Llegeix m\u00e9s\u00bb<\/a><\/p>\n","protected":false},"author":1,"featured_media":0,"parent":22,"menu_order":1,"comment_status":"closed","ping_status":"closed","template":"page-templates\/side-menu.php","meta":{"_bbp_topic_count":0,"_bbp_reply_count":0,"_bbp_total_topic_count":0,"_bbp_total_reply_count":0,"_bbp_voice_count":0,"_bbp_anonymous_reply_count":0,"_bbp_topic_count_hidden":0,"_bbp_reply_count_hidden":0,"_bbp_forum_subforum_count":0,"footnotes":""},"class_list":["post-26","page","type-page","status-publish","hentry"],"post_mailing_queue_ids":[],"_links":{"self":[{"href":"https:\/\/agora.xtec.cat\/ietorrelles\/wp-json\/wp\/v2\/pages\/26","targetHints":{"allow":["GET"]}}],"collection":[{"href":"https:\/\/agora.xtec.cat\/ietorrelles\/wp-json\/wp\/v2\/pages"}],"about":[{"href":"https:\/\/agora.xtec.cat\/ietorrelles\/wp-json\/wp\/v2\/types\/page"}],"author":[{"embeddable":true,"href":"https:\/\/agora.xtec.cat\/ietorrelles\/wp-json\/wp\/v2\/users\/1"}],"replies":[{"embeddable":true,"href":"https:\/\/agora.xtec.cat\/ietorrelles\/wp-json\/wp\/v2\/comments?post=26"}],"version-history":[{"count":4,"href":"https:\/\/agora.xtec.cat\/ietorrelles\/wp-json\/wp\/v2\/pages\/26\/revisions"}],"predecessor-version":[{"id":3578,"href":"https:\/\/agora.xtec.cat\/ietorrelles\/wp-json\/wp\/v2\/pages\/26\/revisions\/3578"}],"up":[{"embeddable":true,"href":"https:\/\/agora.xtec.cat\/ietorrelles\/wp-json\/wp\/v2\/pages\/22"}],"wp:attachment":[{"href":"https:\/\/agora.xtec.cat\/ietorrelles\/wp-json\/wp\/v2\/media?parent=26"}],"curies":[{"name":"wp","href":"https:\/\/api.w.org\/{rel}","templated":true}]}}

Història

<p>L’Institut-Escola Torrelles va néixer el curs 2022-2023 com a resposta a la davallada de la natalitat i de les matriculacions escolars, una situació que també afecta molts altres municipis del nostre entorn. Davant aquesta situació, tot i l&#8217;oposició majoritària de les famílies i del personal docent, que van expressar en repetides ocasions el seu rebuig al projecte, el Departament d’Educació va decidir fusionar tres centres del poble —l’Escola Can Coll, l’Escola Sant Martí i l’Institut Torrelles— amb la voluntat de garantir l’arrelament i l’escolarització dins del municipi i d’oferir un itinerari educatiu complet i continuat des de l’educació infantil fins a l’ESO.</p>
<p>El centre ofereix un projecte educatiu únic, basat en metodologies actives, treball per projectes, competències digitals i l’ús de l’anglès com a llengua vehicular en algunes matèries. Tot això en el marc d’una comunitat educativa compromesa amb la qualitat, la cohesió i el vincle amb el nostre poble.</p>
<p>El centre es troba distribuït en dos edificis separats més de 2 km entre ells, la qual cosa dificulta enormement la gestió del funcionament i l&#8217;organització del personal docent (especialment a l&#8217;etapa de primària). L’Edifici Verd, antic espai de l’Escola Can Coll, acull els cursos d’educació infantil i els primers anys de primària, mentre que l’Edifici Groc, hereu de l’Escola Sant Martí, concentra els darrers cursos de primària i tota l’etapa de l’ESO.</p>
<p>Tot i la seva joventut, l’Institut-Escola Torrelles s’ha consolidat com una comunitat educativa viva i participativa, que treballa per garantir que cada alumne disposi d’un itinerari coherent, complet i de qualitat, tot mantenint un fort sentiment de pertinença al poble i al seu entorn.</p>

<p>L’Institut-Escola Torrelles va néixer el curs 2022-2023 com a resposta a la davallada de la natalitat i de les matriculacions escolars, una situació que també afecta molts altres municipis del nostre entorn. Davant aquesta situació, tot i l&#8217;oposició majoritària de les famílies i del personal&hellip;  <a href="https://agora.xtec.cat/ietorrelles/lescola/historia/" title="Read Història">Llegeix més»</a></p>
