{"id":24,"date":"2014-09-18T12:23:15","date_gmt":"2014-09-18T10:23:15","guid":{"rendered":"http:\/\/agora.xtec.cat\/ietorrelles\/?page_id=24"},"modified":"2025-10-03T09:41:13","modified_gmt":"2025-10-03T07:41:13","slug":"on-som","status":"publish","type":"page","link":"https:\/\/agora.xtec.cat\/ietorrelles\/lescola\/on-som\/","title":{"rendered":"On som"},"content":{"rendered":"<p>&nbsp;<\/p>\n<table style=\"width: 100%; border-collapse: collapse; border-style: hidden;\">\n<tbody>\n<tr>\n<td style=\"width: 50%;\">\n<p style=\"color: #666666; text-align: center;\"><strong>Institut-Escola Torrelles (edifici groc)<\/strong><\/p>\n<p style=\"color: #666666; text-align: center;\">Comunitat de grans (4t, 5\u00e8, 6\u00e8 prim\u00e0ria) i comunitat de joves (ESO)<\/p>\n<p style=\"color: #666666; text-align: center;\">c\/ Can Balasch de Baix, s\/n<br \/>\n08629 Torrelles de Llobregat<\/p>\n<p style=\"font-family: 'Helvetica Neue', Helvetica, Helvetica, Arial, sans-serif; font-size: 16px; text-align: center;\">Tel. 936 890 731<\/p>\n<\/td>\n<td style=\"width: 50%; border-style: hidden;\">\n<p style=\"color: #666666; text-align: center;\"><strong>Institut-Escola Torrelles (edifici verd)<\/strong><\/p>\n<p style=\"color: #666666; text-align: center;\">Comunitat de petits (educaci\u00f3 infantil) i comunitat de mitjans (1r, 2n, 3r prim\u00e0ria)<\/p>\n<p style=\"color: #666666; text-align: center;\">c\/ Ernest Lluch, 4<br \/>\n08629 Torrelles de Llobregat<\/p>\n<p style=\"font-family: 'Helvetica Neue', Helvetica, Helvetica, Arial, sans-serif; font-size: 16px; text-align: center;\">Tel. 936 892 974<\/p>\n<\/td>\n<\/tr>\n<\/tbody>\n<\/table>\n<table style=\"width: 100%; border-collapse: collapse; border-style: hidden;\">\n<tbody>\n<tr>\n<td style=\"width: 50%; text-align: center;\"><iframe loading=\"lazy\" style=\"border: 0;\" src=\"https:\/\/www.google.com\/maps\/embed?pb=!1m18!1m12!1m3!1d2994.651245128723!2d1.984148915424927!3d41.359933579266695!2m3!1f0!2f0!3f0!3m2!1i1024!2i768!4f13.1!3m3!1m2!1s0x12a484b445f0e323%3A0x778acacd25687328!2sEscola%20P%C3%BAblica%20Sant%20Mart%C3%AD!5e0!3m2!1sca!2ses!4v1646906479031!5m2!1sca!2ses\" width=\"300\" height=\"225\" allowfullscreen=\"allowfullscreen\"><\/iframe><\/td>\n<td style=\"width: 50%; border-style: hidden; text-align: center;\"><iframe loading=\"lazy\" style=\"border: 0;\" src=\"https:\/\/www.google.com\/maps\/embed?pb=!1m18!1m12!1m3!1d2994.9907914453947!2d1.9735352509224704!3d41.35255387916563!2m3!1f0!2f0!3f0!3m2!1i1024!2i768!4f13.1!3m3!1m2!1s0x12a484a5318420f7%3A0x65bdad49a1811fd1!2sEscola%20Can%20Coll!5e0!3m2!1sca!2ses!4v1646906741731!5m2!1sca!2ses\" width=\"300\" height=\"225\" allowfullscreen=\"allowfullscreen\"><span data-mce-type=\"bookmark\" style=\"display: inline-block; width: 0px; overflow: hidden; line-height: 0;\" class=\"mce_SELRES_start\">\ufeff<\/span><\/iframe><\/td>\n<\/tr>\n<\/tbody>\n<\/table>\n<p>&nbsp;<\/p>\n","protected":false},"excerpt":{"rendered":"<p>&nbsp;<\/p>\n<p>Institut-Escola Torrelles (edifici groc)<br \/>\nComunitat de grans (4t, 5\u00e8, 6\u00e8 prim\u00e0ria) i comunitat de joves (ESO)<br \/>\nc\/ Can Balasch de Baix, s\/n<br \/>\n08629 Torrelles de Llobregat<br \/>\nTel. 936 890 731<\/p>\n<p>Institut-Escola Torrelles (edifici verd)<br \/>\nComunitat de petits (educaci\u00f3 infantil) i comunitat de mitjans (1r, 2n, 3r prim\u00e0ria)<br \/>\nc\/ Ernest Lluch, 4<br \/>\n08629 Torrelles&hellip;  <a href=\"https:\/\/agora.xtec.cat\/ietorrelles\/lescola\/on-som\/\" title=\"Read On som\">Llegeix m\u00e9s\u00bb<\/a><\/p>\n","protected":false},"author":1,"featured_media":0,"parent":22,"menu_order":2,"comment_status":"closed","ping_status":"closed","template":"page-templates\/side-menu.php","meta":{"_bbp_topic_count":0,"_bbp_reply_count":0,"_bbp_total_topic_count":0,"_bbp_total_reply_count":0,"_bbp_voice_count":0,"_bbp_anonymous_reply_count":0,"_bbp_topic_count_hidden":0,"_bbp_reply_count_hidden":0,"_bbp_forum_subforum_count":0,"footnotes":""},"class_list":["post-24","page","type-page","status-publish","hentry"],"post_mailing_queue_ids":[],"_links":{"self":[{"href":"https:\/\/agora.xtec.cat\/ietorrelles\/wp-json\/wp\/v2\/pages\/24","targetHints":{"allow":["GET"]}}],"collection":[{"href":"https:\/\/agora.xtec.cat\/ietorrelles\/wp-json\/wp\/v2\/pages"}],"about":[{"href":"https:\/\/agora.xtec.cat\/ietorrelles\/wp-json\/wp\/v2\/types\/page"}],"author":[{"embeddable":true,"href":"https:\/\/agora.xtec.cat\/ietorrelles\/wp-json\/wp\/v2\/users\/1"}],"replies":[{"embeddable":true,"href":"https:\/\/agora.xtec.cat\/ietorrelles\/wp-json\/wp\/v2\/comments?post=24"}],"version-history":[{"count":3,"href":"https:\/\/agora.xtec.cat\/ietorrelles\/wp-json\/wp\/v2\/pages\/24\/revisions"}],"predecessor-version":[{"id":3573,"href":"https:\/\/agora.xtec.cat\/ietorrelles\/wp-json\/wp\/v2\/pages\/24\/revisions\/3573"}],"up":[{"embeddable":true,"href":"https:\/\/agora.xtec.cat\/ietorrelles\/wp-json\/wp\/v2\/pages\/22"}],"wp:attachment":[{"href":"https:\/\/agora.xtec.cat\/ietorrelles\/wp-json\/wp\/v2\/media?parent=24"}],"curies":[{"name":"wp","href":"https:\/\/api.w.org\/{rel}","templated":true}]}}

<p>&nbsp;</p>
<table style="width: 100%; border-collapse: collapse; border-style: hidden;">
<tbody>
<tr>
<td style="width: 50%;">
<p style="color: #666666; text-align: center;"><strong>Institut-Escola Torrelles (edifici groc)</strong></p>
<p style="color: #666666; text-align: center;">Comunitat de grans (4t, 5è, 6è primària) i comunitat de joves (ESO)</p>
<p style="color: #666666; text-align: center;">c/ Can Balasch de Baix, s/n<br />
08629 Torrelles de Llobregat</p>
<p style="font-family: 'Helvetica Neue', Helvetica, Helvetica, Arial, sans-serif; font-size: 16px; text-align: center;">Tel. 936 890 731</p>
</td>
<td style="width: 50%; border-style: hidden;">
<p style="color: #666666; text-align: center;"><strong>Institut-Escola Torrelles (edifici verd)</strong></p>
<p style="color: #666666; text-align: center;">Comunitat de petits (educació infantil) i comunitat de mitjans (1r, 2n, 3r primària)</p>
<p style="color: #666666; text-align: center;">c/ Ernest Lluch, 4<br />
08629 Torrelles de Llobregat</p>
<p style="font-family: 'Helvetica Neue', Helvetica, Helvetica, Arial, sans-serif; font-size: 16px; text-align: center;">Tel. 936 892 974</p>
</td>
</tr>
</tbody>
</table>
<table style="width: 100%; border-collapse: collapse; border-style: hidden;">
<tbody>
<tr>
<td style="width: 50%; text-align: center;"><iframe loading="lazy" style="border: 0;" src="https://www.google.com/maps/embed?pb=!1m18!1m12!1m3!1d2994.651245128723!2d1.984148915424927!3d41.359933579266695!2m3!1f0!2f0!3f0!3m2!1i1024!2i768!4f13.1!3m3!1m2!1s0x12a484b445f0e323%3A0x778acacd25687328!2sEscola%20P%C3%BAblica%20Sant%20Mart%C3%AD!5e0!3m2!1sca!2ses!4v1646906479031!5m2!1sca!2ses" width="300" height="225" allowfullscreen="allowfullscreen"></iframe></td>
<td style="width: 50%; border-style: hidden; text-align: center;"><iframe loading="lazy" style="border: 0;" src="https://www.google.com/maps/embed?pb=!1m18!1m12!1m3!1d2994.9907914453947!2d1.9735352509224704!3d41.35255387916563!2m3!1f0!2f0!3f0!3m2!1i1024!2i768!4f13.1!3m3!1m2!1s0x12a484a5318420f7%3A0x65bdad49a1811fd1!2sEscola%20Can%20Coll!5e0!3m2!1sca!2ses!4v1646906741731!5m2!1sca!2ses" width="300" height="225" allowfullscreen="allowfullscreen"><span data-mce-type="bookmark" style="display: inline-block; width: 0px; overflow: hidden; line-height: 0;" class="mce_SELRES_start">﻿</span></iframe></td>
</tr>
</tbody>
</table>
<p>&nbsp;</p>

<p>&nbsp;</p>
<p>Institut-Escola Torrelles (edifici groc)<br />
Comunitat de grans (4t, 5è, 6è primària) i comunitat de joves (ESO)<br />
c/ Can Balasch de Baix, s/n<br />
08629 Torrelles de Llobregat<br />
Tel. 936 890 731</p>
<p>Institut-Escola Torrelles (edifici verd)<br />
Comunitat de petits (educació infantil) i comunitat de mitjans (1r, 2n, 3r primària)<br />
c/ Ernest Lluch, 4<br />
08629 Torrelles&hellip;  <a href="https://agora.xtec.cat/ietorrelles/lescola/on-som/" title="Read On som">Llegeix més»</a></p>
