{"id":4371,"date":"2021-02-03T11:09:31","date_gmt":"2021-02-03T10:09:31","guid":{"rendered":"http:\/\/agora.xtec.cat\/ietn\/?page_id=4371"},"modified":"2021-02-03T11:36:29","modified_gmt":"2021-02-03T10:36:29","slug":"poefa","status":"publish","type":"page","link":"https:\/\/agora.xtec.cat\/ietn\/poefa\/","title":{"rendered":"POEFA"},"content":{"rendered":"<p><span style=\"font-weight: 400;\">L&#8217; ieTN participa del programa POEFA.<\/span><\/p>\n<p><span style=\"font-weight: 400;\">Els <\/span><i><span style=\"font-weight: 400;\">projectes innovadors amb oportunitats d\u2019\u00e8xit educatiu a favor de l\u2019alumnat<\/span><\/i><span style=\"font-weight: 400;\"> tenen per objectiu ajudar els alumnes a desenvolupar les compet\u00e8ncies b\u00e0siques mitjan\u00e7ant la personalitzaci\u00f3 de l\u2019aprenentatge i la gesti\u00f3 del propi talent, des de la flexibilitzaci\u00f3 metodol\u00f2gica, la selecci\u00f3 de continguts i el suport educatiu segons les seves necessitats i interessos.<\/span><\/p>\n<p><span style=\"font-weight: 400;\">Els projectes innovadors els conformen activitats personalitzades d\u2019atenci\u00f3, orientaci\u00f3 i <\/span><span style=\"font-weight: 400;\">suport educatiu en horari lectiu i activitats d\u2019extensi\u00f3 educativa amb un component l\u00fadic <\/span><span style=\"font-weight: 400;\">i motivador que es desenvolupar\u00e0 en horari extraescolar.<\/span><\/p>\n<p><span style=\"font-weight: 400;\">A l\u2019ieTN, aquestes activitats personalitzades aniran orientades al suport educatiu amb l\u2019objectiu de reduir barreres ling\u00fc\u00edstiques per l\u2019aprenentatge.<\/span><\/p>\n<p><span style=\"font-weight: 400;\">D\u2019altra banda, permetr\u00e0 incorporar una professional que ajudar\u00e0 a dinamitzar l\u2019Espai Educatiu de Trinitat Nova i obrir\u00e0 la biblioteca en horari extraescolar.<\/span><\/p>\n<p><img loading=\"lazy\" decoding=\"async\" class=\"alignnone wp-image-4372 \" src=\"https:\/\/agora.xtec.cat\/ietn\/wp-content\/uploads\/usu1115\/2021\/02\/cartell-ieTN-POEFA-300x169.jpg\" alt=\"\" width=\"600\" height=\"338\" srcset=\"https:\/\/agora.xtec.cat\/ietn\/wp-content\/uploads\/usu1115\/2021\/02\/cartell-ieTN-POEFA-300x169.jpg 300w, https:\/\/agora.xtec.cat\/ietn\/wp-content\/uploads\/usu1115\/2021\/02\/cartell-ieTN-POEFA-768x432.jpg 768w, https:\/\/agora.xtec.cat\/ietn\/wp-content\/uploads\/usu1115\/2021\/02\/cartell-ieTN-POEFA.jpg 960w\" sizes=\"auto, (max-width: 600px) 100vw, 600px\" \/><\/p>\n","protected":false},"excerpt":{"rendered":"<p>L&#8217; ieTN participa del programa POEFA.<br \/>\nEls projectes innovadors amb oportunitats d\u2019\u00e8xit educatiu a favor de l\u2019alumnat tenen per objectiu ajudar els alumnes a desenvolupar les compet\u00e8ncies b\u00e0siques mitjan\u00e7ant la personalitzaci\u00f3 de l\u2019aprenentatge i la gesti\u00f3 del propi talent, des de la flexibilitzaci\u00f3 metodol\u00f2gica, la selecci\u00f3&hellip;  <a href=\"https:\/\/agora.xtec.cat\/ietn\/poefa\/\" title=\"Read POEFA\">Llegeix m\u00e9s\u00bb<\/a><\/p>\n","protected":false},"author":3,"featured_media":0,"parent":0,"menu_order":0,"comment_status":"closed","ping_status":"closed","template":"","meta":{"_bbp_topic_count":0,"_bbp_reply_count":0,"_bbp_total_topic_count":0,"_bbp_total_reply_count":0,"_bbp_voice_count":0,"_bbp_anonymous_reply_count":0,"_bbp_topic_count_hidden":0,"_bbp_reply_count_hidden":0,"_bbp_forum_subforum_count":0,"footnotes":""},"class_list":["post-4371","page","type-page","status-publish","hentry"],"post_mailing_queue_ids":[],"_links":{"self":[{"href":"https:\/\/agora.xtec.cat\/ietn\/wp-json\/wp\/v2\/pages\/4371","targetHints":{"allow":["GET"]}}],"collection":[{"href":"https:\/\/agora.xtec.cat\/ietn\/wp-json\/wp\/v2\/pages"}],"about":[{"href":"https:\/\/agora.xtec.cat\/ietn\/wp-json\/wp\/v2\/types\/page"}],"author":[{"embeddable":true,"href":"https:\/\/agora.xtec.cat\/ietn\/wp-json\/wp\/v2\/users\/3"}],"replies":[{"embeddable":true,"href":"https:\/\/agora.xtec.cat\/ietn\/wp-json\/wp\/v2\/comments?post=4371"}],"version-history":[{"count":2,"href":"https:\/\/agora.xtec.cat\/ietn\/wp-json\/wp\/v2\/pages\/4371\/revisions"}],"predecessor-version":[{"id":4375,"href":"https:\/\/agora.xtec.cat\/ietn\/wp-json\/wp\/v2\/pages\/4371\/revisions\/4375"}],"wp:attachment":[{"href":"https:\/\/agora.xtec.cat\/ietn\/wp-json\/wp\/v2\/media?parent=4371"}],"curies":[{"name":"wp","href":"https:\/\/api.w.org\/{rel}","templated":true}]}}