{"id":46,"date":"2014-09-17T16:53:45","date_gmt":"2014-09-17T16:53:45","guid":{"rendered":"http:\/\/agora.xtec.cat\/ietiler\/?page_id=46"},"modified":"2024-11-08T14:14:23","modified_gmt":"2024-11-08T13:14:23","slug":"organigrama","status":"publish","type":"page","link":"https:\/\/agora.xtec.cat\/ietiler\/organigrama\/","title":{"rendered":"Organigrama del Centre"},"content":{"rendered":"<h2 class=\"wsite-content-title\">Informaci\u00f3 General<\/h2>\n<h2 class=\"wsite-content-title\"><span style=\"font-size: x-large;\">Organigrama<\/span><\/h2>\n<div class=\"paragraph\" style=\"text-align: left;\"><span style=\"color: #000000;\">L&#8217;equip hum\u00e0 i educatiu del nostre institut escola est\u00e0 format per professionals amb una visi\u00f3 innovadora de l&#8217;educaci\u00f3. Dediquem especial atenci\u00f3 a motivar als alumnes i per desenvolupar al m\u00e0xim les seves potencialitats i compet\u00e8ncies, per\u00f2 sobretot, volem que creixin com a persones responsables i compromeses.<\/span><\/div>\n<div style=\"text-align: left;\"><\/div>\n<div class=\"paragraph\" style=\"text-align: left;\"><span style=\"color: #000000;\">Per aix\u00f2, ens organitzem en equips docents i comunitats, agrupacions redu\u00efdes, per treballar de manera cohesionada i coordinada.\u00a0<\/span><\/div>\n<div class=\"paragraph\" style=\"text-align: left;\">\n<p>&nbsp;<\/p>\n<p>D&#8217;altra banda, per aconseguir un bon funcionament de l&#8217;institut escola,\u00a0 tant a nivell pedag\u00f2gic com organitzatiu comptem amb aquestes persones:<\/p>\n<\/div>\n<div style=\"text-align: left;\"><\/div>\n<div style=\"text-align: left;\"><\/div>\n<div class=\"paragraph\" style=\"text-align: left;\">\n<ul>\n<li>Direcci\u00f3: Noelia Rodr\u00edguez<\/li>\n<li><span style=\"color: #000000;\">Cap d&#8217;estudis infantil i prim\u00e0ria: Marta M\u00e9ndez<\/span><\/li>\n<li><span style=\"color: #000000;\">Cap d&#8217;estudis secund\u00e0ria: Anna Casaponsa<\/span><\/li>\n<li>Secretaria: Cl\u00e0udia Barreda<\/li>\n<li><span style=\"color: #000000;\">Coordinadora\u00a0 comunitat de petits: Blanca Le\u00f3n<\/span><\/li>\n<li><span style=\"color: #000000;\">Coordinadora\u00a0 comunitat de mitjans: Yolanda Esp\u00ednola<\/span><\/li>\n<li><span style=\"color: #000000;\">Coordinador comunitat de grans: Montserrat Rodr\u00edguez<\/span><\/li>\n<li><span style=\"color: #000000;\">Coordinadora comunitat de joves: Mariona Gri\u00f1\u00f3n<\/span><\/li>\n<li><span style=\"color: #000000;\">Coordinadora digital: Olga Sebasti\u00e0 \/ Mar\u00eda Corbella<\/span><\/li>\n<li><span style=\"color: #000000;\">Coordinadora de material i riscos laborals: Aran Clemente<\/span><\/li>\n<\/ul>\n<p><span style=\"color: #000000;\">Hi ha un lligam i una coordinaci\u00f3 continuada infantil-prim\u00e0ria-secund\u00e0ria\u00a0 per consolidar i donar continu\u00eftat a la l\u00ednia i a la cultura de centre.<\/span><\/p>\n<\/div>\n","protected":false},"excerpt":{"rendered":"<p>Informaci\u00f3 General<br \/>\nOrganigrama<br \/>\nL&#8217;equip hum\u00e0 i educatiu del nostre institut escola est\u00e0 format per professionals amb una visi\u00f3 innovadora de l&#8217;educaci\u00f3. Dediquem especial atenci\u00f3 a motivar als alumnes i per desenvolupar al m\u00e0xim les seves potencialitats i compet\u00e8ncies, per\u00f2 sobretot, volem que creixin com a persones responsables&hellip;  <a href=\"https:\/\/agora.xtec.cat\/ietiler\/organigrama\/\" title=\"Read Organigrama del Centre\">Llegeix m\u00e9s\u00bb<\/a><\/p>\n","protected":false},"author":1,"featured_media":0,"parent":0,"menu_order":50,"comment_status":"closed","ping_status":"closed","template":"page-templates\/side-menu.php","meta":{"_bbp_topic_count":0,"_bbp_reply_count":0,"_bbp_total_topic_count":0,"_bbp_total_reply_count":0,"_bbp_voice_count":0,"_bbp_anonymous_reply_count":0,"_bbp_topic_count_hidden":0,"_bbp_reply_count_hidden":0,"_bbp_forum_subforum_count":0,"footnotes":""},"class_list":["post-46","page","type-page","status-publish","hentry"],"post_mailing_queue_ids":[],"_links":{"self":[{"href":"https:\/\/agora.xtec.cat\/ietiler\/wp-json\/wp\/v2\/pages\/46","targetHints":{"allow":["GET"]}}],"collection":[{"href":"https:\/\/agora.xtec.cat\/ietiler\/wp-json\/wp\/v2\/pages"}],"about":[{"href":"https:\/\/agora.xtec.cat\/ietiler\/wp-json\/wp\/v2\/types\/page"}],"author":[{"embeddable":true,"href":"https:\/\/agora.xtec.cat\/ietiler\/wp-json\/wp\/v2\/users\/1"}],"replies":[{"embeddable":true,"href":"https:\/\/agora.xtec.cat\/ietiler\/wp-json\/wp\/v2\/comments?post=46"}],"version-history":[{"count":7,"href":"https:\/\/agora.xtec.cat\/ietiler\/wp-json\/wp\/v2\/pages\/46\/revisions"}],"predecessor-version":[{"id":3581,"href":"https:\/\/agora.xtec.cat\/ietiler\/wp-json\/wp\/v2\/pages\/46\/revisions\/3581"}],"wp:attachment":[{"href":"https:\/\/agora.xtec.cat\/ietiler\/wp-json\/wp\/v2\/media?parent=46"}],"curies":[{"name":"wp","href":"https:\/\/api.w.org\/{rel}","templated":true}]}}