{"id":3733,"date":"2026-02-10T13:15:44","date_gmt":"2026-02-10T12:15:44","guid":{"rendered":"https:\/\/agora.xtec.cat\/ietiler\/?page_id=3733"},"modified":"2026-03-13T17:10:30","modified_gmt":"2026-03-13T16:10:30","slug":"licitacio-del-menjador-del-ie-el-til%c2%b7ler","status":"publish","type":"page","link":"https:\/\/agora.xtec.cat\/ietiler\/licitacio-del-menjador-del-ie-el-til%c2%b7ler\/","title":{"rendered":"LICITACI\u00d3 DEL MENJADOR DEL IE EL TIL\u00b7LER"},"content":{"rendered":"<p><strong>10 DE MAR\u00c7 DE 2026<\/strong><\/p>\n<p>Els interessats en veure el Pla de funcionament del menjador del IE el Til\u00b7ler el podreu trobar <a href=\"https:\/\/agora.xtec.cat\/ietiler\/wp-content\/uploads\/usu403\/2026\/03\/Pla-de-funcionament-del-menjador-Tiler.pdf\">aqu\u00ed<\/a>.<\/p>\n<p><strong>09 DE FEBRER DE 2026<\/strong><\/p>\n<p>Informem que s\u2019ha obert el procediment de la licitaci\u00f3 p\u00fablica del servei de menjador del nostre centre. Podeu consultar tota la informaci\u00f3 publicada al seg\u00fc<span style=\"color: #000000;\">ent enlla\u00e7<\/span>:<\/p>\n<p style=\"text-align: center;\"><a href=\"https:\/\/contractaciopublica.cat\/ca\/detall-publicacio\/a3ffa921-d8f9-441c-800f-28c4f72de73d\/300688953\" target=\"_blank\" rel=\"noopener\"><span style=\"color: #3366ff;\"><b>CONTRACTACI\u00d3 P\u00daBLICA<\/b><\/span><\/a><\/p>\n<p>La visita al centre es realitzar\u00e0 el dia 19 de febrer a les 10h.<\/p>\n","protected":false},"excerpt":{"rendered":"<p>10 DE MAR\u00c7 DE 2026<br \/>\nEls interessats en veure el Pla de funcionament del menjador del IE el Til\u00b7ler el podreu trobar <a href=\"https:\/\/agora.xtec.cat\/ietiler\/wp-content\/uploads\/usu403\/2026\/03\/Pla-de-funcionament-del-menjador-Tiler.pdf\">aqu\u00ed<\/a>.<br \/>\n09 DE FEBRER DE 2026<br \/>\nInformem que s\u2019ha obert el procediment de la licitaci\u00f3 p\u00fablica del servei de menjador del nostre centre. Podeu consultar&hellip;  <a href=\"https:\/\/agora.xtec.cat\/ietiler\/licitacio-del-menjador-del-ie-el-til%c2%b7ler\/\" title=\"Read LICITACI\u00d3 DEL MENJADOR DEL IE EL TIL\u00b7LER\">Llegeix m\u00e9s\u00bb<\/a><\/p>\n","protected":false},"author":1,"featured_media":0,"parent":0,"menu_order":0,"comment_status":"closed","ping_status":"open","template":"","meta":{"_bbp_topic_count":0,"_bbp_reply_count":0,"_bbp_total_topic_count":0,"_bbp_total_reply_count":0,"_bbp_voice_count":0,"_bbp_anonymous_reply_count":0,"_bbp_topic_count_hidden":0,"_bbp_reply_count_hidden":0,"_bbp_forum_subforum_count":0,"footnotes":""},"class_list":["post-3733","page","type-page","status-publish","hentry"],"post_mailing_queue_ids":[],"_links":{"self":[{"href":"https:\/\/agora.xtec.cat\/ietiler\/wp-json\/wp\/v2\/pages\/3733","targetHints":{"allow":["GET"]}}],"collection":[{"href":"https:\/\/agora.xtec.cat\/ietiler\/wp-json\/wp\/v2\/pages"}],"about":[{"href":"https:\/\/agora.xtec.cat\/ietiler\/wp-json\/wp\/v2\/types\/page"}],"author":[{"embeddable":true,"href":"https:\/\/agora.xtec.cat\/ietiler\/wp-json\/wp\/v2\/users\/1"}],"replies":[{"embeddable":true,"href":"https:\/\/agora.xtec.cat\/ietiler\/wp-json\/wp\/v2\/comments?post=3733"}],"version-history":[{"count":7,"href":"https:\/\/agora.xtec.cat\/ietiler\/wp-json\/wp\/v2\/pages\/3733\/revisions"}],"predecessor-version":[{"id":3740,"href":"https:\/\/agora.xtec.cat\/ietiler\/wp-json\/wp\/v2\/pages\/3733\/revisions\/3740"}],"wp:attachment":[{"href":"https:\/\/agora.xtec.cat\/ietiler\/wp-json\/wp\/v2\/media?parent=3733"}],"curies":[{"name":"wp","href":"https:\/\/api.w.org\/{rel}","templated":true}]}}