{"id":2894,"date":"2021-11-22T13:27:56","date_gmt":"2021-11-22T12:27:56","guid":{"rendered":"https:\/\/agora.xtec.cat\/ietiler\/?page_id=2894"},"modified":"2022-02-23T18:41:07","modified_gmt":"2022-02-23T17:41:07","slug":"identit-art","status":"publish","type":"page","link":"https:\/\/agora.xtec.cat\/ietiler\/tallers\/identit-art\/","title":{"rendered":"Identit.art"},"content":{"rendered":"<p><img loading=\"lazy\" decoding=\"async\" class=\"aligncenter  wp-image-2992\" src=\"https:\/\/agora.xtec.cat\/ietiler\/wp-content\/uploads\/usu403\/2022\/02\/Screenshot-2022-02-23-at-18.39.32-1024x296.png\" alt=\"\" width=\"622\" height=\"183\" \/><\/p>\n<p>Identit.art \u00e9s un programa d\u2019orientaci\u00f3 educativa basada en la proposta de la Pedagogia Culturalment Sostenible (Alim &amp; Paris, 2017) la qual ens convida a repensar la pr\u00e0ctica escolar situant en el centre les viv\u00e8ncies, sabers i llenguatges de l\u2019alumnat per tal de superar les narratives dominants dels centres escolars.<\/p>\n<p>Aix\u00ed doncs, des d\u2019aquesta perspectiva:<br \/>\n&#8211; Les i els aprenents s\u00f3n agents hist\u00f2rico-culturals singulars<br \/>\n&#8211; Es vol atorgar espai a l\u2019her\u00e8ncia hist\u00f2rica, ling\u00fc\u00edstica i cultural de l\u2019alumnat assumint la naturalesa din\u00e0mica d\u2019aquestes<br \/>\n&#8211; Es treballa la concientitzaci\u00f3 cr\u00edtica i la relaci\u00f3 jo\/nosaltres amb\/en el m\u00f3n<br \/>\n&#8211; Es fomenta la creaci\u00f3 art\u00edstica per explorar m\u00faltiples formes d\u2019expressi\u00f3 a trav\u00e9s de la paraula, el cos, la imatge i el so.<\/p>\n<p>Identit.art \u00e9s una proposta renovada de l\u2019antic projecte @Mac que s\u2019ha dut a terme des del curs 2007. Deu anys despr\u00e9s, al 2017, comencem a secund\u00e0ria. Treballem en grups petits de 3-5 alumnes i amb estudiants de la Universitat Aut\u00f2noma de Barcelona, fomentant l\u2019aprenentatge col\u00b7laboratiu. Els continguts es dissenyen conjuntament entre el professorat encarregat de cada grup-aula, el grup de recerca-acci\u00f3 Dehisi (UAB) i les estudiants universit\u00e0ries. Tamb\u00e9 comptem amb col\u00b7laboracions d\u2019artistes i talleristes locals de Barcelona, aix\u00ed com amb entitats del barri. El projecte \u00e9s cofinan\u00e7at per l\u2019Ajuntament de Barcelona, la Universitat Aut\u00f2noma de Barcelona (grup de recerca Dehisi) i la Universitat de Girona (grup de recerca Cultura i Educaci\u00f3).<\/p>\n<p>En aquest projecte hi participen els cursos de 6\u00e8 de Prim\u00e0ria, 1r cicle de Secund\u00e0ria i\u00a0 3r d&#8217;ESO.<\/p>\n<p><img loading=\"lazy\" decoding=\"async\" class=\"aligncenter  wp-image-2993\" src=\"https:\/\/agora.xtec.cat\/ietiler\/wp-content\/uploads\/usu403\/2022\/02\/Screenshot-2022-02-23-at-18.40.16-1024x364.png\" alt=\"\" width=\"458\" height=\"170\" \/><\/p>\n","protected":false},"excerpt":{"rendered":"<p>Identit.art \u00e9s un programa d\u2019orientaci\u00f3 educativa basada en la proposta de la Pedagogia Culturalment Sostenible (Alim &amp; Paris, 2017) la qual ens convida a repensar la pr\u00e0ctica escolar situant en el centre les viv\u00e8ncies, sabers i llenguatges de l\u2019alumnat per tal de superar les narratives&hellip;  <a href=\"https:\/\/agora.xtec.cat\/ietiler\/tallers\/identit-art\/\" title=\"Read Identit.art\">Llegeix m\u00e9s\u00bb<\/a><\/p>\n","protected":false},"author":1,"featured_media":0,"parent":1433,"menu_order":0,"comment_status":"closed","ping_status":"closed","template":"","meta":{"_bbp_topic_count":0,"_bbp_reply_count":0,"_bbp_total_topic_count":0,"_bbp_total_reply_count":0,"_bbp_voice_count":0,"_bbp_anonymous_reply_count":0,"_bbp_topic_count_hidden":0,"_bbp_reply_count_hidden":0,"_bbp_forum_subforum_count":0,"footnotes":""},"class_list":["post-2894","page","type-page","status-publish","hentry"],"post_mailing_queue_ids":[],"_links":{"self":[{"href":"https:\/\/agora.xtec.cat\/ietiler\/wp-json\/wp\/v2\/pages\/2894","targetHints":{"allow":["GET"]}}],"collection":[{"href":"https:\/\/agora.xtec.cat\/ietiler\/wp-json\/wp\/v2\/pages"}],"about":[{"href":"https:\/\/agora.xtec.cat\/ietiler\/wp-json\/wp\/v2\/types\/page"}],"author":[{"embeddable":true,"href":"https:\/\/agora.xtec.cat\/ietiler\/wp-json\/wp\/v2\/users\/1"}],"replies":[{"embeddable":true,"href":"https:\/\/agora.xtec.cat\/ietiler\/wp-json\/wp\/v2\/comments?post=2894"}],"version-history":[{"count":3,"href":"https:\/\/agora.xtec.cat\/ietiler\/wp-json\/wp\/v2\/pages\/2894\/revisions"}],"predecessor-version":[{"id":2994,"href":"https:\/\/agora.xtec.cat\/ietiler\/wp-json\/wp\/v2\/pages\/2894\/revisions\/2994"}],"up":[{"embeddable":true,"href":"https:\/\/agora.xtec.cat\/ietiler\/wp-json\/wp\/v2\/pages\/1433"}],"wp:attachment":[{"href":"https:\/\/agora.xtec.cat\/ietiler\/wp-json\/wp\/v2\/media?parent=2894"}],"curies":[{"name":"wp","href":"https:\/\/api.w.org\/{rel}","templated":true}]}}