{"id":2716,"date":"2021-01-25T20:05:47","date_gmt":"2021-01-25T19:05:47","guid":{"rendered":"http:\/\/agora.xtec.cat\/ietiler\/?page_id=2716"},"modified":"2022-03-13T22:33:12","modified_gmt":"2022-03-13T21:33:12","slug":"preinscripcions-i-portes-obertes","status":"publish","type":"page","link":"https:\/\/agora.xtec.cat\/ietiler\/administracio-i-families\/preinscripcions-i-portes-obertes\/","title":{"rendered":"Preinscripcions i portes obertes"},"content":{"rendered":"<p><span style=\"color: #99cc00;\"><strong>JORNADES DE PORTES OBERTES<\/strong><\/span><\/p>\n<p>Aquest curs, podreu con\u00e8ixer el nostre centre en format presencial i virtual tamb\u00e9, truqueu-nos per demanar informaci\u00f3.<img loading=\"lazy\" decoding=\"async\" class=\"aligncenter wp-image-2775 size-large\" src=\"https:\/\/agora.xtec.cat\/ietiler\/wp-content\/uploads\/usu403\/2021\/03\/cartell_obert-a-tothom-724x1024.jpg\" alt=\"\" width=\"724\" height=\"1024\" srcset=\"https:\/\/agora.xtec.cat\/ietiler\/wp-content\/uploads\/usu403\/2021\/03\/cartell_obert-a-tothom-724x1024.jpg 724w, https:\/\/agora.xtec.cat\/ietiler\/wp-content\/uploads\/usu403\/2021\/03\/cartell_obert-a-tothom-212x300.jpg 212w, https:\/\/agora.xtec.cat\/ietiler\/wp-content\/uploads\/usu403\/2021\/03\/cartell_obert-a-tothom-768x1086.jpg 768w, https:\/\/agora.xtec.cat\/ietiler\/wp-content\/uploads\/usu403\/2021\/03\/cartell_obert-a-tothom.jpg 1240w\" sizes=\"auto, (max-width: 724px) 100vw, 724px\" \/><\/p>\n<p>M\u00e9s informaci\u00f3 del Til\u00b7ler:<\/p>\n<ul>\n<li><a href=\"https:\/\/agora.xtec.cat\/ietiler\/wp-content\/uploads\/usu403\/2020\/05\/triptic-Til%C2%B7ler.pdf\">Benvinguts al Til\u00b7ler<\/a><\/li>\n<li><a href=\"https:\/\/agora.xtec.cat\/ietiler\/general\/que-fem-al-tiller\/\">Qu\u00e8 fem al Til\u00b7ler, v\u00eddeos<\/a><\/li>\n<\/ul>\n<p><iframe loading=\"lazy\" src=\"\/\/www.youtube.com\/embed\/lBR1-kjnKsI\" width=\"560\" height=\"315\" frameborder=\"0\"><\/iframe><\/p>\n<p>&nbsp;<\/p>\n<ul>\n<li><a href=\"https:\/\/www.edubcn.cat\/ca\/el_consorci\">Consorci d&#8217;Educaci\u00f3 de Barcelona<\/a><\/li>\n<li><a href=\"http:\/\/queestudiar.gencat.cat\/ca\/preinscripcio\/\">Estudiar a Catalunya, calendari<\/a><\/li>\n<\/ul>\n<p>Per qualsevol consulta us podeu dirigir al centre.<\/p>\n<p>&nbsp;<\/p>\n","protected":false},"excerpt":{"rendered":"<p>JORNADES DE PORTES OBERTES<br \/>\nAquest curs, podreu con\u00e8ixer el nostre centre en format presencial i virtual tamb\u00e9, truqueu-nos per demanar informaci\u00f3.<br \/>\nM\u00e9s informaci\u00f3 del Til\u00b7ler:<\/p>\n<ul>\n<li><a href=\"https:\/\/agora.xtec.cat\/ietiler\/wp-content\/uploads\/usu403\/2020\/05\/triptic-Til%C2%B7ler.pdf\">Benvinguts al Til\u00b7ler<\/a><\/li>\n<li><a href=\"https:\/\/agora.xtec.cat\/ietiler\/general\/que-fem-al-tiller\/\">Qu\u00e8 fem al Til\u00b7ler, v\u00eddeos<\/a><\/li>\n<\/ul>\n<p>&nbsp;<\/p>\n<ul>\n<li><a href=\"https:\/\/www.edubcn.cat\/ca\/el_consorci\">Consorci d&#8217;Educaci\u00f3 de Barcelona<\/a><\/li>\n<li><a href=\"http:\/\/queestudiar.gencat.cat\/ca\/preinscripcio\/\">Estudiar a Catalunya, calendari<\/a><\/li>\n<\/ul>\n<p>Per qualsevol consulta us podeu dirigir al&hellip;  <a href=\"https:\/\/agora.xtec.cat\/ietiler\/administracio-i-families\/preinscripcions-i-portes-obertes\/\" title=\"Read Preinscripcions i portes obertes\">Llegeix m\u00e9s\u00bb<\/a><\/p>\n","protected":false},"author":1,"featured_media":0,"parent":1389,"menu_order":0,"comment_status":"closed","ping_status":"closed","template":"","meta":{"_bbp_topic_count":0,"_bbp_reply_count":0,"_bbp_total_topic_count":0,"_bbp_total_reply_count":0,"_bbp_voice_count":0,"_bbp_anonymous_reply_count":0,"_bbp_topic_count_hidden":0,"_bbp_reply_count_hidden":0,"_bbp_forum_subforum_count":0,"footnotes":""},"class_list":["post-2716","page","type-page","status-publish","hentry"],"post_mailing_queue_ids":[],"_links":{"self":[{"href":"https:\/\/agora.xtec.cat\/ietiler\/wp-json\/wp\/v2\/pages\/2716","targetHints":{"allow":["GET"]}}],"collection":[{"href":"https:\/\/agora.xtec.cat\/ietiler\/wp-json\/wp\/v2\/pages"}],"about":[{"href":"https:\/\/agora.xtec.cat\/ietiler\/wp-json\/wp\/v2\/types\/page"}],"author":[{"embeddable":true,"href":"https:\/\/agora.xtec.cat\/ietiler\/wp-json\/wp\/v2\/users\/1"}],"replies":[{"embeddable":true,"href":"https:\/\/agora.xtec.cat\/ietiler\/wp-json\/wp\/v2\/comments?post=2716"}],"version-history":[{"count":3,"href":"https:\/\/agora.xtec.cat\/ietiler\/wp-json\/wp\/v2\/pages\/2716\/revisions"}],"predecessor-version":[{"id":2745,"href":"https:\/\/agora.xtec.cat\/ietiler\/wp-json\/wp\/v2\/pages\/2716\/revisions\/2745"}],"up":[{"embeddable":true,"href":"https:\/\/agora.xtec.cat\/ietiler\/wp-json\/wp\/v2\/pages\/1389"}],"wp:attachment":[{"href":"https:\/\/agora.xtec.cat\/ietiler\/wp-json\/wp\/v2\/media?parent=2716"}],"curies":[{"name":"wp","href":"https:\/\/api.w.org\/{rel}","templated":true}]}}