{"id":1429,"date":"2018-02-08T11:45:28","date_gmt":"2018-02-08T10:45:28","guid":{"rendered":"http:\/\/agora.xtec.cat\/ietiler\/?page_id=1429"},"modified":"2022-03-13T22:31:43","modified_gmt":"2022-03-13T21:31:43","slug":"ventijol","status":"publish","type":"page","link":"https:\/\/agora.xtec.cat\/ietiler\/ventijol\/","title":{"rendered":"VENTIJOL: Associaci\u00f3 per a la salut Familiar i comunit\u00e0ria"},"content":{"rendered":"<div class=\"sc_promo_block sc_align_left\">\n<div class=\"sc_promo_block_inner\">\n<blockquote>\n<div class=\"sc_promo_descr sc_item_descr\" style=\"text-align: justify;\">L\u2019Associaci\u00f3 per a la Salut Familiar i Comunit\u00e0ria Ventijol \u00e9s una entitat sense \u00e0nim de lucre, fundada el 1994.<br \/>\nLa nostra finalitat \u00e9s oferir serveis d\u2019intervenci\u00f3 psicoterap\u00e8utica i social a fam\u00edlies que es troben en situaci\u00f3 de crisi, especialment quan tenen al seu c\u00e0rrec infants menors d\u2019edat, mitjan\u00e7ant la utilitzaci\u00f3 de t\u00e8cniques de Ter\u00e0pia Familiar Sist\u00e8mica.<\/div>\n<div>Si voleu saber m\u00e9s del servei:<\/div>\n<div>https:\/\/ventijol.cat<\/div>\n<\/blockquote>\n<\/div>\n<\/div>\n","protected":false},"excerpt":{"rendered":"<p>L\u2019Associaci\u00f3 per a la Salut Familiar i Comunit\u00e0ria Ventijol \u00e9s una entitat sense \u00e0nim de lucre, fundada el 1994.<br \/>\nLa nostra finalitat \u00e9s oferir serveis d\u2019intervenci\u00f3 psicoterap\u00e8utica i social a fam\u00edlies que es troben en situaci\u00f3 de crisi, especialment quan tenen al seu c\u00e0rrec infants menors&hellip;  <a href=\"https:\/\/agora.xtec.cat\/ietiler\/ventijol\/\" title=\"Read VENTIJOL: Associaci\u00f3 per a la salut Familiar i comunit\u00e0ria\">Llegeix m\u00e9s\u00bb<\/a><\/p>\n","protected":false},"author":1,"featured_media":0,"parent":0,"menu_order":0,"comment_status":"closed","ping_status":"closed","template":"","meta":{"_bbp_topic_count":0,"_bbp_reply_count":0,"_bbp_total_topic_count":0,"_bbp_total_reply_count":0,"_bbp_voice_count":0,"_bbp_anonymous_reply_count":0,"_bbp_topic_count_hidden":0,"_bbp_reply_count_hidden":0,"_bbp_forum_subforum_count":0,"footnotes":""},"class_list":["post-1429","page","type-page","status-publish","hentry"],"post_mailing_queue_ids":[],"_links":{"self":[{"href":"https:\/\/agora.xtec.cat\/ietiler\/wp-json\/wp\/v2\/pages\/1429","targetHints":{"allow":["GET"]}}],"collection":[{"href":"https:\/\/agora.xtec.cat\/ietiler\/wp-json\/wp\/v2\/pages"}],"about":[{"href":"https:\/\/agora.xtec.cat\/ietiler\/wp-json\/wp\/v2\/types\/page"}],"author":[{"embeddable":true,"href":"https:\/\/agora.xtec.cat\/ietiler\/wp-json\/wp\/v2\/users\/1"}],"replies":[{"embeddable":true,"href":"https:\/\/agora.xtec.cat\/ietiler\/wp-json\/wp\/v2\/comments?post=1429"}],"version-history":[{"count":2,"href":"https:\/\/agora.xtec.cat\/ietiler\/wp-json\/wp\/v2\/pages\/1429\/revisions"}],"predecessor-version":[{"id":3010,"href":"https:\/\/agora.xtec.cat\/ietiler\/wp-json\/wp\/v2\/pages\/1429\/revisions\/3010"}],"wp:attachment":[{"href":"https:\/\/agora.xtec.cat\/ietiler\/wp-json\/wp\/v2\/media?parent=1429"}],"curies":[{"name":"wp","href":"https:\/\/api.w.org\/{rel}","templated":true}]}}