{"id":1398,"date":"2018-02-02T09:28:05","date_gmt":"2018-02-02T08:28:05","guid":{"rendered":"http:\/\/agora.xtec.cat\/ietiler\/?page_id=1398"},"modified":"2023-01-24T17:08:55","modified_gmt":"2023-01-24T16:08:55","slug":"emo","status":"publish","type":"page","link":"https:\/\/agora.xtec.cat\/ietiler\/emo\/","title":{"rendered":"EMO"},"content":{"rendered":"<p>La figura de l&#8217;educador emocional\u00a0es defineix, en termes generals,\u00a0 com la professional que vetlla per la cura i el suport emocional dels alumnes i del centre.<\/p>\n<p>Al Til\u00b7ler, el Mairi Garc\u00eda s&#8217;encarrega de portar a terme aquests objectius i treballar juntament amb els docents els cercles restauratius.<\/p>\n<p>Les seves funcions poden ser les de:<\/p>\n<ul>\n<li>Fomentar les compet\u00e8ncies emocionals de l\u2019alumnat.<\/li>\n<li>Millorar la capacitat de regulaci\u00f3 emocional i disminuir el malestar .<\/li>\n<li>Prevenir i millorar la gesti\u00f3 dels conflictes i conductes discordant a l\u2019aula.<\/li>\n<li>Dotar als docents d\u2019eines i coneixements referents a l\u2019educaci\u00f3 emocional per tal de poder incorporar aquests aspectes en la seva pr\u00e0ctica di\u00e0ria.<\/li>\n<\/ul>\n<p>Les activitats que porta a terme la persona EMO als centre, s\u00f3n:<\/p>\n<table style=\"width: 483px;\">\n<tbody>\n<tr>\n<td style=\"width: 142px;\"><strong>\u00c0mbit d\u2019intervenci\u00f3<\/strong><\/td>\n<td style=\"width: 332px;\"><strong>Activitat<\/strong><\/td>\n<\/tr>\n<tr>\n<td style=\"width: 142px;\"><strong>Aula<\/strong><\/td>\n<td style=\"width: 332px;\">&#8211; Atenci\u00f3 directa amb els alumnes dins o fora de l\u2019aula per fer un treball de prevenci\u00f3 i gesti\u00f3 de les seves emocions. I la millora de la seves relacions.<\/p>\n<p>&#8211; Portar a terme activitats encaminades a la cohesi\u00f3 de grup, el respecte, la conviv\u00e8ncia, l\u2019educaci\u00f3 emocional, i resoluci\u00f3 de conflictes.<\/td>\n<\/tr>\n<tr>\n<td style=\"width: 142px;\"><strong>Altres<\/strong><\/td>\n<td style=\"width: 332px;\">&nbsp;<\/p>\n<p>&#8211; Participaci\u00f3 de la persona EMO a les reunions amb altres professionals incloent docents, educadors socials, treballadors d\u2019inserci\u00f3 social, promotors, etc. La seva finalitat \u00e9s fer un treball conjunt per la millora del desenvolupament integral de l\u2019alumnat aix\u00ed com del clima del centre educatiu.<\/td>\n<\/tr>\n<\/tbody>\n<\/table>\n<p>&nbsp;<\/p>\n","protected":false},"excerpt":{"rendered":"<p>La figura de l&#8217;educador emocional\u00a0es defineix, en termes generals,\u00a0 com la professional que vetlla per la cura i el suport emocional dels alumnes i del centre.<br \/>\nAl Til\u00b7ler, el Mairi Garc\u00eda s&#8217;encarrega de portar a terme aquests objectius i treballar juntament amb els docents els cercles&hellip;  <a href=\"https:\/\/agora.xtec.cat\/ietiler\/emo\/\" title=\"Read EMO\">Llegeix m\u00e9s\u00bb<\/a><\/p>\n","protected":false},"author":1,"featured_media":0,"parent":0,"menu_order":0,"comment_status":"closed","ping_status":"closed","template":"","meta":{"_bbp_topic_count":0,"_bbp_reply_count":0,"_bbp_total_topic_count":0,"_bbp_total_reply_count":0,"_bbp_voice_count":0,"_bbp_anonymous_reply_count":0,"_bbp_topic_count_hidden":0,"_bbp_reply_count_hidden":0,"_bbp_forum_subforum_count":0,"footnotes":""},"class_list":["post-1398","page","type-page","status-publish","hentry"],"post_mailing_queue_ids":[],"_links":{"self":[{"href":"https:\/\/agora.xtec.cat\/ietiler\/wp-json\/wp\/v2\/pages\/1398","targetHints":{"allow":["GET"]}}],"collection":[{"href":"https:\/\/agora.xtec.cat\/ietiler\/wp-json\/wp\/v2\/pages"}],"about":[{"href":"https:\/\/agora.xtec.cat\/ietiler\/wp-json\/wp\/v2\/types\/page"}],"author":[{"embeddable":true,"href":"https:\/\/agora.xtec.cat\/ietiler\/wp-json\/wp\/v2\/users\/1"}],"replies":[{"embeddable":true,"href":"https:\/\/agora.xtec.cat\/ietiler\/wp-json\/wp\/v2\/comments?post=1398"}],"version-history":[{"count":4,"href":"https:\/\/agora.xtec.cat\/ietiler\/wp-json\/wp\/v2\/pages\/1398\/revisions"}],"predecessor-version":[{"id":3136,"href":"https:\/\/agora.xtec.cat\/ietiler\/wp-json\/wp\/v2\/pages\/1398\/revisions\/3136"}],"wp:attachment":[{"href":"https:\/\/agora.xtec.cat\/ietiler\/wp-json\/wp\/v2\/media?parent=1398"}],"curies":[{"name":"wp","href":"https:\/\/api.w.org\/{rel}","templated":true}]}}