{"id":22595,"date":"2023-06-17T13:08:51","date_gmt":"2023-06-17T11:08:51","guid":{"rendered":"https:\/\/agora.xtec.cat\/ietfc\/?page_id=22595"},"modified":"2025-07-21T07:43:44","modified_gmt":"2025-07-21T05:43:44","slug":"matricula","status":"publish","type":"page","link":"https:\/\/agora.xtec.cat\/ietfc\/secretaria\/matricula\/","title":{"rendered":"Instruccions de matriculaci\u00f3 pel curs 2025-2026"},"content":{"rendered":"\n<div class=\"barra_titol\">MATR\u00cdCULA 2025-2026<\/div>\n\n\n\n<div class=\"box\"><div style=\"font-size:1.5em;text-align:center;\"><b>Per\u00edode de matriculaci\u00f3:<\/b><\/br><\/br><span style=\"color: red;\">del 25 de juny al 3 de juliol de 2025<\/span><\/div><\/br>\n<div class=\"box_2\"><div align=\"center\"><b>Matriculaci\u00f3 per Infantil i Prim\u00e0ria<\/b><\/br> <a href=\"https:\/\/goo.gl\/maps\/76iD9ua3a8HuuTXL7\" target=\"_blank\" rel=\"noopener\">Carrer Eugeni D\u2019Ors, 2 <\/a><\/div>\n<div align=\"center\"><b>Matriculaci\u00f3 a ESO<\/b><\/br><a href=\"https:\/\/g.co\/kgs\/764Tr2y\" target=\"_blank\" rel=\"noopener\">Pla\u00e7a Comas 9-10<\/a><\/div><\/div><\/div>\n\n\n\n<div style=\"width:80%;\">Per formalitzar la matriculaci\u00f3 del vostre fill\/a heu d\u2019emplenar la documentaci\u00f3 indicada i <b>entregar-la presencialment, demanant cita pr\u00e8via<\/b>.<\/div>\n\n\n\n<div style=\"height:35px\" aria-hidden=\"true\" class=\"wp-block-spacer\"><\/div>\n\n\n\n<div class=\"botn\" style=\"width:85%;\"><a style=\"text-decoration:none;\" href=\"https:\/\/aplicacions.gestioeducativa.gencat.cat\/ords\/pls\/apex\/f?p=CITA_PREVIA:4::::4:P4_TIPUS_CALENDARI,P4_DOMINI:03_Oblig,08077101\" target=\"_blank\" rel=\"noopener\"><span>DEMANAR CITA PR\u00c8VIA<\/span><\/a><\/div>\n\n\n\n<details open style=\"width:85%;\">\n<summary class=\"botn\"><span>DOCUMENTACI\u00d3 NECESS\u00c0RIA<\/span><\/summary>\n<div style=\"text-align:justify;width:80%;margin:auto;\" ><b>Cal portar original i fotoc\u00f2pia de la documentaci\u00f3 seg\u00fcent<\/b>:\n<ul>\n<li>Llibre de fam\u00edlia o altres documents relatius a la filiaci\u00f3.<br \/><i>Quan l&#8217;alumne estigui en situaci\u00f3 d&#8217;acolliment, el document que cal aportar \u00e9s la resoluci\u00f3 d&#8217;acolliment del Departament de Treball, Afers Socials i Fam\u00edlies.<\/i><\/li><\/br>\n<li>El DNI o NIE del pare, la mare o el tutor o la tutora de l&#8217;alumne\/a.<\/li><\/br>\n<li>Carnet de vacunacions de l&#8217;alumne o l&#8217;alumna. Si no teniu el carnet de vacunacions, s&#8217;ha d&#8217;aportar un certificat m\u00e8dic oficial o el carnet de salut de l&#8217;infant en el qual figurin les dosis de les vacunes rebudes amb les dates corresponents. Si el vostre fill o filla no ha estat vacunat per indicaci\u00f3 m\u00e8dica o per altres circumst\u00e0ncies, cal aportar un certificat m\u00e8dic oficial justificatiu.<\/li><\/br>\n<li>Targeta Sanit\u00e0ria.<\/li><\/br>\n<li>Per Educaci\u00f3 Infantil: Foto mida cartera i 2 fotos mida DNI, <b>amb el nom posat a darrere.<\/b><\/li><\/br>\n<li>Per Prim\u00e0ria i ESO:\u00a0 2 fotos mida DNI, <b>amb el nom posat a darrere.<\/b><\/li><\/br>\n<li>Resguard del pagament corresponent de quota \u00fanica per curs de material escolar:<\/br><\/br>\n<ul>\n<li>Infantil: <b>125\u20ac<\/b><\/li>\n<li>Prim\u00e0ria: <b>110\u20ac<\/b><\/li>\n<li>1r i 2n d&#8217;ESO: <b>110\u20ac<\/b><\/li>\n<li>3r i 4t d\u2019ESO: <b>111,12\u20ac<\/b> (inclou l\u2019asseguran\u00e7a escolar obligat\u00f2ria)<\/li>\n<\/ul><\/br>\n<p>L\u2019ingr\u00e9s s\u2019ha de fer al n\u00famero de compte seg\u00fcent:<\/p>\n<p style=\"text-align: center;\"><b>ES82 2100 0875 9102 0046 5897\u00a0<\/b><\/p>\n<p>Al concepte de l&#8217;ingr\u00e9s s\u2019ha de fer constar <b>el nom, cognoms de l\u2019alumne\/a i el curs al qual es matricula<\/b>.<\/p>\n<\/li><\/br>\n<li>Cal que porteu omplerts tots els documents que trobareu a l\u2019enlla\u00e7 corresponent:\n<div class=\"box_2\">\n<div class=\"botn\" style=\"border-radius:0.2em;min-width:5em;\"><a style=\"text-decoration:none;\" href=\"https:\/\/drive.google.com\/drive\/folders\/1cJ4u5EBqaQAQmzkuOhz_v_j8LfKRrztn?usp=sharing\" target=\"_blank\" rel=\"noopener\"><span>Infantil<\/span><\/a><\/div>\n<div class=\"botn\" style=\"border-radius:0.2em;min-width:5em;\"><a style=\"text-decoration:none;\" href=\"https:\/\/drive.google.com\/drive\/folders\/1c8Md9Qcozo2lMSz2JIXLW8Nh6ZTWA4Vv?usp=drive_link\" target=\"_blank\" rel=\"noopener\"><span>Prim\u00e0ria<\/span><\/a><\/div>\n<div class=\"botn\" style=\"border-radius:0.2em;min-width:5em;\"><a style=\"text-decoration:none;\" href=\"https:\/\/drive.google.com\/drive\/folders\/1JMrPdofhDSQUN8q4HbneZi4GA-346XMX?usp=sharing\" target=\"_blank\" rel=\"noopener\"><span>ESO<\/span><\/a><\/div>\n<\/li>\n<\/ul>\n<\/div>\n<\/details>\n\n\n\n<div style=\"height:35px\" aria-hidden=\"true\" class=\"wp-block-spacer\"><\/div>\n\n\n\n<div style=\"text-align:center;\">Gr\u00e0cies per la vostra col\u00b7laboraci\u00f3 i la confian\u00e7a dipositada en el nostre centre.<\/div><\/br>\n\n\n\n<div><div style=\"width:20%;margin:auto;text-align:center;\"><img decoding=\"async\" alt=\"\" src=\"https:\/\/agora.xtec.cat\/ietfc\/wp-content\/uploads\/usu290\/2025\/02\/logonavegadorsensefons.png\"\/><\/div><\/div>\n","protected":false},"excerpt":{"rendered":"<p>MATR\u00cdCULA 2025-2026 Per\u00edode de matriculaci\u00f3:del 25 de juny al 3 de juliol de 2025 Matriculaci\u00f3 per Infantil i Prim\u00e0ria Carrer [&hellip;]<\/p>\n","protected":false},"author":115,"featured_media":0,"parent":24271,"menu_order":0,"comment_status":"closed","ping_status":"closed","template":"","meta":{"_bbp_topic_count":0,"_bbp_reply_count":0,"_bbp_total_topic_count":0,"_bbp_total_reply_count":0,"_bbp_voice_count":0,"_bbp_anonymous_reply_count":0,"_bbp_topic_count_hidden":0,"_bbp_reply_count_hidden":0,"_bbp_forum_subforum_count":0,"site-sidebar-layout":"default","site-content-layout":"","ast-site-content-layout":"default","site-content-style":"default","site-sidebar-style":"default","ast-global-header-display":"","ast-banner-title-visibility":"","ast-main-header-display":"","ast-hfb-above-header-display":"","ast-hfb-below-header-display":"","ast-hfb-mobile-header-display":"","site-post-title":"disabled","ast-breadcrumbs-content":"","ast-featured-img":"","footer-sml-layout":"","theme-transparent-header-meta":"","adv-header-id-meta":"","stick-header-meta":"","header-above-stick-meta":"","header-main-stick-meta":"","header-below-stick-meta":"","astra-migrate-meta-layouts":"set","ast-page-background-enabled":"default","ast-page-background-meta":{"desktop":{"background-color":"var(--ast-global-color-4)","background-image":"","background-repeat":"repeat","background-position":"center center","background-size":"auto","background-attachment":"scroll","background-type":"","background-media":"","overlay-type":"","overlay-color":"","overlay-opacity":"","overlay-gradient":""},"tablet":{"background-color":"","background-image":"","background-repeat":"repeat","background-position":"center center","background-size":"auto","background-attachment":"scroll","background-type":"","background-media":"","overlay-type":"","overlay-color":"","overlay-opacity":"","overlay-gradient":""},"mobile":{"background-color":"","background-image":"","background-repeat":"repeat","background-position":"center center","background-size":"auto","background-attachment":"scroll","background-type":"","background-media":"","overlay-type":"","overlay-color":"","overlay-opacity":"","overlay-gradient":""}},"ast-content-background-meta":{"desktop":{"background-color":"var(--ast-global-color-5)","background-image":"","background-repeat":"repeat","background-position":"center center","background-size":"auto","background-attachment":"scroll","background-type":"","background-media":"","overlay-type":"","overlay-color":"","overlay-opacity":"","overlay-gradient":""},"tablet":{"background-color":"var(--ast-global-color-5)","background-image":"","background-repeat":"repeat","background-position":"center center","background-size":"auto","background-attachment":"scroll","background-type":"","background-media":"","overlay-type":"","overlay-color":"","overlay-opacity":"","overlay-gradient":""},"mobile":{"background-color":"var(--ast-global-color-5)","background-image":"","background-repeat":"repeat","background-position":"center center","background-size":"auto","background-attachment":"scroll","background-type":"","background-media":"","overlay-type":"","overlay-color":"","overlay-opacity":"","overlay-gradient":""}},"footnotes":""},"class_list":["post-22595","page","type-page","status-publish","hentry"],"post_mailing_queue_ids":[],"_links":{"self":[{"href":"https:\/\/agora.xtec.cat\/ietfc\/wp-json\/wp\/v2\/pages\/22595","targetHints":{"allow":["GET"]}}],"collection":[{"href":"https:\/\/agora.xtec.cat\/ietfc\/wp-json\/wp\/v2\/pages"}],"about":[{"href":"https:\/\/agora.xtec.cat\/ietfc\/wp-json\/wp\/v2\/types\/page"}],"author":[{"embeddable":true,"href":"https:\/\/agora.xtec.cat\/ietfc\/wp-json\/wp\/v2\/users\/115"}],"replies":[{"embeddable":true,"href":"https:\/\/agora.xtec.cat\/ietfc\/wp-json\/wp\/v2\/comments?post=22595"}],"version-history":[{"count":5,"href":"https:\/\/agora.xtec.cat\/ietfc\/wp-json\/wp\/v2\/pages\/22595\/revisions"}],"predecessor-version":[{"id":25191,"href":"https:\/\/agora.xtec.cat\/ietfc\/wp-json\/wp\/v2\/pages\/22595\/revisions\/25191"}],"up":[{"embeddable":true,"href":"https:\/\/agora.xtec.cat\/ietfc\/wp-json\/wp\/v2\/pages\/24271"}],"wp:attachment":[{"href":"https:\/\/agora.xtec.cat\/ietfc\/wp-json\/wp\/v2\/media?parent=22595"}],"curies":[{"name":"wp","href":"https:\/\/api.w.org\/{rel}","templated":true}]}}