{"id":71,"date":"2014-09-18T12:44:56","date_gmt":"2014-09-18T11:44:56","guid":{"rendered":"http:\/\/agora.xtec.cat\/ieteresaaltet-rubi\/?page_id=71"},"modified":"2020-02-20T12:04:49","modified_gmt":"2020-02-20T11:04:49","slug":"entorn-digital","status":"publish","type":"page","link":"https:\/\/agora.xtec.cat\/ieteresaaltet-rubi\/serveis\/entorn-digital\/","title":{"rendered":"Entorn Digital"},"content":{"rendered":"<p>L&#8217;\u00fas de les <strong>eines digitals,<\/strong> tant per part de l&#8217;alumnat com del professorat, \u00e9s un element important a l&#8217;Institut-Escola. Per un banda, aprendre a utilitzar un <strong>entorn digital<\/strong> per a una diversitat de tasques com ara la cerca d&#8217;informaci\u00f3, la cooperaci\u00f3, l&#8217;organitzaci\u00f3 o la creaci\u00f3 digital, forma part del <strong>curr\u00edculum<\/strong> tant de prim\u00e0ria com de secund\u00e0ria. Per l&#8217;altra, les eines inform\u00e0tiques faciliten l&#8217;<strong>aprenentatge<\/strong> en altres \u00e0mbits del coneixement i tamb\u00e9 la <strong>gesti\u00f3<\/strong> del dia a dia a l&#8217;aula.<\/p>\n<p>Per aquest motiu, el centre compta amb una diversitat de dispositius i sistemes digitals per a \u00fas de l&#8217;alumnat i del professorat.<\/p>\n<p>Per a la <strong>gesti\u00f3<\/strong> de les comunicacions del centre, s&#8217;utilitza l&#8217;aplicaci\u00f3 Din\u00e0ntia, que permet una comunicaci\u00f3 flu\u00efda entre el professorat, els tutors, i les fam\u00edlies. Permet avisar d&#8217;abs\u00e8ncies, retards o incid\u00e8ncies al moment, i posa a l&#8217;abast de les fam\u00edlies tota la informaci\u00f3 rellevant del centre.<\/p>\n<p>Per a <strong>usos educatius<\/strong>, actualment ens organitzem de la seg\u00fcent manera:<\/p>\n<p>A l&#8217;<strong>educaci\u00f3 prim\u00e0ria<\/strong>, s&#8217;introdueix l&#8217;\u00fas d&#8217;ordinadors port\u00e0tils i les tauletes digitals de manera gradual, a mesura que avancen les etapes. Cada aula compta amb una pissarra digital i amb uns quants ordinadors port\u00e0tils, que es complementen amb un carro d&#8217;ordinadors port\u00e0tils i dos carros de tauletes d&#8217;\u00fas compartit.<\/p>\n<p>Els ordinadors i tauletes s&#8217;utilitzen per a aplicacions d&#8217;aprenentatge digitals, creaci\u00f3 de blogs de les classes, cerca d&#8217;informaci\u00f3 i edici\u00f3 d&#8217;imatges i v\u00eddeos, entre d&#8217;altres.<\/p>\n<p>A l&#8217;<strong>educaci\u00f3 secund\u00e0ria<\/strong>, els alumnes treballen cadasc\u00fa amb un <strong>Chromebook<\/strong>, i se&#8217;ls facilita un compte de correu electr\u00f2nic gestionat dins l&#8217;entorn G Suite for Education del centre.<\/p>\n<p>Aquest Chromebook ser\u00e0 personal de cada alumne, i cal adquirir-lo a trav\u00e9s del centre educatiu. Per tal de facilitar aquesta despesa a les fam\u00edlies, l&#8217;escola t\u00e9 un pla de pagament en 3 anys (uns 100\u20ac per any), pel qual els ordinadors s\u00f3n custodiats pel centre a 1r d&#8217;ESO, i a partir del 2n any, els alumnes ja es poden endur l&#8217;ordinador a casa per treballar. Cal recordar que el centre no utilitza llibres de text i per tant la despesa en material \u00e9s menor que en altres centres similars.<\/p>\n<p>L&#8217;entorn G Suite for Education \u00e9s un entorn digital pensat especialment per a entorns educatius, gestionat pel centre, que pot decidir a quins continguts i aplicacions tenen acc\u00e9s els alumnes, i que compta amb totes les mesures de protecci\u00f3 de les dades i la privacitat dels usuaris, aprovat per la regulaci\u00f3 europea.<\/p>\n<p>Els alumnes utilitzen els Chromebooks di\u00e0riament sempre que ho necessiten en els diferents projectes i mat\u00e8ries. L&#8217;entorn de google els proporciona emmagatzematge per als documents digitals, un entorn d&#8217;aprenentatge cooperatiu (Google Classroom), un paquet ofim\u00e0tic online i moltes altres aplicacions. Els alumnes aprenen a crear i editar imatges, v\u00eddeos i p\u00e0gines web, programaci\u00f3, \u00fas d&#8217;eines digital de correcci\u00f3, traducci\u00f3 i edici\u00f3 de textos, presentacions, aplicacions educatives, etc.<\/p>\n<p>El centre tamb\u00e9 disposa de c\u00e0mera de v\u00eddeo per realitzar v\u00eddeos m\u00e9s professionals, aix\u00ed com un espai amb croma, il\u00b7luminaci\u00f3 i altres eines de creaci\u00f3 art\u00edstica.<\/p>\n","protected":false},"excerpt":{"rendered":"<p>L&#8217;\u00fas de les eines digitals, tant per part de l&#8217;alumnat com del professorat, \u00e9s un element important a l&#8217;Institut-Escola. Per un banda, aprendre a utilitzar un entorn digital per a una diversitat de tasques com ara la cerca d&#8217;informaci\u00f3, la cooperaci\u00f3, l&#8217;organitzaci\u00f3 o la creaci\u00f3 digital, forma part del curr\u00edculum tant de prim\u00e0ria com de [&hellip;]<\/p>\n","protected":false},"author":1,"featured_media":0,"parent":66,"menu_order":10,"comment_status":"closed","ping_status":"closed","template":"page-templates\/side-menu.php","meta":{"_bbp_topic_count":0,"_bbp_reply_count":0,"_bbp_total_topic_count":0,"_bbp_total_reply_count":0,"_bbp_voice_count":0,"_bbp_anonymous_reply_count":0,"_bbp_topic_count_hidden":0,"_bbp_reply_count_hidden":0,"_bbp_forum_subforum_count":0,"site-sidebar-layout":"default","site-content-layout":"","ast-site-content-layout":"","site-content-style":"default","site-sidebar-style":"default","ast-global-header-display":"","ast-banner-title-visibility":"","ast-main-header-display":"","ast-hfb-above-header-display":"","ast-hfb-below-header-display":"","ast-hfb-mobile-header-display":"","site-post-title":"","ast-breadcrumbs-content":"","ast-featured-img":"","footer-sml-layout":"","theme-transparent-header-meta":"","adv-header-id-meta":"","stick-header-meta":"","header-above-stick-meta":"","header-main-stick-meta":"","header-below-stick-meta":"","astra-migrate-meta-layouts":"default","ast-page-background-enabled":"default","ast-page-background-meta":{"desktop":{"background-color":"var(--ast-global-color-4)","background-image":"","background-repeat":"repeat","background-position":"center center","background-size":"auto","background-attachment":"scroll","background-type":"","background-media":"","overlay-type":"","overlay-color":"","overlay-opacity":"","overlay-gradient":""},"tablet":{"background-color":"","background-image":"","background-repeat":"repeat","background-position":"center center","background-size":"auto","background-attachment":"scroll","background-type":"","background-media":"","overlay-type":"","overlay-color":"","overlay-opacity":"","overlay-gradient":""},"mobile":{"background-color":"","background-image":"","background-repeat":"repeat","background-position":"center center","background-size":"auto","background-attachment":"scroll","background-type":"","background-media":"","overlay-type":"","overlay-color":"","overlay-opacity":"","overlay-gradient":""}},"ast-content-background-meta":{"desktop":{"background-color":"var(--ast-global-color-5)","background-image":"","background-repeat":"repeat","background-position":"center center","background-size":"auto","background-attachment":"scroll","background-type":"","background-media":"","overlay-type":"","overlay-color":"","overlay-opacity":"","overlay-gradient":""},"tablet":{"background-color":"var(--ast-global-color-5)","background-image":"","background-repeat":"repeat","background-position":"center center","background-size":"auto","background-attachment":"scroll","background-type":"","background-media":"","overlay-type":"","overlay-color":"","overlay-opacity":"","overlay-gradient":""},"mobile":{"background-color":"var(--ast-global-color-5)","background-image":"","background-repeat":"repeat","background-position":"center center","background-size":"auto","background-attachment":"scroll","background-type":"","background-media":"","overlay-type":"","overlay-color":"","overlay-opacity":"","overlay-gradient":""}},"footnotes":""},"class_list":["post-71","page","type-page","status-publish","hentry"],"post_mailing_queue_ids":[],"_links":{"self":[{"href":"https:\/\/agora.xtec.cat\/ieteresaaltet-rubi\/wp-json\/wp\/v2\/pages\/71","targetHints":{"allow":["GET"]}}],"collection":[{"href":"https:\/\/agora.xtec.cat\/ieteresaaltet-rubi\/wp-json\/wp\/v2\/pages"}],"about":[{"href":"https:\/\/agora.xtec.cat\/ieteresaaltet-rubi\/wp-json\/wp\/v2\/types\/page"}],"author":[{"embeddable":true,"href":"https:\/\/agora.xtec.cat\/ieteresaaltet-rubi\/wp-json\/wp\/v2\/users\/1"}],"replies":[{"embeddable":true,"href":"https:\/\/agora.xtec.cat\/ieteresaaltet-rubi\/wp-json\/wp\/v2\/comments?post=71"}],"version-history":[{"count":3,"href":"https:\/\/agora.xtec.cat\/ieteresaaltet-rubi\/wp-json\/wp\/v2\/pages\/71\/revisions"}],"predecessor-version":[{"id":770,"href":"https:\/\/agora.xtec.cat\/ieteresaaltet-rubi\/wp-json\/wp\/v2\/pages\/71\/revisions\/770"}],"up":[{"embeddable":true,"href":"https:\/\/agora.xtec.cat\/ieteresaaltet-rubi\/wp-json\/wp\/v2\/pages\/66"}],"wp:attachment":[{"href":"https:\/\/agora.xtec.cat\/ieteresaaltet-rubi\/wp-json\/wp\/v2\/media?parent=71"}],"curies":[{"name":"wp","href":"https:\/\/api.w.org\/{rel}","templated":true}]}}

<p>L&#8217;ús de les <strong>eines digitals,</strong> tant per part de l&#8217;alumnat com del professorat, és un element important a l&#8217;Institut-Escola. Per un banda, aprendre a utilitzar un <strong>entorn digital</strong> per a una diversitat de tasques com ara la cerca d&#8217;informació, la cooperació, l&#8217;organització o la creació digital, forma part del <strong>currículum</strong> tant de primària com de secundària. Per l&#8217;altra, les eines informàtiques faciliten l&#8217;<strong>aprenentatge</strong> en altres àmbits del coneixement i també la <strong>gestió</strong> del dia a dia a l&#8217;aula.</p>
<p>Per aquest motiu, el centre compta amb una diversitat de dispositius i sistemes digitals per a ús de l&#8217;alumnat i del professorat.</p>
<p>Per a la <strong>gestió</strong> de les comunicacions del centre, s&#8217;utilitza l&#8217;aplicació Dinàntia, que permet una comunicació fluïda entre el professorat, els tutors, i les famílies. Permet avisar d&#8217;absències, retards o incidències al moment, i posa a l&#8217;abast de les famílies tota la informació rellevant del centre.</p>
<p>Per a <strong>usos educatius</strong>, actualment ens organitzem de la següent manera:</p>
<p>A l&#8217;<strong>educació primària</strong>, s&#8217;introdueix l&#8217;ús d&#8217;ordinadors portàtils i les tauletes digitals de manera gradual, a mesura que avancen les etapes. Cada aula compta amb una pissarra digital i amb uns quants ordinadors portàtils, que es complementen amb un carro d&#8217;ordinadors portàtils i dos carros de tauletes d&#8217;ús compartit.</p>
<p>Els ordinadors i tauletes s&#8217;utilitzen per a aplicacions d&#8217;aprenentatge digitals, creació de blogs de les classes, cerca d&#8217;informació i edició d&#8217;imatges i vídeos, entre d&#8217;altres.</p>
<p>A l&#8217;<strong>educació secundària</strong>, els alumnes treballen cadascú amb un <strong>Chromebook</strong>, i se&#8217;ls facilita un compte de correu electrònic gestionat dins l&#8217;entorn G Suite for Education del centre.</p>
<p>Aquest Chromebook serà personal de cada alumne, i cal adquirir-lo a través del centre educatiu. Per tal de facilitar aquesta despesa a les famílies, l&#8217;escola té un pla de pagament en 3 anys (uns 100€ per any), pel qual els ordinadors són custodiats pel centre a 1r d&#8217;ESO, i a partir del 2n any, els alumnes ja es poden endur l&#8217;ordinador a casa per treballar. Cal recordar que el centre no utilitza llibres de text i per tant la despesa en material és menor que en altres centres similars.</p>
<p>L&#8217;entorn G Suite for Education és un entorn digital pensat especialment per a entorns educatius, gestionat pel centre, que pot decidir a quins continguts i aplicacions tenen accés els alumnes, i que compta amb totes les mesures de protecció de les dades i la privacitat dels usuaris, aprovat per la regulació europea.</p>
<p>Els alumnes utilitzen els Chromebooks diàriament sempre que ho necessiten en els diferents projectes i matèries. L&#8217;entorn de google els proporciona emmagatzematge per als documents digitals, un entorn d&#8217;aprenentatge cooperatiu (Google Classroom), un paquet ofimàtic online i moltes altres aplicacions. Els alumnes aprenen a crear i editar imatges, vídeos i pàgines web, programació, ús d&#8217;eines digital de correcció, traducció i edició de textos, presentacions, aplicacions educatives, etc.</p>
<p>El centre també disposa de càmera de vídeo per realitzar vídeos més professionals, així com un espai amb croma, il·luminació i altres eines de creació artística.</p>

<p>L&#8217;ús de les eines digitals, tant per part de l&#8217;alumnat com del professorat, és un element important a l&#8217;Institut-Escola. Per un banda, aprendre a utilitzar un entorn digital per a una diversitat de tasques com ara la cerca d&#8217;informació, la cooperació, l&#8217;organització o la creació digital, forma part del currículum tant de primària com de [&hellip;]</p>
